-- Table structure for table `elysium_attorney_billing`
--

CREATE TABLE `elysium_attorney_billing` (
  `id` varchar(36) NOT NULL DEFAULT '',
  `user_id` varchar(36) DEFAULT NULL,
  `year` varchar(4) DEFAULT NULL,
  `month` varchar(2) DEFAULT NULL,
  `hours` decimal(10,2) DEFAULT '0.00',
  `created_at` timestamp NULL DEFAULT NULL,
  `updated_at` timestamp NULL DEFAULT NULL
) ENGINE=InnoDB DEFAULT CHARSET=utf8;

-- --------------------------------------------------------

--
-- Table structure for table `elysium_clients`
--

CREATE TABLE `elysium_clients` (
  `id` varchar(36) COLLATE utf8mb4_unicode_ci NOT NULL,
  `team_id` varchar(36) COLLATE utf8mb4_unicode_ci NOT NULL DEFAULT '',
  `intake_attorney_id` varchar(36) COLLATE utf8mb4_unicode_ci DEFAULT NULL,
  `lead_attorney_id` varchar(36) COLLATE utf8mb4_unicode_ci DEFAULT NULL,
  `support_attorney_id` varchar(36) COLLATE utf8mb4_unicode_ci DEFAULT NULL,
  `converted_status` varchar(191) COLLATE utf8mb4_unicode_ci DEFAULT NULL,
  `case_type` enum('Pre-Lit','Lit','Potential','Transactional') COLLATE utf8mb4_unicode_ci DEFAULT NULL,
  `client_temperament` enum('1','2','3','4','5','') COLLATE utf8mb4_unicode_ci DEFAULT '',
  `client_temperament_date` timestamp NULL DEFAULT NULL,
  `marketing_information` varchar(255) COLLATE utf8mb4_unicode_ci DEFAULT NULL,
  `other_lead_source_details` varchar(255) COLLATE utf8mb4_unicode_ci DEFAULT NULL,
  `first_name` varchar(255) COLLATE utf8mb4_unicode_ci DEFAULT NULL,
  `last_name` varchar(255) COLLATE utf8mb4_unicode_ci DEFAULT NULL,
  `email` varchar(255) COLLATE utf8mb4_unicode_ci DEFAULT NULL,
  `company` varchar(255) COLLATE utf8mb4_unicode_ci DEFAULT NULL,
  `phone` varchar(255) COLLATE utf8mb4_unicode_ci DEFAULT NULL,
  `facts` text COLLATE utf8mb4_unicode_ci,
  `conflict_check` tinyint(4) DEFAULT NULL,
  `call_notes` text COLLATE utf8mb4_unicode_ci,
  `call_one_hour_result` varchar(255) COLLATE utf8mb4_unicode_ci DEFAULT NULL,
  `call_one_hour_result_date` timestamp NULL DEFAULT NULL,
  `consultation_completed` varchar(191) COLLATE utf8mb4_unicode_ci DEFAULT NULL,
  `consultation_conf_phone` varchar(14) COLLATE utf8mb4_unicode_ci DEFAULT NULL,
  `consultation_conf_date` date DEFAULT NULL,
  `consultation_conf_time` varchar(255) COLLATE utf8mb4_unicode_ci DEFAULT NULL,
  `consultation_fees` varchar(255) COLLATE utf8mb4_unicode_ci DEFAULT NULL,
  `consultation_payment_information_received` varchar(3) COLLATE utf8mb4_unicode_ci DEFAULT NULL,
  `consultation_payment_processed` varchar(3) COLLATE utf8mb4_unicode_ci DEFAULT NULL,
  `consultation_docs_received_pre_consult` varchar(3) COLLATE utf8mb4_unicode_ci DEFAULT NULL,
  `intake_who_are_we_representing` text COLLATE utf8mb4_unicode_ci,
  `intake_primary_address` text COLLATE utf8mb4_unicode_ci,
  `intake_primary_phone_numbers` text COLLATE utf8mb4_unicode_ci,
  `intake_primary_emails` text COLLATE utf8mb4_unicode_ci,
  `intake_retainer_box` varchar(255) COLLATE utf8mb4_unicode_ci DEFAULT NULL,
  `intake_estimate` varchar(255) COLLATE utf8mb4_unicode_ci DEFAULT NULL,
  `intake_estimate_other` varchar(255) COLLATE utf8mb4_unicode_ci DEFAULT NULL,
  `intake_fee_agreement_transmittal` varchar(255) COLLATE utf8mb4_unicode_ci DEFAULT NULL,
  `intake_fee_agreement_transmittal_other` varchar(255) COLLATE utf8mb4_unicode_ci DEFAULT NULL,
  `caseinfo_pending_deadlines` text COLLATE utf8mb4_unicode_ci,
  `caseinfo_opposing_side` text COLLATE utf8mb4_unicode_ci,
  `caseinfo_provided_facts` text COLLATE utf8mb4_unicode_ci,
  `caseinfo_intake_atty_notes` text COLLATE utf8mb4_unicode_ci,
  `scope_due_diligence` tinyint(4) DEFAULT NULL,
  `scope_adr_demand_letters` tinyint(4) DEFAULT NULL,
  `scope_idr_demand_letters` tinyint(4) DEFAULT NULL,
  `scope_prepare_opinion_letter` tinyint(4) DEFAULT NULL,
  `scope_bpp_gen_corp` tinyint(4) DEFAULT NULL,
  `scope_prosecute_new_lawsuit` tinyint(4) DEFAULT NULL,
  `scope_prosecute_active_lawsuit` tinyint(4) DEFAULT NULL,
  `scope_prosecute_court` varchar(255) COLLATE utf8mb4_unicode_ci DEFAULT NULL,
  `scope_prosecute_number` varchar(255) COLLATE utf8mb4_unicode_ci DEFAULT NULL,
  `scope_prosecute_name` varchar(255) COLLATE utf8mb4_unicode_ci DEFAULT NULL,
  `scope_defend_lawsuit` tinyint(4) DEFAULT NULL,
  `scope_defend_court` varchar(255) COLLATE utf8mb4_unicode_ci DEFAULT NULL,
  `scope_defend_number` varchar(255) COLLATE utf8mb4_unicode_ci DEFAULT NULL,
  `scope_defend_name` varchar(255) COLLATE utf8mb4_unicode_ci DEFAULT NULL,
  `scope_arbitration` tinyint(4) DEFAULT NULL,
  `scope_arbitration_number` varchar(255) COLLATE utf8mb4_unicode_ci DEFAULT NULL,
  `scope_arbitration_name` varchar(255) COLLATE utf8mb4_unicode_ci DEFAULT NULL,
  `docs_ccrs` tinyint(4) DEFAULT NULL,
  `docs_emails` tinyint(4) DEFAULT NULL,
  `docs_pictures` tinyint(4) DEFAULT NULL,
  `docs_timeline` tinyint(4) DEFAULT NULL,
  `docs_minutes` tinyint(4) DEFAULT NULL,
  `docs_agreements` tinyint(4) DEFAULT NULL,
  `docs_corp_docs` tinyint(4) DEFAULT NULL,
  `docs_emp_docs` tinyint(4) DEFAULT NULL,
  `docs_lit_docs` tinyint(4) DEFAULT NULL,
  `docs_other` mediumtext COLLATE utf8mb4_unicode_ci,
  `fee_agrement_sent_to_client` tinyint(4) DEFAULT NULL,
  `fee_agreement_sent_date` date DEFAULT NULL,
  `fee_agreement_follow_up_date` date DEFAULT NULL,
  `fee_agreement_received_no_retainer` tinyint(4) DEFAULT NULL,
  `fee_retainer_received_no_fee_agreement` tinyint(4) DEFAULT NULL,
  `conflict_waiver_necessary` varchar(10) COLLATE utf8mb4_unicode_ci DEFAULT NULL,
  `conflict_waiver_sent_to_pc` tinyint(4) DEFAULT NULL,
  `conflict_waiver_sent_date` date DEFAULT NULL,
  `conflict_waiver_follow_up_date` date DEFAULT NULL,
  `conflict_waiver_received_by_all_clients` tinyint(4) DEFAULT NULL,
  `rating` decimal(10,0) DEFAULT NULL,
  `client_last_contacted_date` date DEFAULT NULL,
  `date_retained` date DEFAULT NULL,
  `trial_date` date DEFAULT NULL,
  `trial_length` mediumint(9) DEFAULT NULL,
  `mediation_date` date DEFAULT NULL,
  `is_settled` tinyint(4) DEFAULT NULL,
  `party` varchar(255) COLLATE utf8mb4_unicode_ci DEFAULT NULL,
  `intake_attorney_user_id` varchar(36) COLLATE utf8mb4_unicode_ci DEFAULT NULL,
  `lead_associate_user_id` varchar(36) COLLATE utf8mb4_unicode_ci DEFAULT NULL,
  `support_associate_1_user_id` varchar(36) COLLATE utf8mb4_unicode_ci DEFAULT NULL,
  `client_intro_letter_sent_date` date DEFAULT NULL,
  `client_intro_notice_of_representation_sent_date` date DEFAULT NULL,
  `dd_ladd_commenced_date` date DEFAULT NULL,
  `dd_ladd_completed_date` date DEFAULT NULL,
  `dd_ladd_sent_to_client_date` date DEFAULT NULL,
  `first_filing_draft_sent_date` date DEFAULT NULL,
  `first_filing_pleading_date` date DEFAULT NULL,
  `discovery_propounded_set_1_date` date DEFAULT NULL,
  `discovery_propounded_set_1_notes` text COLLATE utf8mb4_unicode_ci,
  `discovery_propounded_set_2_date` date DEFAULT NULL,
  `discovery_propounded_set_2_notes` text COLLATE utf8mb4_unicode_ci,
  `discovery_depositions_completed` tinyint(1) DEFAULT NULL,
  `discovery_depositions_notes` text COLLATE utf8mb4_unicode_ci,
  `discovery_expert_designations_completed` tinyint(1) DEFAULT NULL,
  `discovery_expert_designations_notes` text COLLATE utf8mb4_unicode_ci,
  `pt_dispositive_motions_filed_date` date DEFAULT NULL,
  `pt_msc_attended_date` date DEFAULT NULL,
  `pt_trial_commenced_date` date DEFAULT NULL,
  `pt_trial_completed_date` date DEFAULT NULL,
  `pt_motions_filed_date` date DEFAULT NULL,
  `intake_pending_deadlines` varchar(255) COLLATE utf8mb4_unicode_ci DEFAULT NULL,
  `intake_opposing_side` text COLLATE utf8mb4_unicode_ci,
  `intake_pc_provided_facts` text COLLATE utf8mb4_unicode_ci,
  `intake_atty_notes` varchar(255) COLLATE utf8mb4_unicode_ci DEFAULT NULL,
  `prelim_analysis_commenced_date` date DEFAULT NULL,
  `prelim_analysis_completed_date` date DEFAULT NULL,
  `prelim_client_update_sent_date` date DEFAULT NULL,
  `adr_draft_demand_sent_to_client_date` date DEFAULT NULL,
  `adr_demand_letters_sent_date` date DEFAULT NULL,
  `adr_final_letters_sent_to_client_date` date DEFAULT NULL,
  `med_information_neg_commenced` date DEFAULT NULL,
  `med_demand_accepted_by_client` tinyint(4) DEFAULT NULL,
  `med_demand_accepted_by_client_date` date DEFAULT NULL,
  `med_confidential_brief_completed` date DEFAULT NULL,
  `med_confidential_brief_sent_to_client` date DEFAULT NULL,
  `med_scheduled_date` date DEFAULT NULL,
  `med_attended_date` date DEFAULT NULL,
  `med_settlement_agreement_drafted_date` date DEFAULT NULL,
  `med_settlement_agreement_executed_date` date DEFAULT NULL,
  `litigation_meeting_requested_date` date DEFAULT NULL,
  `litigation_meeting_completed_date` date DEFAULT NULL,
  `reason_for_transfer` text COLLATE utf8mb4_unicode_ci,
  `transfer_log` mediumtext COLLATE utf8mb4_unicode_ci,
  `reason_for_deactivate` text COLLATE utf8mb4_unicode_ci,
  `authorization` varchar(40) COLLATE utf8mb4_unicode_ci DEFAULT 'Good',
  `has_red_flag` tinyint(1) DEFAULT '0',
  `red_flag_notes` mediumtext COLLATE utf8mb4_unicode_ci,
  `offboarded_reason` mediumtext COLLATE utf8mb4_unicode_ci,
  `converted_at` datetime DEFAULT NULL,
  `settled_at` datetime DEFAULT NULL,
  `deactivated_at` datetime DEFAULT NULL,
  `offboarded_at` datetime DEFAULT NULL,
  `created_at` timestamp NULL DEFAULT NULL,
  `updated_at` timestamp NULL DEFAULT NULL,
  `completion_date` date DEFAULT NULL,
  `matter` text COLLATE utf8mb4_unicode_ci,
  `has_current_proof_of_service` tinyint(1) DEFAULT NULL,
  `current_proof_of_service` varchar(191) COLLATE utf8mb4_unicode_ci DEFAULT NULL,
  `has_local_rules` tinyint(1) DEFAULT NULL,
  `local_rules` varchar(191) COLLATE utf8mb4_unicode_ci DEFAULT NULL,
  `has_local_local_rules` tinyint(1) DEFAULT NULL,
  `local_local_rules` varchar(191) COLLATE utf8mb4_unicode_ci DEFAULT NULL,
  `discovery_set_1_satisfactory_response_received` tinyint(1) DEFAULT NULL,
  `discovery_set_1_send_client_propounded_discovery` tinyint(1) DEFAULT NULL,
  `discovery_set_2_satisfactory_response_received` tinyint(1) DEFAULT NULL,
  `discovery_set_2_send_client_propounded_discovery` tinyint(1) DEFAULT NULL,
  `discovery_deposition_outline_prepared` text COLLATE utf8mb4_unicode_ci,
  `discovery_deposition_all_planned_completed` tinyint(1) DEFAULT NULL,
  `discovery_intend_nonparty_depositions` tinyint(1) DEFAULT NULL,
  `discovery_intent_nonparty_depositions_notes` text COLLATE utf8mb4_unicode_ci,
  `discovery_nonparty_depositions_outline_prepared` tinyint(1) DEFAULT NULL,
  `discovery_nonparty_depositions_completed` tinyint(1) DEFAULT NULL,
  `discovery_nonparty_depositions_documents_obtained` tinyint(1) DEFAULT NULL,
  `discovery_expert_demand_exchange` tinyint(1) DEFAULT NULL,
  `pt_intend_complete_page_line_depo_summ` tinyint(1) DEFAULT NULL,
  `pt_have_logged_depo_transcripts` tinyint(1) DEFAULT NULL,
  `pt_have_completed_exam_outlines` tinyint(1) DEFAULT NULL,
  `pt_have_met_trial_witnesses` tinyint(1) DEFAULT NULL,
  `pt_have_completed_exhibit_list` tinyint(1) DEFAULT NULL,
  `pt_have_marked_exhibits` tinyint(1) DEFAULT NULL,
  `pt_have_completed_witness_list` tinyint(1) DEFAULT NULL,
  `pt_have_prepared_opening_statement` tinyint(1) DEFAULT NULL,
  `pt_jury_complete_instructions` tinyint(1) DEFAULT NULL,
  `pt_jury_voir_dire_outline` tinyint(1) DEFAULT NULL,
  `pt_jury_prepare_verdict_form` tinyint(1) DEFAULT NULL,
  `pt_jury_prepare_motions_in_limine` tinyint(1) DEFAULT NULL,
  `jury_trial_court_trial` varchar(50) COLLATE utf8mb4_unicode_ci DEFAULT NULL,
  `is_mailing_address` tinyint(1) NOT NULL DEFAULT '0',
  `address_line_1` varchar(191) COLLATE utf8mb4_unicode_ci DEFAULT NULL,
  `address_line_2` varchar(191) COLLATE utf8mb4_unicode_ci DEFAULT NULL,
  `city` varchar(191) COLLATE utf8mb4_unicode_ci DEFAULT NULL,
  `state` varchar(191) COLLATE utf8mb4_unicode_ci DEFAULT NULL,
  `postal_code` varchar(10) COLLATE utf8mb4_unicode_ci DEFAULT NULL,
  `pt_date_of_jury` date DEFAULT NULL,
  `pt_filing_date_of_notice_of_entry_of_judgment` date DEFAULT NULL,
  `pt_filing_date_of_notice_of_entry_of_judgment_notes` text COLLATE utf8mb4_unicode_ci,
  `pt_indend_to_file_a_motion_for_new_trial` tinyint(1) DEFAULT NULL,
  `pt_indend_to_file_a_jnov` tinyint(1) DEFAULT NULL,
  `pt_indend_to_file_motion_for_attorney_fees` tinyint(1) DEFAULT NULL,
  `pt_indend_to_file_a_memo_of_costs` tinyint(1) DEFAULT NULL,
  `pt_indend_to_file_an_appeal` tinyint(1) DEFAULT NULL,
  `pt_indend_to_file_an_appeal_date` date DEFAULT NULL,
  `trans_scope_of_rep` varchar(191) COLLATE utf8mb4_unicode_ci DEFAULT NULL,
  `trans_entity_type` varchar(191) COLLATE utf8mb4_unicode_ci DEFAULT NULL,
  `trans_soi_deadline` date DEFAULT NULL,
  `trans_ci_init_scope` text COLLATE utf8mb4_unicode_ci,
  `trans_ci_completed_all_ci_init_date` date DEFAULT NULL,
  `trans_fd_filed_articles_of_inc_date` date DEFAULT NULL,
  `trans_fd_filed_articles_of_org_date` date DEFAULT NULL,
  `trans_fd_bylaws_date` date DEFAULT NULL,
  `trans_fd_ein_date` date DEFAULT NULL,
  `trans_fd_fbn_date` date DEFAULT NULL,
  `trans_fd_ftb_no_date` date DEFAULT NULL,
  `trans_fd_initial_minutes_date` date DEFAULT NULL,
  `trans_fd_initial_soi_date` date DEFAULT NULL,
  `trans_fd_operating_agreement_date` date DEFAULT NULL,
  `trans_fd_partnership_agreement_date` date DEFAULT NULL,
  `trans_fd_shareholder_agreement_date` date DEFAULT NULL,
  `trans_fd_sent_completed_formation_docs_to_client_date` date DEFAULT NULL,
  `trans_el_signed_receipt_of_handbook` tinyint(1) DEFAULT NULL,
  `trans_el_handbook_compliant_date` date DEFAULT NULL,
  `trans_el_signed_receipt_of_emp_agreements` tinyint(1) DEFAULT NULL,
  `trans_el_emp_agreements_compliant_date` date DEFAULT NULL,
  `trans_el_code_28105_date` date DEFAULT NULL,
  `trans_el_drafted_vehicle_use_agreement` tinyint(1) DEFAULT NULL,
  `trans_el_drafted_drug_testing_consent` tinyint(1) DEFAULT NULL,
  `trans_el_drafted_emp_performance_review` tinyint(1) DEFAULT NULL,
  `trans_el_prepared_letter_to_clients_emp_v_ind_contractors` tinyint(1) DEFAULT NULL,
  `trans_el_prepared_letter_to_clients_emp_v_ind_contractors_date` date DEFAULT NULL,
  `trans_el_prepared_letter_to_clients_exempt_v_nonexempt` tinyint(1) DEFAULT NULL,
  `trans_el_prepared_letter_to_clients_exempt_v_nonexempt_date` date DEFAULT NULL,
  `trans_el_prepared_letter_to_clients_re_drug_consent_laws` tinyint(1) DEFAULT NULL,
  `trans_el_prepared_letter_to_clients_re_drug_consent_laws_date` date DEFAULT NULL,
  `trans_el_prepared_letter_to_clients_re_performance_reviews` tinyint(1) DEFAULT NULL,
  `trans_el_prepared_letter_to_clients_re_performance_reviews_date` date DEFAULT NULL,
  `trans_ip_nda_date` date DEFAULT NULL,
  `trans_ip_tm_word_fed_date` date DEFAULT NULL,
  `trans_ip_tm_design_fed_date` date DEFAULT NULL,
  `trans_ip_tm_word_ca_date` date DEFAULT NULL,
  `trans_ip_tm_design_ca_date` date DEFAULT NULL,
  `trans_ip_patents` text COLLATE utf8mb4_unicode_ci,
  `trans_ip_copyrights` text COLLATE utf8mb4_unicode_ci,
  `trans_ac_annual_shareholder_minutes_date` date DEFAULT NULL,
  `trans_ac_annual_board_minutes_date` date DEFAULT NULL,
  `trans_ac_annual_member_meeting_minutes_date` date DEFAULT NULL,
  `trans_ac_annual_manager_meeting_minutes_date` date DEFAULT NULL,
  `trans_ac_soi_filed_date` date DEFAULT NULL,
  `trans_ac_new_laws_letter_date` date DEFAULT NULL,
  `trans_ac_new_laws_req_update_emp_docs` tinyint(1) DEFAULT NULL,
  `trans_ac_new_laws_req_update_emp_docs_date` date DEFAULT NULL,
  `trans_dl_soi_deadline_date` date DEFAULT NULL,
  `trans_dl_fbn_deadline_date` date DEFAULT NULL,
  `trans_dl_tm_deadlines` text COLLATE utf8mb4_unicode_ci,
  `trans_dl_other_deadlines` text COLLATE utf8mb4_unicode_ci
) ENGINE=InnoDB DEFAULT CHARSET=utf8mb4 COLLATE=utf8mb4_unicode_ci;

--
-- Dumping data for table `elysium_clients`
--

INSERT INTO `elysium_clients` (`id`, `team_id`, `intake_attorney_id`, `lead_attorney_id`, `support_attorney_id`, `converted_status`, `case_type`, `client_temperament`, `client_temperament_date`, `marketing_information`, `other_lead_source_details`, `first_name`, `last_name`, `email`, `company`, `phone`, `facts`, `conflict_check`, `call_notes`, `call_one_hour_result`, `call_one_hour_result_date`, `consultation_completed`, `consultation_conf_phone`, `consultation_conf_date`, `consultation_conf_time`, `consultation_fees`, `consultation_payment_information_received`, `consultation_payment_processed`, `consultation_docs_received_pre_consult`, `intake_who_are_we_representing`, `intake_primary_address`, `intake_primary_phone_numbers`, `intake_primary_emails`, `intake_retainer_box`, `intake_estimate`, `intake_estimate_other`, `intake_fee_agreement_transmittal`, `intake_fee_agreement_transmittal_other`, `caseinfo_pending_deadlines`, `caseinfo_opposing_side`, `caseinfo_provided_facts`, `caseinfo_intake_atty_notes`, `scope_due_diligence`, `scope_adr_demand_letters`, `scope_idr_demand_letters`, `scope_prepare_opinion_letter`, `scope_bpp_gen_corp`, `scope_prosecute_new_lawsuit`, `scope_prosecute_active_lawsuit`, `scope_prosecute_court`, `scope_prosecute_number`, `scope_prosecute_name`, `scope_defend_lawsuit`, `scope_defend_court`, `scope_defend_number`, `scope_defend_name`, `scope_arbitration`, `scope_arbitration_number`, `scope_arbitration_name`, `docs_ccrs`, `docs_emails`, `docs_pictures`, `docs_timeline`, `docs_minutes`, `docs_agreements`, `docs_corp_docs`, `docs_emp_docs`, `docs_lit_docs`, `docs_other`, `fee_agrement_sent_to_client`, `fee_agreement_sent_date`, `fee_agreement_follow_up_date`, `fee_agreement_received_no_retainer`, `fee_retainer_received_no_fee_agreement`, `conflict_waiver_necessary`, `conflict_waiver_sent_to_pc`, `conflict_waiver_sent_date`, `conflict_waiver_follow_up_date`, `conflict_waiver_received_by_all_clients`, `rating`, `client_last_contacted_date`, `date_retained`, `trial_date`, `trial_length`, `mediation_date`, `is_settled`, `party`, `intake_attorney_user_id`, `lead_associate_user_id`, `support_associate_1_user_id`, `client_intro_letter_sent_date`, `client_intro_notice_of_representation_sent_date`, `dd_ladd_commenced_date`, `dd_ladd_completed_date`, `dd_ladd_sent_to_client_date`, `first_filing_draft_sent_date`, `first_filing_pleading_date`, `discovery_propounded_set_1_date`, `discovery_propounded_set_1_notes`, `discovery_propounded_set_2_date`, `discovery_propounded_set_2_notes`, `discovery_depositions_completed`, `discovery_depositions_notes`, `discovery_expert_designations_completed`, `discovery_expert_designations_notes`, `pt_dispositive_motions_filed_date`, `pt_msc_attended_date`, `pt_trial_commenced_date`, `pt_trial_completed_date`, `pt_motions_filed_date`, `intake_pending_deadlines`, `intake_opposing_side`, `intake_pc_provided_facts`, `intake_atty_notes`, `prelim_analysis_commenced_date`, `prelim_analysis_completed_date`, `prelim_client_update_sent_date`, `adr_draft_demand_sent_to_client_date`, `adr_demand_letters_sent_date`, `adr_final_letters_sent_to_client_date`, `med_information_neg_commenced`, `med_demand_accepted_by_client`, `med_demand_accepted_by_client_date`, `med_confidential_brief_completed`, `med_confidential_brief_sent_to_client`, `med_scheduled_date`, `med_attended_date`, `med_settlement_agreement_drafted_date`, `med_settlement_agreement_executed_date`, `litigation_meeting_requested_date`, `litigation_meeting_completed_date`, `reason_for_transfer`, `transfer_log`, `reason_for_deactivate`, `authorization`, `has_red_flag`, `red_flag_notes`, `offboarded_reason`, `converted_at`, `settled_at`, `deactivated_at`, `offboarded_at`, `created_at`, `updated_at`, `completion_date`, `matter`, `has_current_proof_of_service`, `current_proof_of_service`, `has_local_rules`, `local_rules`, `has_local_local_rules`, `local_local_rules`, `discovery_set_1_satisfactory_response_received`, `discovery_set_1_send_client_propounded_discovery`, `discovery_set_2_satisfactory_response_received`, `discovery_set_2_send_client_propounded_discovery`, `discovery_deposition_outline_prepared`, `discovery_deposition_all_planned_completed`, `discovery_intend_nonparty_depositions`, `discovery_intent_nonparty_depositions_notes`, `discovery_nonparty_depositions_outline_prepared`, `discovery_nonparty_depositions_completed`, `discovery_nonparty_depositions_documents_obtained`, `discovery_expert_demand_exchange`, `pt_intend_complete_page_line_depo_summ`, `pt_have_logged_depo_transcripts`, `pt_have_completed_exam_outlines`, `pt_have_met_trial_witnesses`, `pt_have_completed_exhibit_list`, `pt_have_marked_exhibits`, `pt_have_completed_witness_list`, `pt_have_prepared_opening_statement`, `pt_jury_complete_instructions`, `pt_jury_voir_dire_outline`, `pt_jury_prepare_verdict_form`, `pt_jury_prepare_motions_in_limine`, `jury_trial_court_trial`, `is_mailing_address`, `address_line_1`, `address_line_2`, `city`, `state`, `postal_code`, `pt_date_of_jury`, `pt_filing_date_of_notice_of_entry_of_judgment`, `pt_filing_date_of_notice_of_entry_of_judgment_notes`, `pt_indend_to_file_a_motion_for_new_trial`, `pt_indend_to_file_a_jnov`, `pt_indend_to_file_motion_for_attorney_fees`, `pt_indend_to_file_a_memo_of_costs`, `pt_indend_to_file_an_appeal`, `pt_indend_to_file_an_appeal_date`, `trans_scope_of_rep`, `trans_entity_type`, `trans_soi_deadline`, `trans_ci_init_scope`, `trans_ci_completed_all_ci_init_date`, `trans_fd_filed_articles_of_inc_date`, `trans_fd_filed_articles_of_org_date`, `trans_fd_bylaws_date`, `trans_fd_ein_date`, `trans_fd_fbn_date`, `trans_fd_ftb_no_date`, `trans_fd_initial_minutes_date`, `trans_fd_initial_soi_date`, `trans_fd_operating_agreement_date`, `trans_fd_partnership_agreement_date`, `trans_fd_shareholder_agreement_date`, `trans_fd_sent_completed_formation_docs_to_client_date`, `trans_el_signed_receipt_of_handbook`, `trans_el_handbook_compliant_date`, `trans_el_signed_receipt_of_emp_agreements`, `trans_el_emp_agreements_compliant_date`, `trans_el_code_28105_date`, `trans_el_drafted_vehicle_use_agreement`, `trans_el_drafted_drug_testing_consent`, `trans_el_drafted_emp_performance_review`, `trans_el_prepared_letter_to_clients_emp_v_ind_contractors`, `trans_el_prepared_letter_to_clients_emp_v_ind_contractors_date`, `trans_el_prepared_letter_to_clients_exempt_v_nonexempt`, `trans_el_prepared_letter_to_clients_exempt_v_nonexempt_date`, `trans_el_prepared_letter_to_clients_re_drug_consent_laws`, `trans_el_prepared_letter_to_clients_re_drug_consent_laws_date`, `trans_el_prepared_letter_to_clients_re_performance_reviews`, `trans_el_prepared_letter_to_clients_re_performance_reviews_date`, `trans_ip_nda_date`, `trans_ip_tm_word_fed_date`, `trans_ip_tm_design_fed_date`, `trans_ip_tm_word_ca_date`, `trans_ip_tm_design_ca_date`, `trans_ip_patents`, `trans_ip_copyrights`, `trans_ac_annual_shareholder_minutes_date`, `trans_ac_annual_board_minutes_date`, `trans_ac_annual_member_meeting_minutes_date`, `trans_ac_annual_manager_meeting_minutes_date`, `trans_ac_soi_filed_date`, `trans_ac_new_laws_letter_date`, `trans_ac_new_laws_req_update_emp_docs`, `trans_ac_new_laws_req_update_emp_docs_date`, `trans_dl_soi_deadline_date`, `trans_dl_fbn_deadline_date`, `trans_dl_tm_deadlines`, `trans_dl_other_deadlines`) VALUES
('00df5880-d359-11ea-835a-612e36178465', '', '', '', '', NULL, 'Potential', '', NULL, 'Google Ads', NULL, 'Billy', 'Hosewater', 'billy@hose.com', 'N/A', '(949) 123-4567', 'Supplied later', 1, NULL, NULL, NULL, NULL, '(949) 123-4567', NULL, NULL, '450.00', NULL, NULL, NULL, NULL, NULL, NULL, NULL, NULL, NULL, NULL, NULL, NULL, NULL, NULL, NULL, NULL, NULL, NULL, NULL, NULL, NULL, NULL, NULL, NULL, NULL, NULL, NULL, NULL, NULL, NULL, NULL, NULL, NULL, NULL, NULL, NULL, NULL, NULL, NULL, NULL, NULL, NULL, NULL, 1, '2020-08-18', '2020-08-19', 1, 1, NULL, NULL, NULL, NULL, NULL, '1', NULL, NULL, NULL, NULL, NULL, NULL, NULL, NULL, NULL, NULL, NULL, NULL, NULL, NULL, NULL, NULL, NULL, NULL, NULL, NULL, NULL, NULL, NULL, NULL, NULL, NULL, NULL, NULL, NULL, NULL, NULL, NULL, NULL, NULL, NULL, NULL, NULL, NULL, NULL, NULL, NULL, NULL, NULL, NULL, NULL, NULL, NULL, NULL, NULL, NULL, NULL, '', NULL, NULL, 'Good', 0, NULL, 'Crazy, conspiratorial, and litigious. Apparently has sued the last 3 attorneys who represented him.', NULL, NULL, NULL, '2020-09-14 00:00:00', '2020-07-31 11:09:40', '2020-09-14 16:16:49', NULL, NULL, NULL, NULL, NULL, NULL, NULL, NULL, NULL, NULL, NULL, NULL, NULL, NULL, NULL, NULL, NULL, NULL, NULL, NULL, NULL, NULL, NULL, NULL, NULL, NULL, NULL, NULL, NULL, NULL, NULL, NULL, NULL, 0, NULL, NULL, NULL, NULL, NULL, NULL, NULL, NULL, NULL, NULL, NULL, NULL, NULL, NULL, NULL, NULL, NULL, NULL, NULL, NULL, NULL, NULL, NULL, NULL, NULL, NULL, NULL, NULL, NULL, NULL, NULL, NULL, NULL, NULL, NULL, NULL, NULL, NULL, NULL, NULL, NULL, NULL, NULL, NULL, NULL, NULL, NULL, NULL, NULL, NULL, NULL, NULL, NULL, NULL, NULL, NULL, NULL, NULL, NULL, NULL, NULL, NULL, NULL, NULL, NULL, NULL),
('0a1a4510-08c7-11eb-bd22-3395430fbfaa', '22fa8820-d368-11ea-a881-1b09638c8955', NULL, '22fa8820-d368-11ea-a881-1b09638c8955', NULL, 'Signed Fee Agreement & Retainer Received', 'Lit', NULL, '2020-11-05 10:33:41', 'Google Ads', NULL, 'Charles', 'Xavier', 'cxavier@xmen.com', 'N/A', '(310) 555-8878', 'Misappropriation of Likeness, etc.', 1, NULL, NULL, NULL, NULL, '(310) 555-8878', NULL, NULL, '450.00', NULL, NULL, NULL, NULL, NULL, NULL, NULL, NULL, NULL, NULL, NULL, NULL, 'Needs representation at a deposition set for 3 days from now.', NULL, NULL, NULL, NULL, NULL, NULL, NULL, NULL, NULL, NULL, NULL, NULL, NULL, NULL, NULL, NULL, NULL, NULL, NULL, NULL, NULL, NULL, NULL, NULL, NULL, NULL, NULL, NULL, NULL, NULL, 1, '2020-10-07', '2020-10-12', 1, 1, 'No', NULL, NULL, NULL, NULL, '5', NULL, '2020-10-07', NULL, NULL, NULL, NULL, NULL, NULL, NULL, NULL, '2020-10-19', NULL, '2020-10-19', '2020-10-22', '2020-10-22', NULL, NULL, NULL, NULL, NULL, NULL, NULL, NULL, NULL, NULL, NULL, NULL, NULL, NULL, NULL, NULL, NULL, NULL, NULL, NULL, NULL, NULL, NULL, NULL, NULL, NULL, NULL, NULL, NULL, NULL, NULL, NULL, NULL, NULL, NULL, NULL, '', NULL, NULL, 'Good', 0, NULL, NULL, NULL, NULL, NULL, NULL, '2020-10-07 11:00:52', '2020-11-05 10:33:41', '2020-10-07', 'Marvel, Inc.', NULL, NULL, NULL, NULL, NULL, NULL, NULL, NULL, NULL, NULL, NULL, NULL, NULL, NULL, NULL, NULL, NULL, NULL, NULL, NULL, NULL, NULL, NULL, NULL, NULL, NULL, NULL, NULL, NULL, NULL, NULL, 1, '12345 Pacific Ave.', 'Apartment 14', 'Long Beach', 'CA', '90808', NULL, NULL, NULL, NULL, NULL, NULL, NULL, NULL, NULL, NULL, NULL, NULL, NULL, NULL, NULL, NULL, NULL, NULL, NULL, NULL, NULL, NULL, NULL, NULL, NULL, NULL, NULL, NULL, NULL, NULL, NULL, NULL, NULL, NULL, NULL, NULL, NULL, NULL, NULL, NULL, NULL, NULL, NULL, NULL, NULL, NULL, NULL, NULL, NULL, NULL, NULL, NULL, NULL, NULL, NULL, NULL, NULL, NULL, NULL, NULL, NULL),
('0b009590-2a8f-11eb-ac44-e3d1740d188a', '', NULL, NULL, NULL, NULL, 'Potential', '', NULL, NULL, NULL, 'Phil', 'Coulson', NULL, NULL, NULL, NULL, NULL, NULL, NULL, NULL, NULL, NULL, NULL, NULL, '450.00', NULL, NULL, NULL, NULL, NULL, NULL, NULL, NULL, NULL, NULL, NULL, NULL, NULL, NULL, NULL, NULL, NULL, NULL, NULL, NULL, NULL, NULL, NULL, NULL, NULL, NULL, NULL, NULL, NULL, NULL, NULL, NULL, NULL, NULL, NULL, NULL, NULL, NULL, NULL, NULL, NULL, NULL, NULL, NULL, NULL, NULL, NULL, NULL, NULL, NULL, NULL, NULL, NULL, '5', NULL, NULL, NULL, NULL, NULL, NULL, NULL, NULL, NULL, NULL, NULL, NULL, NULL, NULL, NULL, NULL, NULL, NULL, NULL, NULL, NULL, NULL, NULL, NULL, NULL, NULL, NULL, NULL, NULL, NULL, NULL, NULL, NULL, NULL, NULL, NULL, NULL, NULL, NULL, NULL, NULL, NULL, NULL, NULL, NULL, NULL, NULL, NULL, NULL, NULL, NULL, '', NULL, NULL, 'Good', 0, NULL, NULL, NULL, NULL, NULL, NULL, '2020-11-19 09:45:41', '2020-11-19 09:45:52', NULL, 'Gen Corp', NULL, NULL, NULL, NULL, NULL, NULL, NULL, NULL, NULL, NULL, NULL, NULL, NULL, NULL, NULL, NULL, NULL, NULL, NULL, NULL, NULL, NULL, NULL, NULL, NULL, NULL, NULL, NULL, NULL, NULL, NULL, 0, NULL, NULL, NULL, NULL, NULL, NULL, NULL, NULL, NULL, NULL, NULL, NULL, NULL, NULL, NULL, NULL, NULL, NULL, NULL, NULL, NULL, NULL, NULL, NULL, NULL, NULL, NULL, NULL, NULL, NULL, NULL, NULL, NULL, NULL, NULL, NULL, NULL, NULL, NULL, NULL, NULL, NULL, NULL, NULL, NULL, NULL, NULL, NULL, NULL, NULL, NULL, NULL, NULL, NULL, NULL, NULL, NULL, NULL, NULL, NULL, NULL, NULL, NULL, NULL, NULL, NULL),
('0e6375e0-fdbf-11ea-8952-51672bfd15cd', 'a5e8b1b0-d36b-11ea-83dd-37fdd3b8cdb2', '68abd990-413e-11ea-a32e-d1d5362e3b7d', '68abd990-413e-11ea-a32e-d1d5362e3b7d', '68abdf10-413e-11ea-bf89-819337ccb3c6', 'Signed Fee Agreement & Retainer Received', 'Transactional', '', NULL, 'Other', 'Existing Client', 'William', 'Chapman', 'wchapman@acme.com', 'Acme LLC', '(949) 887-4455', 'Blah Blah blah.', NULL, NULL, NULL, NULL, NULL, '(949) 887-4455', NULL, NULL, '450.00', NULL, NULL, NULL, NULL, NULL, NULL, NULL, NULL, NULL, NULL, NULL, NULL, NULL, NULL, NULL, NULL, NULL, NULL, NULL, NULL, NULL, NULL, NULL, NULL, NULL, NULL, NULL, NULL, NULL, NULL, NULL, NULL, NULL, NULL, NULL, NULL, NULL, NULL, NULL, NULL, NULL, NULL, NULL, 1, '2020-09-23', '2020-09-28', 1, 1, 'No', NULL, NULL, NULL, NULL, '5', '2020-10-20', '2020-09-23', NULL, NULL, NULL, NULL, NULL, NULL, NULL, NULL, NULL, NULL, NULL, NULL, NULL, NULL, NULL, NULL, NULL, NULL, NULL, NULL, NULL, NULL, NULL, NULL, NULL, NULL, NULL, NULL, NULL, NULL, NULL, NULL, NULL, NULL, NULL, NULL, NULL, NULL, NULL, NULL, NULL, NULL, NULL, NULL, NULL, NULL, NULL, NULL, NULL, '', NULL, NULL, 'Good', 0, NULL, NULL, NULL, NULL, NULL, NULL, '2020-09-23 10:06:01', '2020-10-20 11:32:53', NULL, NULL, NULL, NULL, NULL, NULL, NULL, NULL, NULL, NULL, NULL, NULL, NULL, NULL, NULL, NULL, NULL, NULL, NULL, NULL, NULL, NULL, NULL, NULL, NULL, NULL, NULL, NULL, NULL, NULL, NULL, NULL, NULL, 0, NULL, NULL, NULL, NULL, NULL, NULL, NULL, NULL, NULL, NULL, NULL, NULL, NULL, NULL, NULL, NULL, NULL, NULL, NULL, NULL, NULL, NULL, NULL, NULL, NULL, NULL, NULL, NULL, NULL, NULL, NULL, NULL, NULL, NULL, NULL, NULL, NULL, NULL, NULL, NULL, NULL, NULL, NULL, NULL, NULL, NULL, NULL, NULL, NULL, NULL, NULL, NULL, NULL, NULL, NULL, NULL, NULL, NULL, NULL, NULL, NULL, NULL, NULL, NULL, NULL, NULL),
('1690d120-d359-11ea-ab7c-ab2e693f4de7', '22fa8820-d368-11ea-a881-1b09638c8955', NULL, '993e5360-d674-11ea-9f58-773694061717', NULL, 'Signed Fee Agreement & Retainer Received', 'Lit', NULL, '2020-08-25 19:22:52', 'Referral', 'Bob Wackamole referred him', 'Larry', 'Schwimmer', 'scwhimmer@me.com', 'N/A', '(213) 123-6587', 'Malesuada fames ac turpis egestas maecenas pharetra convallis posuere. Tincidunt vitae semper quis lectus nulla at volutpat diam ut. In est ante in nibh mauris. Pharetra magna ac placerat vestibulum lectus mauris ultrices. Tincidunt eget nullam non nisi est sit amet facilisis magna.', NULL, 'Turpis in eu mi bibendum neque egestas. Sed velit dignissim sodales ut eu sem integer vitae. Id donec ultrices tincidunt arcu non sodales neque sodales. Diam vulputate ut pharetra sit amet aliquam id diam. Vestibulum mattis ullamcorper velit sed ullamcorper. Maecenas sed enim ut sem viverra aliquet eget sit. Sit amet consectetur adipiscing elit duis. Tellus rutrum tellus pellentesque eu tincidunt tortor. Euismod lacinia at quis risus sed vulputate odio ut enim. Nec nam aliquam sem et. Commodo sed egestas egestas fringilla phasellus faucibus. Dapibus ultrices in iaculis nunc sed augue. Scelerisque eleifend donec pretium vulputate sapien nec sagittis aliquam malesuada.\r\nTincidunt ornare massa eget egestas purus viverra accumsan. Tempus egestas sed sed risus pretium quam vulputate dignissim. At volutpat diam ut venenatis tellus in. Pretium aenean pharetra magna ac placerat vestibulum lectus. Purus gravida quis blandit turpis cursus in. Sed blandit libero volutpat sed cras ornare. Vel orci porta non pulvinar neque laoreet suspendisse interdum consectetur. Pharetra et ultrices neque ornare aenean euismod elementum. Risus pretium quam vulputate dignissim suspendisse in est. Porta non pulvinar neque laoreet suspendisse interdum consectetur. Tincidunt vitae semper quis lectus nulla. Nullam ac tortor vitae purus faucibus ornare suspendisse sed. Facilisi cras fermentum odio eu feugiat pretium. Venenatis cras sed felis eget velit aliquet. Ac orci phasellus egestas tellus rutrum tellus pellentesque eu.\r\nUllamcorper a lacus vestibulum sed arcu non odio euismod lacinia. Elit ut aliquam purus sit amet. Faucibus in ornare quam viverra. Lectus mauris ultrices eros in cursus turpis. Dictum fusce ut placerat orci. Varius vel pharetra vel turpis nunc eget lorem. Ornare suspendisse sed nisi lacus sed. At imperdiet dui accumsan sit amet nulla facilisi morbi.', 'Converted', '2020-08-18 16:48:43', 'Yes', '(213) 123-6587', '2020-08-17', '10:30', '450.00', 'Yes', 'Yes', 'N/A', NULL, NULL, NULL, NULL, NULL, NULL, NULL, NULL, NULL, 'N/A', 'N/A', 'Malesuada fames ac turpis egestas maecenas pharetra convallis posuere. Tincidunt vitae semper quis lectus nulla at volutpat diam ut. In est ante in nibh mauris. Pharetra magna ac placerat vestibulum lectus mauris ultrices. Tincidunt eget nullam non nisi est sit amet facilisis magna. Non pulvinar neque laoreet suspendisse interdum. Interdum velit euismod in pellentesque massa placerat duis ultricies lacus. Elementum facilisis leo vel fringilla est ullamcorper eget. Semper viverra nam libero justo laoreet. Sed augue lacus viverra vitae congue eu consequat. Lorem mollis aliquam ut porttitor leo a diam sollicitudin. A condimentum vitae sapien pellentesque habitant morbi tristique. Elit ullamcorper dignissim cras tincidunt lobortis feugiat vivamus at augue. At volutpat diam ut venenatis. Odio aenean sed adipiscing diam donec adipiscing tristique risus nec. Tellus mauris a diam maecenas sed enim. Massa vitae tortor condimentum lacinia quis. Aliquam malesuada bibendum arcu vitae elementum curabitur vitae nunc. Et tortor consequat id porta nibh venenatis cras sed felis. Quisque egestas diam in arcu cursus euismod quis.\r\nSodales ut etiam sit amet nisl purus in mollis nunc. Amet tellus cras adipiscing enim eu turpis egestas pretium. Maecenas volutpat blandit aliquam etiam erat velit scelerisque. Massa ultricies mi quis hendrerit dolor magna eget. Egestas congue quisque egestas diam in arcu. Pulvinar neque laoreet suspendisse interdum consectetur libero id faucibus nisl. Tellus molestie nunc non blandit massa enim. Sem viverra aliquet eget sit amet tellus. Adipiscing diam donec adipiscing tristique risus nec feugiat in. Sagittis aliquam malesuada bibendum arcu vitae elementum curabitur vitae nunc.\r\nEt sollicitudin ac orci phasellus egestas tellus rutrum tellus pellentesque. Nunc aliquet bibendum enim facilisis. Odio pellentesque diam volutpat commodo sed. Congue quisque egestas diam in arcu. Lacus suspendisse faucibus interdum posuere lorem ipsum. Semper viverra nam libero justo laoreet sit amet cursus sit. Id eu nisl nunc mi ipsum faucibus vitae. Enim lobortis scelerisque fermentum dui. Quis blandit turpis cursus in. Eu mi bibendum neque egestas congue quisque. Nunc mattis enim ut tellus elementum sagittis vitae et. Pellentesque massa placerat duis ultricies lacus sed turpis tincidunt id. Tellus mauris a diam maecenas sed enim ut. Urna nec tincidunt praesent semper feugiat nibh sed pulvinar proin.', 'Malesuada fames ac turpis egestas maecenas pharetra convallis posuere. Tincidunt vitae semper quis lectus nulla at volutpat diam ut. In est ante in nibh mauris. Pharetra magna ac placerat vestibulum lectus mauris ultrices. Tincidunt eget nullam non nisi est sit amet facilisis magna. Non pulvinar neque laoreet suspendisse interdum. Interdum velit euismod in pellentesque massa placerat duis ultricies lacus. Elementum facilisis leo vel fringilla est ullamcorper eget. Semper viverra nam libero justo laoreet. Sed augue lacus viverra vitae congue eu consequat. Lorem mollis aliquam ut porttitor leo a diam sollicitudin. A condimentum vitae sapien pellentesque habitant morbi tristique. Elit ullamcorper dignissim cras tincidunt lobortis feugiat vivamus at augue. At volutpat diam ut venenatis. Odio aenean sed adipiscing diam donec adipiscing tristique risus nec. Tellus mauris a diam maecenas sed enim. Massa vitae tortor condimentum lacinia quis. Aliquam malesuada bibendum arcu vitae elementum curabitur vitae nunc. Et tortor consequat id porta nibh venenatis cras sed felis. Quisque egestas diam in arcu cursus euismod quis.\r\nSodales ut etiam sit amet nisl purus in mollis nunc. Amet tellus cras adipiscing enim eu turpis egestas pretium. Maecenas volutpat blandit aliquam etiam erat velit scelerisque. Massa ultricies mi quis hendrerit dolor magna eget. Egestas congue quisque egestas diam in arcu. Pulvinar neque laoreet suspendisse interdum consectetur libero id faucibus nisl. Tellus molestie nunc non blandit massa enim. Sem viverra aliquet eget sit amet tellus. Adipiscing diam donec adipiscing tristique risus nec feugiat in. Sagittis aliquam malesuada bibendum arcu vitae elementum curabitur vitae nunc.\r\nEt sollicitudin ac orci phasellus egestas tellus rutrum tellus pellentesque. Nunc aliquet bibendum enim facilisis. Odio pellentesque diam volutpat commodo sed. Congue quisque egestas diam in arcu. Lacus suspendisse faucibus interdum posuere lorem ipsum. Semper viverra nam libero justo laoreet sit amet cursus sit. Id eu nisl nunc mi ipsum faucibus vitae. Enim lobortis scelerisque fermentum dui. Quis blandit turpis cursus in. Eu mi bibendum neque egestas congue quisque. Nunc mattis enim ut tellus elementum sagittis vitae et. Pellentesque massa placerat duis ultricies lacus sed turpis tincidunt id. Tellus mauris a diam maecenas sed enim ut. Urna nec tincidunt praesent semper feugiat nibh sed pulvinar proin.', NULL, NULL, NULL, NULL, NULL, NULL, NULL, NULL, NULL, NULL, NULL, NULL, NULL, NULL, NULL, NULL, NULL, 3, NULL, 3, NULL, 3, NULL, NULL, 3, 3, 'N/A', 1, '2020-08-19', '2020-08-21', 1, 1, 'Yes', 1, '2020-08-19', '2020-08-21', 1, '5', '2020-10-28', '2020-08-20', '2021-11-29', 7, NULL, NULL, NULL, NULL, NULL, NULL, '2020-09-23', NULL, '1900-01-01', '1900-01-01', '1900-01-01', NULL, NULL, NULL, NULL, NULL, NULL, NULL, NULL, NULL, NULL, NULL, NULL, NULL, NULL, NULL, NULL, NULL, NULL, NULL, NULL, NULL, NULL, NULL, NULL, NULL, NULL, NULL, NULL, NULL, NULL, NULL, NULL, NULL, NULL, NULL, NULL, '', NULL, NULL, 'Good', 0, NULL, NULL, NULL, NULL, NULL, NULL, '2020-07-31 11:10:17', '2020-11-05 10:36:02', NULL, 'Brookler', 1, '1690d120-d359-11ea-ab7c-ab2e693f4de7-uploads/POS-Mail.pdf', 0, NULL, 0, NULL, NULL, NULL, NULL, NULL, NULL, NULL, NULL, NULL, NULL, NULL, NULL, NULL, NULL, NULL, NULL, NULL, NULL, NULL, NULL, NULL, NULL, NULL, NULL, NULL, 'Jury Trial', 0, NULL, NULL, NULL, NULL, NULL, NULL, NULL, NULL, NULL, NULL, NULL, NULL, NULL, NULL, NULL, NULL, NULL, NULL, NULL, NULL, NULL, NULL, NULL, NULL, NULL, NULL, NULL, NULL, NULL, NULL, NULL, NULL, NULL, NULL, NULL, NULL, NULL, NULL, NULL, NULL, NULL, NULL, NULL, NULL, NULL, NULL, NULL, NULL, NULL, NULL, NULL, NULL, NULL, NULL, NULL, NULL, NULL, NULL, NULL, NULL, NULL, NULL, NULL, NULL, NULL, NULL),
('1b458f00-dbe8-11ea-ae01-dddac63bebb1', '', '', '', '', NULL, NULL, NULL, NULL, NULL, NULL, NULL, NULL, NULL, NULL, NULL, NULL, NULL, NULL, NULL, NULL, NULL, NULL, NULL, NULL, '450.00', NULL, NULL, NULL, NULL, NULL, NULL, NULL, NULL, NULL, NULL, NULL, NULL, NULL, NULL, NULL, NULL, NULL, NULL, NULL, NULL, NULL, NULL, NULL, NULL, NULL, NULL, NULL, NULL, NULL, NULL, NULL, NULL, NULL, NULL, NULL, NULL, NULL, NULL, NULL, NULL, NULL, NULL, NULL, NULL, NULL, NULL, NULL, NULL, NULL, NULL, NULL, NULL, NULL, NULL, NULL, NULL, NULL, NULL, NULL, NULL, NULL, NULL, NULL, NULL, NULL, NULL, NULL, NULL, NULL, NULL, NULL, NULL, NULL, NULL, NULL, NULL, NULL, NULL, NULL, NULL, NULL, NULL, NULL, NULL, NULL, NULL, NULL, NULL, NULL, NULL, NULL, NULL, NULL, NULL, NULL, NULL, NULL, NULL, NULL, NULL, NULL, NULL, NULL, NULL, NULL, NULL, NULL, NULL, 'Good', 0, NULL, NULL, NULL, NULL, NULL, NULL, '2020-08-11 08:34:12', '2020-08-11 08:34:12', NULL, NULL, NULL, NULL, NULL, NULL, NULL, NULL, NULL, NULL, NULL, NULL, NULL, NULL, NULL, NULL, NULL, NULL, NULL, NULL, NULL, NULL, NULL, NULL, NULL, NULL, NULL, NULL, NULL, NULL, NULL, NULL, NULL, 0, NULL, NULL, NULL, NULL, NULL, NULL, NULL, NULL, NULL, NULL, NULL, NULL, NULL, NULL, NULL, NULL, NULL, NULL, NULL, NULL, NULL, NULL, NULL, NULL, NULL, NULL, NULL, NULL, NULL, NULL, NULL, NULL, NULL, NULL, NULL, NULL, NULL, NULL, NULL, NULL, NULL, NULL, NULL, NULL, NULL, NULL, NULL, NULL, NULL, NULL, NULL, NULL, NULL, NULL, NULL, NULL, NULL, NULL, NULL, NULL, NULL, NULL, NULL, NULL, NULL, NULL),
('1ee56f70-dcd1-11ea-baff-eb67a3a3f339', '22fa8820-d368-11ea-a881-1b09638c8955', '68abcff0-413e-11ea-85fb-5781b29b9597', '993e5360-d674-11ea-9f58-773694061717', '68abd630-413e-11ea-a004-530999362658', 'Agreement + Retainer', 'Lit', '4', '2020-09-14 11:15:41', 'Referral', 'Referred by Bob Smith', 'Hal', 'Jordan', 'hal@greenlanterncorp.com', 'N/A', '(949) 678-9456', 'Quis auctor elit sed vulputate. Et tortor consequat id porta nibh venenatis cras sed felis. Laoreet non curabitur gravida arcu ac tortor. Mattis pellentesque id nibh tortor id aliquet. Pretium vulputate sapien nec sagittis aliquam malesuada bibendum. Ac auctor augue mauris augue neque gravida in fermentum et. Turpis egestas maecenas pharetra convallis posuere. Tempus quam pellentesque nec nam aliquam sem. Vitae purus faucibus ornare suspendisse sed nisi lacus sed viverra. Euismod quis viverra nibh cras pulvinar mattis nunc sed. Molestie nunc non blandit massa enim nec dui nunc. Ullamcorper velit sed ullamcorper morbi tincidunt ornare. Dui nunc mattis enim ut. Eget felis eget nunc lobortis mattis aliquam faucibus. Congue mauris rhoncus aenean vel elit. Ultricies integer quis auctor elit sed vulputate. Sem fringilla ut morbi tincidunt augue interdum velit. Interdum varius sit amet mattis vulputate. A condimentum vitae sapien pellentesque habitant. Imperdiet proin fermentum leo vel orci porta.', 1, 'Lobortis scelerisque fermentum dui faucibus in. Quam lacus suspendisse faucibus interdum posuere lorem ipsum dolor. Tristique risus nec feugiat in fermentum posuere urna nec tincidunt. Porttitor massa id neque aliquam vestibulum morbi blandit cursus. Sodales ut eu sem integer vitae justo. Tincidunt nunc pulvinar sapien et ligula ullamcorper malesuada proin.\r\n\r\nVulputate odio ut enim blandit volutpat. Volutpat lacus laoreet non curabitur. Tristique nulla aliquet enim tortor at auctor urna nunc id. Elementum facilisis leo vel fringilla est ullamcorper eget nulla. Malesuada proin libero nunc consequat interdum varius sit. Quis ipsum suspendisse ultrices gravida dictum.', 'Converted', '2020-08-12 12:23:31', NULL, '(949) 678-9456', '2020-08-13', '09:30', '450.00', 'Yes', 'Yes', 'N/A', NULL, NULL, NULL, NULL, NULL, NULL, NULL, NULL, NULL, 'N/A', 'Bob Smith; Smith Consulting, LLC; Gerry Atric', 'Interdum velit euismod in pellentesque massa placerat. Sit amet justo donec enim diam vulputate ut pharetra. Eu feugiat pretium nibh ipsum consequat nisl. Urna neque viverra justo nec ultrices. Commodo nulla facilisi nullam vehicula ipsum a arcu. Integer enim neque volutpat ac tincidunt vitae semper. Massa placerat duis ultricies lacus sed turpis tincidunt. A erat nam at lectus urna duis convallis convallis. Montes nascetur ridiculus mus mauris vitae. Mi sit amet mauris commodo quis imperdiet massa tincidunt nunc. Proin sed libero enim sed faucibus turpis. Blandit turpis cursus in hac habitasse platea. Convallis a cras semper auctor neque vitae tempus.\r\n\r\nMorbi blandit cursus risus at ultrices mi. Quis imperdiet massa tincidunt nunc pulvinar sapien et. Ac tincidunt vitae semper quis lectus. Eget sit amet tellus cras adipiscing enim eu turpis egestas. Vitae et leo duis ut diam quam nulla porttitor massa. Neque egestas congue quisque egestas. Orci phasellus egestas tellus rutrum tellus pellentesque eu tincidunt. Viverra justo nec ultrices dui sapien eget. Vitae tortor condimentum lacinia quis. Quis imperdiet massa tincidunt nunc pulvinar sapien et ligula ullamcorper. Nam libero justo laoreet sit amet cursus sit amet dictum.\r\n\r\nQuis lectus nulla at volutpat diam ut venenatis tellus. Quis ipsum suspendisse ultrices gravida dictum fusce. Morbi leo urna molestie at. Quis varius quam quisque id diam vel quam. Proin nibh nisl condimentum id. Eleifend quam adipiscing vitae proin sagittis nisl rhoncus. Tellus at urna condimentum mattis pellentesque id nibh. Cras sed felis eget velit aliquet sagittis id consectetur. Et netus et malesuada fames. Et odio pellentesque diam volutpat commodo sed. Egestas erat imperdiet sed euismod nisi porta. Venenatis cras sed felis eget.\r\n\r\nSed lectus vestibulum mattis ullamcorper velit sed ullamcorper morbi tincidunt. Magna ac placerat vestibulum lectus mauris ultrices eros in cursus. Mattis pellentesque id nibh tortor id aliquet lectus. In fermentum et sollicitudin ac orci phasellus egestas tellus rutrum. Lectus mauris ultrices eros in cursus turpis massa tincidunt dui. Ligula ullamcorper malesuada proin libero nunc consequat interdum. Sed libero enim sed faucibus turpis in eu mi bibendum. Aliquam nulla facilisi cras fermentum. Sem viverra aliquet eget sit amet. Laoreet non curabitur gravida arcu ac tortor dignissim convallis aenean. Ultrices vitae auctor eu augue. Netus et malesuada fames ac turpis egestas. At quis risus sed vulputate odio ut enim blandit. Egestas integer eget aliquet nibh praesent.', 'Adipiscing at in tellus integer feugiat. Sodales neque sodales ut etiam sit amet nisl purus. Dictum at tempor commodo ullamcorper a lacus vestibulum. Quam viverra orci sagittis eu volutpat odio facilisis. Quis eleifend quam adipiscing vitae proin sagittis. Scelerisque varius morbi enim nunc faucibus a pellentesque. Dui ut ornare lectus sit amet est. Pretium nibh ipsum consequat nisl vel. Habitasse platea dictumst quisque sagittis purus sit. \r\n\r\nRisus quis varius quam quisque id diam vel quam elementum. Pellentesque eu tincidunt tortor aliquam nulla facilisi. Suspendisse interdum consectetur libero id faucibus nisl tincidunt eget nullam. Nisl pretium fusce id velit ut tortor pretium viverra suspendisse. Luctus accumsan tortor posuere ac ut. Pharetra sit amet aliquam id diam maecenas.', NULL, NULL, NULL, NULL, NULL, NULL, NULL, NULL, NULL, NULL, NULL, NULL, NULL, NULL, NULL, NULL, NULL, 3, 1, 3, 1, 3, 1, 1, 3, 3, NULL, 1, '2020-07-01', '2020-07-03', 1, 1, NULL, NULL, NULL, NULL, NULL, '4', '2020-10-09', '2019-11-19', '2021-01-07', 9, '2020-08-17', NULL, NULL, NULL, NULL, NULL, '2020-07-07', '2020-07-07', NULL, NULL, NULL, NULL, NULL, '2020-11-24', NULL, NULL, NULL, 1, NULL, 1, 'Designate Bob Smith as the water intrusion expert.', NULL, NULL, NULL, NULL, NULL, NULL, NULL, NULL, NULL, '2020-07-13', '2020-07-14', '1900-01-01', '2020-07-17', '2020-07-17', '2020-07-17', '1900-01-01', 1, NULL, '2020-08-03', NULL, '2020-08-18', '2020-08-18', '1900-01-01', '1900-01-01', '2020-08-04', '2020-08-04', '', '##### August 25th, 2020 07:40 PM \n*Transferred to BEAST*\n            \n```\nMoving forward with litigation.\n````\n            \n\n            \n--------------\n\n            \n', NULL, 'Good', 0, NULL, NULL, NULL, NULL, NULL, NULL, '2020-08-12 12:22:11', '2020-11-24 11:58:04', '2020-01-03', 'Green Lantern Corp.', 0, NULL, 0, NULL, 0, NULL, 1, NULL, NULL, NULL, 'Bob Smith - Neighbor\r\nJon Dennis - Doctor', NULL, NULL, 'N/A', NULL, 1, NULL, 1, NULL, NULL, NULL, NULL, NULL, NULL, NULL, NULL, NULL, NULL, NULL, NULL, NULL, 0, NULL, NULL, NULL, NULL, NULL, NULL, NULL, NULL, NULL, NULL, NULL, NULL, NULL, NULL, NULL, NULL, NULL, NULL, NULL, NULL, NULL, NULL, NULL, NULL, NULL, NULL, NULL, NULL, NULL, NULL, NULL, NULL, NULL, NULL, NULL, NULL, NULL, NULL, NULL, NULL, NULL, NULL, NULL, NULL, NULL, NULL, NULL, NULL, NULL, NULL, NULL, NULL, NULL, NULL, NULL, NULL, NULL, NULL, NULL, NULL, NULL, NULL, NULL, NULL, NULL, NULL),
('1f3b2710-2a8f-11eb-85b7-1392737d1314', 'a5e8b1b0-d36b-11ea-83dd-37fdd3b8cdb2', '68abdd00-413e-11ea-9bf1-a95997ed4e53', '68abd990-413e-11ea-a32e-d1d5362e3b7d', NULL, 'Signed Fee Agreement & Retainer Received', 'Transactional', '', NULL, 'Referral', 'Nick Fury', 'Melinda', 'May', 'mmay@maymartialarts.com', 'May Martial Arts Academy, LLC', '(949) 877-4521', 'Wants to retain Firm to handle corporate/business matters.', 1, 'Ultrices vitae auctor eu augue ut. Orci a scelerisque purus semper eget. Tempor orci eu lobortis elementum nibh. Eu tincidunt tortor aliquam nulla facilisi cras fermentum odio eu. \r\n\r\nInteger quis auctor elit sed vulputate. Viverra ipsum nunc aliquet bibendum enim facilisis gravida neque. Nunc congue nisi vitae suscipit tellus mauris a.', NULL, NULL, 'No', NULL, NULL, NULL, '450.00', NULL, NULL, NULL, NULL, NULL, NULL, NULL, NULL, NULL, NULL, NULL, NULL, 'N/A', 'N/A', 'Elit duis tristique sollicitudin nibh sit amet commodo nulla. Purus sit amet volutpat consequat mauris nunc congue nisi vitae. Commodo viverra maecenas accumsan lacus vel facilisis. Elementum eu facilisis sed odio morbi quis commodo odio.', 'Vitae et leo duis ut diam quam nulla. Malesuada fames ac turpis egestas integer eget aliquet nibh. In egestas erat imperdiet sed euismod nisi. Velit dignissim sodales ut eu sem integer vitae justo eget. Etiam dignissim diam quis enim lobortis. Tristique sollicitudin nibh sit amet commodo nulla facilisi nullam. Eget sit amet tellus cras adipiscing. Eu feugiat pretium nibh ipsum. Sollicitudin ac orci phasellus egestas tellus rutrum. Varius morbi enim nunc faucibus.\r\nVitae tortor condimentum lacinia quis vel eros donec. Morbi blandit cursus risus at ultrices mi tempus imperdiet. Aliquam eleifend mi in nulla. Mi sit amet mauris commodo quis imperdiet. Lorem ipsum dolor sit amet. Ultricies leo integer malesuada nunc vel. Semper quis lectus nulla at volutpat diam. Scelerisque eu ultrices vitae auctor eu augue ut lectus. Fermentum dui faucibus in ornare quam viverra orci sagittis eu. Eget aliquet nibh praesent tristique magna sit. \r\n\r\nDictum non consectetur a erat nam at lectus urna. Pretium lectus quam id leo in vitae turpis. Et egestas quis ipsum suspendisse ultrices gravida dictum fusce ut. Rhoncus mattis rhoncus urna neque viverra justo nec.', NULL, NULL, NULL, NULL, NULL, NULL, NULL, NULL, NULL, NULL, NULL, NULL, NULL, NULL, NULL, NULL, NULL, 3, 3, 3, 3, 1, 1, 1, 1, 3, 'N/A', NULL, NULL, NULL, NULL, NULL, NULL, NULL, NULL, NULL, NULL, '5', '2020-11-24', '2020-11-19', NULL, NULL, NULL, NULL, NULL, NULL, NULL, NULL, NULL, NULL, NULL, NULL, NULL, NULL, NULL, NULL, NULL, NULL, NULL, NULL, NULL, NULL, NULL, NULL, NULL, NULL, NULL, NULL, NULL, NULL, NULL, NULL, NULL, NULL, NULL, NULL, NULL, NULL, NULL, NULL, NULL, NULL, NULL, NULL, NULL, NULL, NULL, NULL, NULL, '', NULL, NULL, 'Good', 0, NULL, NULL, NULL, NULL, NULL, NULL, '2020-11-19 09:46:15', '2020-11-24 12:21:28', '2020-11-19', 'Gen Corp', NULL, NULL, NULL, NULL, NULL, NULL, NULL, NULL, NULL, NULL, NULL, NULL, NULL, NULL, NULL, NULL, NULL, NULL, NULL, NULL, NULL, NULL, NULL, NULL, NULL, NULL, NULL, NULL, NULL, NULL, NULL, 1, '13 San Ramon Way', 'Suite 100', 'San Juan Capistrano', 'CA', '92675', NULL, NULL, NULL, NULL, NULL, NULL, NULL, NULL, NULL, NULL, NULL, NULL, NULL, NULL, NULL, NULL, NULL, NULL, NULL, NULL, NULL, NULL, NULL, NULL, NULL, NULL, NULL, NULL, NULL, NULL, NULL, NULL, NULL, NULL, NULL, NULL, NULL, NULL, NULL, NULL, NULL, NULL, NULL, NULL, NULL, NULL, NULL, NULL, NULL, NULL, NULL, NULL, NULL, NULL, NULL, NULL, NULL, NULL, NULL, NULL, NULL),
('26ada190-d359-11ea-b4dd-654563fdca36', '0f876620-1c4c-11ea-b5ba-ff9db169ec3b', '68abdea0-413e-11ea-a5e6-3b1bbba2e0a5', '68abdbb0-413e-11ea-935a-596bbfe66c28', NULL, 'Signed Fee Agreement & Retainer Received', 'Lit', NULL, '2020-08-25 19:32:38', 'Google Ads', NULL, 'Samuel', 'Zyzyx', 'sam@aol.com', 'N/A', '(949) 555-1212', 'Malesuada fames ac turpis egestas maecenas pharetra convallis posuere. Tincidunt vitae semper quis lectus nulla at volutpat diam ut. In est ante in nibh mauris. Pharetra magna ac placerat vestibulum lectus mauris ultrices. Tincidunt eget nullam non nisi est sit amet facilisis magna. Non pulvinar neque laoreet suspendisse interdum. Interdum velit euismod in pellentesque massa placerat duis ultricies lacus. Elementum facilisis leo vel fringilla est ullamcorper eget. Semper viverra nam libero justo laoreet. Sed augue lacus viverra vitae congue eu consequat. Lorem mollis aliquam ut porttitor leo a diam sollicitudin. A condimentum vitae sapien pellentesque habitant morbi tristique. Elit ullamcorper dignissim cras tincidunt lobortis feugiat vivamus at augue. At volutpat diam ut venenatis. Odio aenean sed adipiscing diam donec adipiscing tristique .', 1, 'In fermentum et sollicitudin ac orci phasellus egestas tellus rutrum. Lectus mauris ultrices eros in cursus turpis massa tincidunt dui. Ligula ullamcorper malesuada proin libero nunc consequat interdum.', 'Converted', '2020-08-17 19:39:01', 'Yes', '(213) 555-7878', '2020-08-18', '13:30', '450.00', 'Yes', 'Yes', 'N/A', NULL, NULL, NULL, NULL, NULL, NULL, NULL, NULL, NULL, 'N/A', 'N/A', 'N/A', 'Morbi blandit cursus risus at ultrices mi. Quis imperdiet massa tincidunt nunc pulvinar sapien et. Ac tincidunt vitae semper quis lectus. Eget sit amet tellus cras adipiscing enim eu turpis egestas. Vitae et leo duis ut diam quam nulla porttitor massa. Neque egestas congue quisque egestas. Orci phasellus egestas tellus rutrum tellus pellentesque eu tincidunt. Viverra justo nec ultrices dui sapien eget. Vitae tortor condimentum lacinia quis. Quis imperdiet massa tincidunt nunc pulvinar sapien et ligula ullamcorper. Nam libero justo laoreet sit amet cursus sit amet dictum.\r\n\r\nQuis lectus nulla at volutpat diam ut venenatis tellus. Quis ipsum suspendisse ultrices gravida dictum fusce. Morbi leo urna molestie at. Quis varius quam quisque id diam vel quam. Proin nibh nisl condimentum id. Eleifend quam adipiscing vitae proin sagittis nisl rhoncus. Tellus at urna condimentum mattis pellentesque id nibh. Cras sed felis eget velit aliquet sagittis id consectetur. Et netus et malesuada fames. Et odio pellentesque diam volutpat commodo sed. Egestas erat imperdiet sed euismod nisi porta. Venenatis cras sed felis eget.\r\n\r\nSed lectus vestibulum mattis ullamcorper velit sed ullamcorper morbi tincidunt. Magna ac placerat vestibulum lectus mauris ultrices eros in cursus. Mattis pellentesque id nibh tortor id aliquet lectus. In fermentum et sollicitudin ac orci phasellus egestas tellus rutrum. Lectus mauris ultrices eros in cursus turpis massa tincidunt dui. Ligula ullamcorper malesuada proin libero nunc consequat interdum. Sed libero enim sed faucibus turpis in eu mi bibendum. Aliquam nulla facilisi cras fermentum. Sem viverra aliquet eget sit amet. Laoreet non curabitur gravida arcu ac tortor dignissim convallis aenean. Ultrices vitae auctor eu augue. Netus et malesuada fames ac turpis egestas. At quis risus sed vulputate odio ut enim blandit. Egestas integer eget aliquet nibh praesent.\r\n\r\nSem et tortor consequat id. Id leo in vitae turpis massa sed. Vitae et leo duis ut. Sagittis purus sit amet volutpat consequat mauris nunc. Tempor orci eu lobortis elementum. Tincidunt vitae semper quis lectus nulla at. Erat pellentesque adipiscing commodo elit at imperdiet dui. Morbi tristique senectus et netus et malesuada fames. Fames ac turpis egestas integer eget aliquet nibh praesent tristique. Tellus molestie nunc non blandit massa enim nec dui. Ullamcorper sit amet risus nullam. Fringilla ut morbi tincidunt augue interdum. Faucibus interdum posuere lorem ipsum. Posuere lorem ipsum dolor sit amet consectetur. Mollis nunc sed id semper risus in hendrerit gravida rutrum. Est sit amet facilisis magna. Diam ut venenatis tellus in metus vulputate eu. Etiam erat velit scelerisque in dictum non. Arcu non odio euismod lacinia at quis risus.\r\n\r\nPurus ut faucibus pulvinar elementum integer enim neque volutpat ac. Porttitor eget dolor morbi non arcu. Penatibus et magnis dis parturient montes. In vitae turpis massa sed elementum tempus egestas. Quis ipsum suspendisse ultrices gravida dictum fusce ut placerat. In fermentum posuere urna nec. Feugiat sed lectus vestibulum mattis ullamcorper. Lacus viverra vitae congue eu consequat ac felis. Donec et odio pellentesque diam volutpat commodo sed egestas egestas. Suscipit tellus mauris a diam maecenas sed. Mauris pellentesque pulvinar pellentesque habitant morbi tristique senectus et netus. Tincidunt dui ut ornare lectus. Odio facilisis mauris sit amet massa vitae. Risus viverra adipiscing at in tellus integer feugiat. Aliquet enim tortor at auctor urna nunc id cursus metus. Amet purus gravida quis blandit turpis.\r\n\r\nEu tincidunt tortor aliquam nulla facilisi cras fermentum odio eu. Quis vel eros donec ac odio tempor orci dapibus. Pharetra sit amet aliquam id diam maecenas ultricies mi. Nisl purus in mollis nunc. Imperdiet sed euismod nisi porta. Orci phasellus egestas tellus rutrum tellus pellentesque eu tincidunt tortor. Senectus et netus et malesuada. Orci nulla pellentesque dignissim enim sit amet venenatis urna cursus. Diam vel quam elementum pulvinar etiam non quam. Volutpat sed cras ornare arcu. Etiam sit amet nisl purus. Nunc scelerisque viverra mauris in aliquam sem fringilla ut. Massa tempor nec feugiat nisl pretium fusce id velit. Risus in hendrerit gravida rutrum quisque non tellus orci ac. Semper viverra nam libero justo laoreet sit amet cursus. Urna nunc id cursus metus aliquam eleifend mi in. Commodo viverra maecenas accumsan lacus vel facilisis. Elementum sagittis vitae et leo duis ut diam quam nulla. Fringilla phasellus faucibus scelerisque eleifend donec pretium.\r\n\r\nAdipiscing at in tellus integer feugiat. Sodales neque sodales ut etiam sit amet nisl purus. Dictum at tempor commodo ullamcorper a lacus vestibulum. Quam viverra orci sagittis eu volutpat odio facilisis. Quis eleifend quam adipiscing vitae proin sagittis. Scelerisque varius morbi enim nunc faucibus a pellentesque. Dui ut ornare lectus sit amet est. Pretium nibh ipsum consequat nisl vel. Habitasse platea dictumst quisque sagittis purus sit. Risus quis varius quam quisque id diam vel quam elementum. Pellentesque eu tincidunt tortor aliquam nulla facilisi. Suspendisse interdum consectetur libero id faucibus nisl tincidunt eget nullam. Nisl pretium fusce id velit ut tortor pretium viverra suspendisse. Luctus accumsan tortor posuere ac ut. Pharetra sit amet aliquam id diam maecenas. Scelerisque fermentum dui faucibus in ornare quam. Metus aliquam eleifend mi in nulla posuere sollicitudin aliquam ultrices. Nisl vel pretium lectus quam id leo in vitae. Sem et tortor consequat id porta nibh venenatis cras sed.', NULL, NULL, NULL, NULL, NULL, NULL, NULL, NULL, NULL, NULL, NULL, NULL, NULL, NULL, NULL, NULL, NULL, 3, 1, 1, 1, 3, 3, 1, 3, 3, 'N/A', 1, '2020-08-17', '2020-08-18', 1, 1, NULL, NULL, NULL, NULL, NULL, '3', NULL, '2020-08-20', NULL, NULL, NULL, NULL, NULL, NULL, NULL, NULL, NULL, NULL, NULL, NULL, NULL, NULL, NULL, NULL, NULL, NULL, NULL, NULL, NULL, NULL, NULL, NULL, NULL, NULL, NULL, NULL, NULL, NULL, NULL, NULL, NULL, NULL, NULL, NULL, NULL, NULL, NULL, NULL, NULL, NULL, NULL, NULL, NULL, NULL, NULL, NULL, NULL, '', '##### August 26th, 2020 05:46 PM \n*Transferred to FURY*\n            \n```\nWants a change.\n````\n            \n\n            \n--------------\n\n            \n', 'Wants to try to resolve the dispute informally, and wishes to dismiss case WITHOUT prejudice.', 'Good', 0, 'He explained everything. No problems now.', NULL, NULL, NULL, '2020-09-14 11:25:46', NULL, '2020-07-31 11:10:44', '2020-09-14 11:25:46', NULL, NULL, NULL, NULL, NULL, NULL, NULL, NULL, NULL, NULL, NULL, NULL, NULL, NULL, NULL, NULL, NULL, NULL, NULL, NULL, NULL, NULL, NULL, NULL, NULL, NULL, NULL, NULL, NULL, NULL, NULL, NULL, NULL, 0, NULL, NULL, NULL, NULL, NULL, NULL, NULL, NULL, NULL, NULL, NULL, NULL, NULL, NULL, NULL, NULL, NULL, NULL, NULL, NULL, NULL, NULL, NULL, NULL, NULL, NULL, NULL, NULL, NULL, NULL, NULL, NULL, NULL, NULL, NULL, NULL, NULL, NULL, NULL, NULL, NULL, NULL, NULL, NULL, NULL, NULL, NULL, NULL, NULL, NULL, NULL, NULL, NULL, NULL, NULL, NULL, NULL, NULL, NULL, NULL, NULL, NULL, NULL, NULL, NULL, NULL),
('2a808c60-eee9-11ea-bba5-3194efd957d2', '0d3be480-1c4c-11ea-aa03-a120a2cb7873', '68abdf10-413e-11ea-bf89-819337ccb3c6', '68abdea0-413e-11ea-a5e6-3b1bbba2e0a5', NULL, 'Signed Fee Agreement & Retainer Received', 'Lit', NULL, '2020-09-04 20:15:13', 'Google Ads', NULL, 'Betty', 'Boop', 'bboop@boopindustries.com', 'Boop Industries, Inc.', '(949) 555-8888', 'Business dispute.', 1, 'Blah Blah Blah', 'Converted', '2020-09-04 20:04:56', 'Yes', '(949) 555-8888', '2020-09-07', '09:30', '450.00', 'No', 'No', 'N/A', NULL, NULL, NULL, NULL, NULL, NULL, NULL, NULL, NULL, 'N/A', 'United Federation of Planets, Inc.', 'Blah Blah Blah.', 'Blah Blah Blah.', NULL, NULL, NULL, NULL, NULL, NULL, NULL, NULL, NULL, NULL, NULL, NULL, NULL, NULL, NULL, NULL, NULL, 3, 1, 3, 1, 3, 1, 1, 3, 3, 'Blah; Blah; Blah', 1, '2020-09-07', '2020-09-08', 1, 1, 'No', NULL, NULL, NULL, NULL, '5', '2020-10-19', '2019-05-16', '2021-05-21', 14, NULL, NULL, NULL, NULL, NULL, NULL, '2019-10-01', NULL, '2019-11-01', '2019-11-01', '2020-10-19', '2019-11-22', '2019-11-22', '2019-11-22', 'See Atty-Client \"Notes re Responses to Set 1 of Discovery.\"', '2020-06-08', NULL, 1, NULL, 1, 'See notes in Atty-Client \"Intended Experts.\"', NULL, NULL, NULL, NULL, NULL, NULL, NULL, NULL, NULL, NULL, NULL, NULL, NULL, NULL, NULL, NULL, NULL, NULL, NULL, NULL, NULL, NULL, NULL, NULL, NULL, NULL, '', NULL, NULL, 'Good', 0, NULL, NULL, NULL, NULL, NULL, NULL, '2020-09-04 19:59:39', '2020-10-28 13:17:53', '2019-10-01', 'Loony Toons, LLC', 0, '1uTaH2bO1u78TZwQIVgH9eqXKceE3bkCwKp5P1r3.pdf', 0, NULL, 0, NULL, 1, 1, NULL, 1, 'Billy Schwartz, CEO of Loony Toons, LLC\r\nJon Plumpy, current voice actor at Loony Toons, LLC', 1, 1, 'Laura Ingells, former agent at Loony Toons, LLC\r\nGary Schandling, former voice actor at Loony Toons, LLC', NULL, NULL, NULL, 1, NULL, NULL, NULL, NULL, NULL, NULL, NULL, NULL, NULL, NULL, NULL, NULL, 'Jury Trial', 0, NULL, NULL, NULL, NULL, NULL, NULL, NULL, NULL, NULL, NULL, NULL, NULL, NULL, NULL, NULL, NULL, NULL, NULL, NULL, NULL, NULL, NULL, NULL, NULL, NULL, NULL, NULL, NULL, NULL, NULL, NULL, NULL, NULL, NULL, NULL, NULL, NULL, NULL, NULL, NULL, NULL, NULL, NULL, NULL, NULL, NULL, NULL, NULL, NULL, NULL, NULL, NULL, NULL, NULL, NULL, NULL, NULL, NULL, NULL, NULL, NULL, NULL, NULL, NULL, NULL, NULL);
INSERT INTO `elysium_clients` (`id`, `team_id`, `intake_attorney_id`, `lead_attorney_id`, `support_attorney_id`, `converted_status`, `case_type`, `client_temperament`, `client_temperament_date`, `marketing_information`, `other_lead_source_details`, `first_name`, `last_name`, `email`, `company`, `phone`, `facts`, `conflict_check`, `call_notes`, `call_one_hour_result`, `call_one_hour_result_date`, `consultation_completed`, `consultation_conf_phone`, `consultation_conf_date`, `consultation_conf_time`, `consultation_fees`, `consultation_payment_information_received`, `consultation_payment_processed`, `consultation_docs_received_pre_consult`, `intake_who_are_we_representing`, `intake_primary_address`, `intake_primary_phone_numbers`, `intake_primary_emails`, `intake_retainer_box`, `intake_estimate`, `intake_estimate_other`, `intake_fee_agreement_transmittal`, `intake_fee_agreement_transmittal_other`, `caseinfo_pending_deadlines`, `caseinfo_opposing_side`, `caseinfo_provided_facts`, `caseinfo_intake_atty_notes`, `scope_due_diligence`, `scope_adr_demand_letters`, `scope_idr_demand_letters`, `scope_prepare_opinion_letter`, `scope_bpp_gen_corp`, `scope_prosecute_new_lawsuit`, `scope_prosecute_active_lawsuit`, `scope_prosecute_court`, `scope_prosecute_number`, `scope_prosecute_name`, `scope_defend_lawsuit`, `scope_defend_court`, `scope_defend_number`, `scope_defend_name`, `scope_arbitration`, `scope_arbitration_number`, `scope_arbitration_name`, `docs_ccrs`, `docs_emails`, `docs_pictures`, `docs_timeline`, `docs_minutes`, `docs_agreements`, `docs_corp_docs`, `docs_emp_docs`, `docs_lit_docs`, `docs_other`, `fee_agrement_sent_to_client`, `fee_agreement_sent_date`, `fee_agreement_follow_up_date`, `fee_agreement_received_no_retainer`, `fee_retainer_received_no_fee_agreement`, `conflict_waiver_necessary`, `conflict_waiver_sent_to_pc`, `conflict_waiver_sent_date`, `conflict_waiver_follow_up_date`, `conflict_waiver_received_by_all_clients`, `rating`, `client_last_contacted_date`, `date_retained`, `trial_date`, `trial_length`, `mediation_date`, `is_settled`, `party`, `intake_attorney_user_id`, `lead_associate_user_id`, `support_associate_1_user_id`, `client_intro_letter_sent_date`, `client_intro_notice_of_representation_sent_date`, `dd_ladd_commenced_date`, `dd_ladd_completed_date`, `dd_ladd_sent_to_client_date`, `first_filing_draft_sent_date`, `first_filing_pleading_date`, `discovery_propounded_set_1_date`, `discovery_propounded_set_1_notes`, `discovery_propounded_set_2_date`, `discovery_propounded_set_2_notes`, `discovery_depositions_completed`, `discovery_depositions_notes`, `discovery_expert_designations_completed`, `discovery_expert_designations_notes`, `pt_dispositive_motions_filed_date`, `pt_msc_attended_date`, `pt_trial_commenced_date`, `pt_trial_completed_date`, `pt_motions_filed_date`, `intake_pending_deadlines`, `intake_opposing_side`, `intake_pc_provided_facts`, `intake_atty_notes`, `prelim_analysis_commenced_date`, `prelim_analysis_completed_date`, `prelim_client_update_sent_date`, `adr_draft_demand_sent_to_client_date`, `adr_demand_letters_sent_date`, `adr_final_letters_sent_to_client_date`, `med_information_neg_commenced`, `med_demand_accepted_by_client`, `med_demand_accepted_by_client_date`, `med_confidential_brief_completed`, `med_confidential_brief_sent_to_client`, `med_scheduled_date`, `med_attended_date`, `med_settlement_agreement_drafted_date`, `med_settlement_agreement_executed_date`, `litigation_meeting_requested_date`, `litigation_meeting_completed_date`, `reason_for_transfer`, `transfer_log`, `reason_for_deactivate`, `authorization`, `has_red_flag`, `red_flag_notes`, `offboarded_reason`, `converted_at`, `settled_at`, `deactivated_at`, `offboarded_at`, `created_at`, `updated_at`, `completion_date`, `matter`, `has_current_proof_of_service`, `current_proof_of_service`, `has_local_rules`, `local_rules`, `has_local_local_rules`, `local_local_rules`, `discovery_set_1_satisfactory_response_received`, `discovery_set_1_send_client_propounded_discovery`, `discovery_set_2_satisfactory_response_received`, `discovery_set_2_send_client_propounded_discovery`, `discovery_deposition_outline_prepared`, `discovery_deposition_all_planned_completed`, `discovery_intend_nonparty_depositions`, `discovery_intent_nonparty_depositions_notes`, `discovery_nonparty_depositions_outline_prepared`, `discovery_nonparty_depositions_completed`, `discovery_nonparty_depositions_documents_obtained`, `discovery_expert_demand_exchange`, `pt_intend_complete_page_line_depo_summ`, `pt_have_logged_depo_transcripts`, `pt_have_completed_exam_outlines`, `pt_have_met_trial_witnesses`, `pt_have_completed_exhibit_list`, `pt_have_marked_exhibits`, `pt_have_completed_witness_list`, `pt_have_prepared_opening_statement`, `pt_jury_complete_instructions`, `pt_jury_voir_dire_outline`, `pt_jury_prepare_verdict_form`, `pt_jury_prepare_motions_in_limine`, `jury_trial_court_trial`, `is_mailing_address`, `address_line_1`, `address_line_2`, `city`, `state`, `postal_code`, `pt_date_of_jury`, `pt_filing_date_of_notice_of_entry_of_judgment`, `pt_filing_date_of_notice_of_entry_of_judgment_notes`, `pt_indend_to_file_a_motion_for_new_trial`, `pt_indend_to_file_a_jnov`, `pt_indend_to_file_motion_for_attorney_fees`, `pt_indend_to_file_a_memo_of_costs`, `pt_indend_to_file_an_appeal`, `pt_indend_to_file_an_appeal_date`, `trans_scope_of_rep`, `trans_entity_type`, `trans_soi_deadline`, `trans_ci_init_scope`, `trans_ci_completed_all_ci_init_date`, `trans_fd_filed_articles_of_inc_date`, `trans_fd_filed_articles_of_org_date`, `trans_fd_bylaws_date`, `trans_fd_ein_date`, `trans_fd_fbn_date`, `trans_fd_ftb_no_date`, `trans_fd_initial_minutes_date`, `trans_fd_initial_soi_date`, `trans_fd_operating_agreement_date`, `trans_fd_partnership_agreement_date`, `trans_fd_shareholder_agreement_date`, `trans_fd_sent_completed_formation_docs_to_client_date`, `trans_el_signed_receipt_of_handbook`, `trans_el_handbook_compliant_date`, `trans_el_signed_receipt_of_emp_agreements`, `trans_el_emp_agreements_compliant_date`, `trans_el_code_28105_date`, `trans_el_drafted_vehicle_use_agreement`, `trans_el_drafted_drug_testing_consent`, `trans_el_drafted_emp_performance_review`, `trans_el_prepared_letter_to_clients_emp_v_ind_contractors`, `trans_el_prepared_letter_to_clients_emp_v_ind_contractors_date`, `trans_el_prepared_letter_to_clients_exempt_v_nonexempt`, `trans_el_prepared_letter_to_clients_exempt_v_nonexempt_date`, `trans_el_prepared_letter_to_clients_re_drug_consent_laws`, `trans_el_prepared_letter_to_clients_re_drug_consent_laws_date`, `trans_el_prepared_letter_to_clients_re_performance_reviews`, `trans_el_prepared_letter_to_clients_re_performance_reviews_date`, `trans_ip_nda_date`, `trans_ip_tm_word_fed_date`, `trans_ip_tm_design_fed_date`, `trans_ip_tm_word_ca_date`, `trans_ip_tm_design_ca_date`, `trans_ip_patents`, `trans_ip_copyrights`, `trans_ac_annual_shareholder_minutes_date`, `trans_ac_annual_board_minutes_date`, `trans_ac_annual_member_meeting_minutes_date`, `trans_ac_annual_manager_meeting_minutes_date`, `trans_ac_soi_filed_date`, `trans_ac_new_laws_letter_date`, `trans_ac_new_laws_req_update_emp_docs`, `trans_ac_new_laws_req_update_emp_docs_date`, `trans_dl_soi_deadline_date`, `trans_dl_fbn_deadline_date`, `trans_dl_tm_deadlines`, `trans_dl_other_deadlines`) VALUES
('2b2e2d10-d735-11ea-948a-e9e8fc73d8ac', '0d3be480-1c4c-11ea-aa03-a120a2cb7873', '993e5360-d674-11ea-9f58-773694061717', '68abdea0-413e-11ea-a5e6-3b1bbba2e0a5', '68abdf10-413e-11ea-bf89-819337ccb3c6', 'Agreement + Retainer', 'Lit', '5', '2020-08-24 16:44:36', 'Referral', NULL, 'Tony', 'Stark', 'tstark@stark.com', 'Stark Industries', '(714) 123-4567', 'Vulputate odio ut enim blandit volutpat. Volutpat lacus laoreet non curabitur. Tristique nulla aliquet enim tortor at auctor urna nunc id. Elementum facilisis leo vel fringilla est ullamcorper eget nulla. Malesuada proin libero nunc consequat interdum varius sit. Quis ipsum suspendisse ultrices gravida dictum. \r\n\r\nAliquam malesuada bibendum arcu vitae elementum curabitur vitae nunc sed. Suspendisse sed nisi lacus sed viverra tellus in hac. In iaculis nunc sed augue lacus viverra vitae congue. Sed velit dignissim sodales ut eu sem integer vitae justo. Cras sed felis eget velit aliquet sagittis. Sit amet commodo nulla facilisi nullam vehicula ipsum. Bibendum neque egestas congue quisque. Nisi est sit amet facilisis.', 0, 'Quis lectus nulla at volutpat diam ut venenatis tellus. Quis ipsum suspendisse ultrices gravida dictum fusce. Morbi leo urna molestie at. Quis varius quam quisque id diam vel quam. Proin nibh nisl condimentum id. Eleifend quam adipiscing vitae proin sagittis nisl rhoncus. Tellus at urna condimentum mattis pellentesque id nibh. Cras sed felis eget velit aliquet sagittis id consectetur. Et netus et malesuada fames. Et odio pellentesque diam volutpat commodo sed. Egestas erat imperdiet sed euismod nisi porta. Venenatis cras sed felis eget.', 'Converted', '2020-08-05 09:06:40', NULL, '(714) 123-4567', '2020-08-07', '14:30', '450.00', 'No', 'No', 'No', NULL, NULL, NULL, NULL, NULL, NULL, NULL, NULL, NULL, 'Complaint served on July 20, 2020; Answer due on August 21, 2020.', 'Plaintiff is Bad Guys, Inc.', 'Sem et tortor consequat id. Id leo in vitae turpis massa sed. Vitae et leo duis ut. Sagittis purus sit amet volutpat consequat mauris nunc. Tempor orci eu lobortis elementum. Tincidunt vitae semper quis lectus nulla at. Erat pellentesque adipiscing commodo elit at imperdiet dui. Morbi tristique senectus et netus et malesuada fames. Fames ac turpis egestas integer eget aliquet nibh praesent tristique. Tellus molestie nunc non blandit massa enim nec dui. Ullamcorper sit amet risus nullam. Fringilla ut morbi tincidunt augue interdum. Faucibus interdum posuere lorem ipsum. Posuere lorem ipsum dolor sit amet consectetur. Mollis nunc sed id semper risus in hendrerit gravida rutrum. Est sit amet facilisis magna. Diam ut venenatis tellus in metus vulputate eu. Etiam erat velit scelerisque in dictum non. Arcu non odio euismod lacinia at quis risus.\r\n\r\nPurus ut faucibus pulvinar elementum integer enim neque volutpat ac. Porttitor eget dolor morbi non arcu. Penatibus et magnis dis parturient montes. In vitae turpis massa sed elementum tempus egestas. Quis ipsum suspendisse ultrices gravida dictum fusce ut placerat. In fermentum posuere urna nec. Feugiat sed lectus vestibulum mattis ullamcorper. Lacus viverra vitae congue eu consequat ac felis. Donec et odio pellentesque diam volutpat commodo sed egestas egestas.', 'Eu tincidunt tortor aliquam nulla facilisi cras fermentum odio eu. \r\n\r\nQuis vel eros donec ac odio tempor orci dapibus. Pharetra sit amet aliquam id diam maecenas ultricies mi. Nisl purus in mollis nunc. Imperdiet sed euismod nisi porta. Orci phasellus egestas tellus rutrum tellus pellentesque eu tincidunt tortor. Senectus et netus et malesuada. \r\n\r\nOrci nulla pellentesque dignissim enim sit amet venenatis urna cursus. Diam vel quam elementum pulvinar etiam non quam. Volutpat sed cras ornare arcu. Etiam sit amet nisl purus. Nunc scelerisque viverra mauris in aliquam sem fringilla ut. Massa tempor nec feugiat nisl pretium fusce id velit. \r\n\r\nRisus in hendrerit gravida rutrum quisque non tellus orci ac. Semper viverra nam libero justo laoreet sit amet cursus. Urna nunc id cursus metus aliquam eleifend mi in. Commodo viverra maecenas accumsan lacus vel facilisis. Elementum sagittis vitae et leo duis ut diam quam nulla. Fringilla phasellus faucibus scelerisque eleifend donec pretium.', NULL, NULL, NULL, NULL, NULL, NULL, NULL, NULL, NULL, NULL, NULL, NULL, NULL, NULL, NULL, NULL, NULL, 0, 1, 1, 0, 0, 1, 1, 0, 1, NULL, NULL, '2020-08-05', '2020-08-07', 0, 0, NULL, NULL, NULL, NULL, NULL, '4', '2020-10-01', '2020-08-11', NULL, NULL, NULL, NULL, NULL, NULL, NULL, NULL, '2020-08-05', NULL, '2020-08-12', NULL, NULL, NULL, NULL, NULL, NULL, NULL, NULL, NULL, NULL, NULL, NULL, NULL, NULL, NULL, NULL, NULL, NULL, NULL, NULL, NULL, NULL, NULL, NULL, NULL, NULL, NULL, NULL, NULL, NULL, NULL, NULL, NULL, NULL, NULL, NULL, NULL, NULL, '', NULL, NULL, 'Good', 0, NULL, NULL, NULL, NULL, NULL, NULL, '2020-08-05 09:03:14', '2020-11-20 09:07:10', NULL, 'debug', NULL, '2b2e2d10-d735-11ea-948a-e9e8fc73d8ac-uploads/POS-Mail.pdf', NULL, NULL, NULL, NULL, NULL, NULL, NULL, NULL, NULL, NULL, NULL, NULL, NULL, NULL, NULL, NULL, NULL, NULL, NULL, NULL, NULL, NULL, NULL, NULL, NULL, NULL, NULL, NULL, 'Jury Trial', 0, NULL, NULL, NULL, NULL, NULL, NULL, NULL, NULL, NULL, NULL, NULL, NULL, NULL, NULL, NULL, NULL, NULL, NULL, NULL, NULL, NULL, NULL, NULL, NULL, NULL, NULL, NULL, NULL, NULL, NULL, NULL, NULL, NULL, NULL, NULL, NULL, NULL, NULL, NULL, NULL, NULL, NULL, NULL, NULL, NULL, NULL, NULL, NULL, NULL, NULL, NULL, NULL, NULL, NULL, NULL, NULL, NULL, NULL, NULL, NULL, NULL, NULL, NULL, NULL, NULL, NULL),
('2d6f2a30-f6a9-11ea-8b70-03c44c8a7b7a', '', NULL, NULL, NULL, NULL, 'Potential', '', NULL, 'Radio', NULL, 'Marly', 'Hanson', NULL, 'N/A', '(818) 777-4587', 'Weird vibe with this person. Couldn\'t figure out what the issue was. Insists on scheduling a free in person consultation.', NULL, NULL, NULL, NULL, NULL, '(818) 777-4587', NULL, NULL, '450.00', NULL, NULL, NULL, NULL, NULL, NULL, NULL, NULL, NULL, NULL, NULL, NULL, NULL, NULL, NULL, NULL, NULL, NULL, NULL, NULL, NULL, NULL, NULL, NULL, NULL, NULL, NULL, NULL, NULL, NULL, NULL, NULL, NULL, NULL, NULL, NULL, NULL, NULL, NULL, NULL, NULL, NULL, NULL, NULL, NULL, NULL, NULL, NULL, NULL, NULL, NULL, NULL, NULL, '1', NULL, NULL, NULL, NULL, NULL, NULL, NULL, NULL, NULL, NULL, NULL, NULL, NULL, NULL, NULL, NULL, NULL, NULL, NULL, NULL, NULL, NULL, NULL, NULL, NULL, NULL, NULL, NULL, NULL, NULL, NULL, NULL, NULL, NULL, NULL, NULL, NULL, NULL, NULL, NULL, NULL, NULL, NULL, NULL, NULL, NULL, NULL, NULL, NULL, NULL, NULL, '', NULL, NULL, 'Good', 1, 'Weird vibe with this person. Couldn\'t figure out what the issue was. Insists on scheduling a free in person consultation.', 'Crazy, crazy, crazy.', NULL, NULL, NULL, '2020-09-14 16:43:50', '2020-09-14 16:41:46', '2020-09-14 16:43:50', NULL, NULL, NULL, NULL, NULL, NULL, NULL, NULL, NULL, NULL, NULL, NULL, NULL, NULL, NULL, NULL, NULL, NULL, NULL, NULL, NULL, NULL, NULL, NULL, NULL, NULL, NULL, NULL, NULL, NULL, NULL, NULL, NULL, 0, NULL, NULL, NULL, NULL, NULL, NULL, NULL, NULL, NULL, NULL, NULL, NULL, NULL, NULL, NULL, NULL, NULL, NULL, NULL, NULL, NULL, NULL, NULL, NULL, NULL, NULL, NULL, NULL, NULL, NULL, NULL, NULL, NULL, NULL, NULL, NULL, NULL, NULL, NULL, NULL, NULL, NULL, NULL, NULL, NULL, NULL, NULL, NULL, NULL, NULL, NULL, NULL, NULL, NULL, NULL, NULL, NULL, NULL, NULL, NULL, NULL, NULL, NULL, NULL, NULL, NULL),
('2f5dfaa0-154e-11eb-abe6-9b714844d588', '', NULL, NULL, NULL, NULL, 'Potential', '', NULL, NULL, NULL, 'Daniel', 'Rand', NULL, NULL, NULL, NULL, NULL, NULL, NULL, NULL, NULL, NULL, NULL, NULL, '450.00', NULL, NULL, NULL, NULL, NULL, NULL, NULL, NULL, NULL, NULL, NULL, NULL, NULL, NULL, NULL, NULL, NULL, NULL, NULL, NULL, NULL, NULL, NULL, NULL, NULL, NULL, NULL, NULL, NULL, NULL, NULL, NULL, NULL, NULL, NULL, NULL, NULL, NULL, NULL, NULL, NULL, NULL, NULL, NULL, NULL, NULL, NULL, NULL, NULL, NULL, NULL, NULL, NULL, '4', NULL, NULL, NULL, NULL, NULL, NULL, NULL, NULL, NULL, NULL, NULL, NULL, NULL, NULL, NULL, NULL, NULL, NULL, NULL, NULL, NULL, NULL, NULL, NULL, NULL, NULL, NULL, NULL, NULL, NULL, NULL, NULL, NULL, NULL, NULL, NULL, NULL, NULL, NULL, NULL, NULL, NULL, NULL, NULL, NULL, NULL, NULL, NULL, NULL, NULL, NULL, NULL, NULL, NULL, 'Good', 0, NULL, NULL, NULL, NULL, NULL, NULL, '2020-10-23 09:38:31', '2020-10-23 09:38:31', NULL, 'Glowspot Manufacturing Co.', NULL, NULL, NULL, NULL, NULL, NULL, NULL, NULL, NULL, NULL, NULL, NULL, NULL, NULL, NULL, NULL, NULL, NULL, NULL, NULL, NULL, NULL, NULL, NULL, NULL, NULL, NULL, NULL, NULL, NULL, NULL, 0, NULL, NULL, NULL, NULL, NULL, NULL, NULL, NULL, NULL, NULL, NULL, NULL, NULL, NULL, NULL, NULL, NULL, NULL, NULL, NULL, NULL, NULL, NULL, NULL, NULL, NULL, NULL, NULL, NULL, NULL, NULL, NULL, NULL, NULL, NULL, NULL, NULL, NULL, NULL, NULL, NULL, NULL, NULL, NULL, NULL, NULL, NULL, NULL, NULL, NULL, NULL, NULL, NULL, NULL, NULL, NULL, NULL, NULL, NULL, NULL, NULL, NULL, NULL, NULL, NULL, NULL),
('3c226c60-d36f-11ea-b2df-7d702243719d', '07120d90-1c4c-11ea-b48f-fdb6471faf39', '68abcff0-413e-11ea-85fb-5781b29b9597', '68abcff0-413e-11ea-85fb-5781b29b9597', '68abd630-413e-11ea-a004-530999362658', 'Agreement + Retainer', 'Pre-Lit', '4', '2020-08-05 12:22:03', 'Google Ads', NULL, 'Clark', 'Kent', 'ckent@dp.com', 'The Box Store', '(949) 555-8787', 'Sit amet justo donec enim diam vulputate ut pharetra. Eu feugiat pretium nibh ipsum consequat nisl. Urna neque viverra justo nec ultrices. Commodo nulla facilisi nullam vehicula ipsum a arcu.', 1, 'Call went well. Great guy.', 'Converted', '2020-08-04 11:05:51', NULL, '(949) 874-5548', '2020-08-27', '13:30', '450.00', 'Yes', 'Yes', 'No', NULL, NULL, NULL, NULL, NULL, NULL, NULL, NULL, NULL, 'N/A', 'N/A', 'N/A', 'Morbi blandit cursus risus at ultrices mi. Quis imperdiet massa tincidunt nunc pulvinar sapien et. Ac tincidunt vitae semper quis lectus. Eget sit amet tellus cras adipiscing enim eu turpis egestas. Vitae et leo duis ut diam quam nulla porttitor massa. Neque egestas congue quisque egestas. Orci phasellus egestas tellus rutrum tellus pellentesque eu tincidunt. Viverra justo nec ultrices dui sapien eget. Vitae tortor condimentum lacinia quis. Quis imperdiet massa tincidunt nunc pulvinar sapien et ligula ullamcorper. Nam libero justo laoreet sit amet cursus sit amet dictum.\r\n\r\nQuis lectus nulla at volutpat diam ut venenatis tellus. Quis ipsum suspendisse ultrices gravida dictum fusce. Morbi leo urna molestie at. Quis varius quam quisque id diam vel quam. Proin nibh nisl condimentum id. Eleifend quam adipiscing vitae proin sagittis nisl rhoncus. Tellus at urna condimentum mattis pellentesque id nibh. Cras sed felis eget velit aliquet sagittis id consectetur. Et netus et malesuada fames. Et odio pellentesque diam volutpat commodo sed. Egestas erat imperdiet sed euismod nisi porta. Venenatis cras sed felis eget.\r\n\r\nSed lectus vestibulum mattis ullamcorper velit sed ullamcorper morbi tincidunt. Magna ac placerat vestibulum lectus mauris ultrices eros in cursus. Mattis pellentesque id nibh tortor id aliquet lectus. In fermentum et sollicitudin ac orci phasellus egestas tellus rutrum. Lectus mauris ultrices eros in cursus turpis massa tincidunt dui. Ligula ullamcorper malesuada proin libero nunc consequat interdum. Sed libero enim sed faucibus turpis in eu mi bibendum. Aliquam nulla facilisi cras fermentum. Sem viverra aliquet eget sit amet. Laoreet non curabitur gravida arcu ac tortor dignissim convallis aenean. Ultrices vitae auctor eu augue. Netus et malesuada fames ac turpis egestas. At quis risus sed vulputate odio ut enim blandit. Egestas integer eget aliquet nibh praesent.', NULL, NULL, NULL, NULL, NULL, NULL, NULL, NULL, NULL, NULL, NULL, NULL, NULL, NULL, NULL, NULL, NULL, 0, 1, 1, 0, 0, 1, 1, 1, NULL, NULL, 1, '2020-08-04', '2020-08-06', 0, 0, NULL, NULL, NULL, NULL, NULL, '5', NULL, '2020-08-04', NULL, NULL, NULL, NULL, NULL, NULL, NULL, NULL, NULL, NULL, NULL, NULL, NULL, NULL, NULL, NULL, NULL, NULL, NULL, NULL, NULL, NULL, NULL, NULL, NULL, NULL, NULL, NULL, NULL, NULL, NULL, NULL, '2020-08-10', '2020-08-17', '2020-08-18', NULL, NULL, NULL, '1900-01-01', 3, NULL, '1900-01-01', NULL, '1900-01-01', '2020-08-26', '1900-01-01', '1900-01-01', NULL, NULL, '', NULL, NULL, 'Good', 0, NULL, NULL, NULL, NULL, NULL, NULL, '2020-07-31 13:48:49', '2020-09-02 18:20:33', NULL, NULL, NULL, NULL, NULL, NULL, NULL, NULL, NULL, NULL, NULL, NULL, NULL, NULL, NULL, NULL, NULL, NULL, NULL, NULL, NULL, NULL, NULL, NULL, NULL, NULL, NULL, NULL, NULL, NULL, NULL, NULL, NULL, 0, NULL, NULL, NULL, NULL, NULL, NULL, NULL, NULL, NULL, NULL, NULL, NULL, NULL, NULL, NULL, NULL, NULL, NULL, NULL, NULL, NULL, NULL, NULL, NULL, NULL, NULL, NULL, NULL, NULL, NULL, NULL, NULL, NULL, NULL, NULL, NULL, NULL, NULL, NULL, NULL, NULL, NULL, NULL, NULL, NULL, NULL, NULL, NULL, NULL, NULL, NULL, NULL, NULL, NULL, NULL, NULL, NULL, NULL, NULL, NULL, NULL, NULL, NULL, NULL, NULL, NULL),
('3d843950-f917-11ea-983c-7f85243a64f8', '', NULL, NULL, NULL, NULL, 'Potential', '', NULL, 'Google Ads', NULL, 'Bob', 'Redskull', 'badguy@smallwiener.com', 'Smert, Inc.', '(818) 457-9963', 'Wants to blah the blah blah blah blah.', 1, NULL, NULL, NULL, NULL, '(818) 457-9963', NULL, NULL, '450.00', NULL, NULL, NULL, NULL, NULL, NULL, NULL, NULL, NULL, NULL, NULL, NULL, NULL, NULL, NULL, NULL, NULL, NULL, NULL, NULL, NULL, NULL, NULL, NULL, NULL, NULL, NULL, NULL, NULL, NULL, NULL, NULL, NULL, NULL, NULL, NULL, NULL, NULL, NULL, NULL, NULL, NULL, NULL, NULL, NULL, NULL, NULL, NULL, NULL, NULL, NULL, NULL, NULL, '5', NULL, NULL, NULL, NULL, NULL, NULL, NULL, NULL, NULL, NULL, NULL, NULL, NULL, NULL, NULL, NULL, NULL, NULL, NULL, NULL, NULL, NULL, NULL, NULL, NULL, NULL, NULL, NULL, NULL, NULL, NULL, NULL, NULL, NULL, NULL, NULL, NULL, NULL, NULL, NULL, NULL, NULL, NULL, NULL, NULL, NULL, NULL, NULL, NULL, NULL, NULL, '', NULL, NULL, 'Good', 0, NULL, NULL, NULL, NULL, NULL, NULL, '2020-09-17 11:54:39', '2020-10-12 10:19:22', NULL, 'Bad Guys, Inc.', NULL, NULL, NULL, NULL, NULL, NULL, NULL, NULL, NULL, NULL, NULL, NULL, NULL, NULL, NULL, NULL, NULL, NULL, NULL, NULL, NULL, NULL, NULL, NULL, NULL, NULL, NULL, NULL, NULL, NULL, NULL, 0, NULL, NULL, NULL, NULL, NULL, NULL, NULL, NULL, NULL, NULL, NULL, NULL, NULL, NULL, NULL, NULL, NULL, NULL, NULL, NULL, NULL, NULL, NULL, NULL, NULL, NULL, NULL, NULL, NULL, NULL, NULL, NULL, NULL, NULL, NULL, NULL, NULL, NULL, NULL, NULL, NULL, NULL, NULL, NULL, NULL, NULL, NULL, NULL, NULL, NULL, NULL, NULL, NULL, NULL, NULL, NULL, NULL, NULL, NULL, NULL, NULL, NULL, NULL, NULL, NULL, NULL),
('5119a820-f779-11ea-ade8-d3fc56014cf6', '', NULL, NULL, NULL, NULL, 'Potential', '', NULL, 'Google Ads', NULL, 'Barry', 'Allen', 'ballen@starcitypd.gov', 'N/A', '(949) 214-8796', 'HOA dispute.', 1, NULL, NULL, NULL, NULL, NULL, NULL, NULL, '450.00', NULL, NULL, NULL, NULL, NULL, NULL, NULL, NULL, NULL, NULL, NULL, NULL, NULL, NULL, NULL, NULL, NULL, NULL, NULL, NULL, NULL, NULL, NULL, NULL, NULL, NULL, NULL, NULL, NULL, NULL, NULL, NULL, NULL, NULL, NULL, NULL, NULL, NULL, NULL, NULL, NULL, NULL, NULL, NULL, NULL, NULL, NULL, NULL, NULL, NULL, NULL, NULL, NULL, '4', NULL, NULL, NULL, NULL, NULL, NULL, NULL, NULL, NULL, NULL, NULL, NULL, NULL, NULL, NULL, NULL, NULL, NULL, NULL, NULL, NULL, NULL, NULL, NULL, NULL, NULL, NULL, NULL, NULL, NULL, NULL, NULL, NULL, NULL, NULL, NULL, NULL, NULL, NULL, NULL, NULL, NULL, NULL, NULL, NULL, NULL, NULL, NULL, NULL, NULL, NULL, '', NULL, NULL, 'Good', 0, NULL, NULL, NULL, NULL, NULL, NULL, '2020-09-15 10:31:41', '2020-10-01 09:29:08', NULL, 'Canyon Estates HOA', NULL, NULL, NULL, NULL, NULL, NULL, NULL, NULL, NULL, NULL, NULL, NULL, NULL, NULL, NULL, NULL, NULL, NULL, NULL, NULL, NULL, NULL, NULL, NULL, NULL, NULL, NULL, NULL, NULL, NULL, NULL, 0, NULL, NULL, NULL, NULL, NULL, NULL, NULL, NULL, NULL, NULL, NULL, NULL, NULL, NULL, NULL, NULL, NULL, NULL, NULL, NULL, NULL, NULL, NULL, NULL, NULL, NULL, NULL, NULL, NULL, NULL, NULL, NULL, NULL, NULL, NULL, NULL, NULL, NULL, NULL, NULL, NULL, NULL, NULL, NULL, NULL, NULL, NULL, NULL, NULL, NULL, NULL, NULL, NULL, NULL, NULL, NULL, NULL, NULL, NULL, NULL, NULL, NULL, NULL, NULL, NULL, NULL),
('5c251370-154f-11eb-8a98-9dec147d9675', 'a5e8b1b0-d36b-11ea-83dd-37fdd3b8cdb2', '68abd5a0-413e-11ea-9326-7b3c689c909b', '68abd990-413e-11ea-a32e-d1d5362e3b7d', NULL, 'Signed Fee Agreement & Retainer Received', 'Transactional', '', NULL, 'Referral', 'Guy Gardener', 'Kyle', 'Rayner', 'krayner@greenconsulting.com', 'Green Consulting Corp.', '(949) 851-2244', 'Wants Gen Corp.', NULL, NULL, NULL, NULL, NULL, NULL, NULL, NULL, NULL, NULL, NULL, NULL, NULL, NULL, NULL, NULL, NULL, NULL, NULL, NULL, NULL, NULL, NULL, NULL, NULL, NULL, NULL, NULL, NULL, NULL, NULL, NULL, NULL, NULL, NULL, NULL, NULL, NULL, NULL, NULL, NULL, NULL, NULL, NULL, NULL, NULL, NULL, NULL, NULL, NULL, NULL, NULL, NULL, NULL, NULL, NULL, NULL, NULL, NULL, NULL, NULL, NULL, NULL, '2020-11-03', '2020-10-23', NULL, NULL, NULL, NULL, NULL, NULL, NULL, NULL, NULL, NULL, NULL, NULL, NULL, NULL, NULL, NULL, NULL, NULL, NULL, NULL, NULL, NULL, NULL, NULL, NULL, NULL, NULL, NULL, NULL, NULL, NULL, NULL, NULL, NULL, NULL, NULL, NULL, NULL, NULL, NULL, NULL, NULL, NULL, NULL, NULL, NULL, NULL, NULL, NULL, NULL, NULL, NULL, 'Good', 0, NULL, NULL, NULL, NULL, NULL, NULL, '2020-10-23 09:46:55', '2020-11-03 09:59:26', '2020-11-11', NULL, NULL, NULL, NULL, NULL, NULL, NULL, NULL, NULL, NULL, NULL, NULL, NULL, NULL, NULL, NULL, NULL, NULL, NULL, NULL, NULL, NULL, NULL, NULL, NULL, NULL, NULL, NULL, NULL, NULL, NULL, NULL, 1, '87456 Pacific Ave.', 'Suite 450', 'Irvine', 'CA', '90000', NULL, NULL, NULL, NULL, NULL, NULL, NULL, NULL, NULL, NULL, NULL, NULL, NULL, NULL, NULL, NULL, NULL, NULL, NULL, NULL, NULL, NULL, NULL, NULL, NULL, NULL, NULL, NULL, NULL, NULL, NULL, NULL, NULL, NULL, NULL, NULL, NULL, NULL, NULL, NULL, NULL, NULL, NULL, NULL, NULL, NULL, NULL, NULL, NULL, NULL, NULL, NULL, NULL, NULL, NULL, NULL, NULL, NULL, NULL, NULL, NULL),
('69923750-e7bb-11ea-85f2-a74bd752b80a', 'a5e8b1b0-d36b-11ea-83dd-37fdd3b8cdb2', '68abdf10-413e-11ea-bf89-819337ccb3c6', '68abd990-413e-11ea-a32e-d1d5362e3b7d', '68abd990-413e-11ea-a32e-d1d5362e3b7d', 'Signed Fee Agreement & Retainer Received', 'Transactional', NULL, NULL, 'Referral', 'Bruce Wayne', 'Terry', 'McGinnis', 'tmcginnis@cox.net', 'N/A', '(949) 123-4587', 'Blah Blah Blah. Blah Blah Blah.', 1, 'Vitae semper quis lectus nulla at volutpat diam ut. Purus non enim praesent elementum facilisis leo vel fringilla est. Habitant morbi tristique senectus et netus et malesuada fames ac. Nisl rhoncus mattis rhoncus urna neque. Sed adipiscing diam donec adipiscing.', 'Converted', '2020-10-20 11:30:59', 'Yes', '(949) 123-4587', '2020-10-09', '14:30', '450.00', 'Yes', 'Yes', 'N/A', NULL, NULL, NULL, NULL, NULL, NULL, NULL, NULL, NULL, 'N/A', 'Rhino Records', 'Porttitor lacus luctus accumsan tortor. Dictum non consectetur a erat nam at lectus urna duis. Ultrices vitae auctor eu augue ut. Orci a scelerisque purus semper eget. Tempor orci eu lobortis elementum nibh. Eu tincidunt tortor aliquam nulla facilisi cras fermentum odio eu. Integer quis auctor elit sed vulputate.', 'Luctus accumsan tortor posuere ac ut. Pharetra sit amet aliquam id diam maecenas. Scelerisque fermentum dui faucibus in ornare quam. Metus aliquam eleifend mi in nulla posuere sollicitudin aliquam ultrices. Nisl vel pretium lectus quam id leo in vitae. Sem et tortor consequat id porta nibh venenatis cras sed.\r\n\r\nVitae semper quis lectus nulla at volutpat diam ut. Purus non enim praesent elementum facilisis leo vel fringilla est. Habitant morbi tristique senectus et netus et malesuada fames ac. Nisl rhoncus mattis rhoncus urna neque. Sed adipiscing diam donec adipiscing. Molestie a iaculis at erat pellentesque. Massa enim nec dui nunc mattis enim. Egestas pretium aenean pharetra magna ac placerat. In ante metus dictum at tempor commodo ullamcorper a. A scelerisque purus semper eget duis at tellus. \r\n\r\nPorttitor lacus luctus accumsan tortor. Dictum non consectetur a erat nam at lectus urna duis. Ultrices vitae auctor eu augue ut. Orci a scelerisque purus semper eget. Tempor orci eu lobortis elementum nibh. Eu tincidunt tortor aliquam nulla facilisi cras fermentum odio eu. Integer quis auctor elit sed vulputate.\r\n\r\nClient will provide us with a timeline.', NULL, NULL, NULL, NULL, NULL, NULL, NULL, NULL, NULL, NULL, NULL, NULL, NULL, NULL, NULL, NULL, NULL, 3, 1, 3, 1, 3, 3, 3, 3, 3, 'Proof of use of mark in stream of commerce.', NULL, NULL, NULL, NULL, NULL, NULL, NULL, NULL, NULL, NULL, '5', '2020-10-21', '2020-10-20', NULL, NULL, NULL, NULL, NULL, NULL, NULL, NULL, '2020-10-21', NULL, NULL, NULL, NULL, NULL, NULL, NULL, NULL, NULL, NULL, NULL, NULL, NULL, NULL, NULL, NULL, NULL, NULL, NULL, NULL, NULL, NULL, NULL, NULL, NULL, NULL, NULL, NULL, NULL, NULL, NULL, NULL, NULL, NULL, NULL, NULL, NULL, NULL, NULL, NULL, '', NULL, NULL, 'Good', 0, NULL, NULL, NULL, NULL, NULL, NULL, '2020-08-26 16:44:30', '2020-10-21 13:59:54', '2020-10-19', 'Rhino Records Dispute', 0, NULL, 0, NULL, 0, NULL, NULL, NULL, NULL, NULL, NULL, NULL, NULL, NULL, NULL, NULL, NULL, NULL, NULL, NULL, NULL, NULL, NULL, NULL, NULL, NULL, NULL, NULL, NULL, NULL, NULL, 1, '13 Country Meadow Rd.', 'N/A', 'Gotham City', 'CA', '90807', NULL, NULL, NULL, NULL, NULL, NULL, NULL, NULL, NULL, 'Gen Corp', 'LLC', NULL, 'BPP\r\nAmend Operating Agreement (1st)\r\nPrepare Facility Use Agreement\r\nPrepare Non-Stocking Distribution Agreement', NULL, NULL, '2018-03-05', NULL, '2018-09-05', '2017-02-10', '1900-01-01', '1900-01-01', '2019-01-18', '2019-01-16', NULL, NULL, NULL, 1, '2020-10-21', 1, '2020-10-21', NULL, 0, 0, 0, 0, NULL, 0, NULL, 0, NULL, 0, NULL, '2020-02-04', NULL, NULL, NULL, NULL, 'N/A', 'N/A', NULL, NULL, '1900-01-01', '1900-01-01', '2020-03-02', NULL, NULL, NULL, '2022-03-05', '2022-02-11', NULL, NULL),
('6c351960-2a8c-11eb-812f-2124da182611', '', NULL, NULL, NULL, NULL, 'Potential', '', NULL, NULL, NULL, 'Kate', 'Kane', NULL, NULL, NULL, NULL, NULL, NULL, NULL, NULL, NULL, NULL, NULL, NULL, '450.00', NULL, NULL, NULL, NULL, NULL, NULL, NULL, NULL, NULL, NULL, NULL, NULL, NULL, NULL, NULL, NULL, NULL, NULL, NULL, NULL, NULL, NULL, NULL, NULL, NULL, NULL, NULL, NULL, NULL, NULL, NULL, NULL, NULL, NULL, NULL, NULL, NULL, NULL, NULL, NULL, NULL, NULL, NULL, NULL, NULL, NULL, NULL, NULL, NULL, NULL, NULL, NULL, NULL, '5', NULL, NULL, NULL, NULL, NULL, NULL, NULL, NULL, NULL, NULL, NULL, NULL, NULL, NULL, NULL, NULL, NULL, NULL, NULL, NULL, NULL, NULL, NULL, NULL, NULL, NULL, NULL, NULL, NULL, NULL, NULL, NULL, NULL, NULL, NULL, NULL, NULL, NULL, NULL, NULL, NULL, NULL, NULL, NULL, NULL, NULL, NULL, NULL, NULL, NULL, NULL, NULL, NULL, NULL, 'Good', 0, NULL, NULL, NULL, NULL, NULL, NULL, '2020-11-19 09:26:56', '2020-11-19 09:26:56', NULL, NULL, NULL, NULL, NULL, NULL, NULL, NULL, NULL, NULL, NULL, NULL, NULL, NULL, NULL, NULL, NULL, NULL, NULL, NULL, NULL, NULL, NULL, NULL, NULL, NULL, NULL, NULL, NULL, NULL, NULL, NULL, NULL, 0, NULL, NULL, NULL, NULL, NULL, NULL, NULL, NULL, NULL, NULL, NULL, NULL, NULL, NULL, NULL, NULL, NULL, NULL, NULL, NULL, NULL, NULL, NULL, NULL, NULL, NULL, NULL, NULL, NULL, NULL, NULL, NULL, NULL, NULL, NULL, NULL, NULL, NULL, NULL, NULL, NULL, NULL, NULL, NULL, NULL, NULL, NULL, NULL, NULL, NULL, NULL, NULL, NULL, NULL, NULL, NULL, NULL, NULL, NULL, NULL, NULL, NULL, NULL, NULL, NULL, NULL),
('6cb768b0-f394-11ea-b967-59f498933d6b', '22fa8820-d368-11ea-a881-1b09638c8955', '68abda60-413e-11ea-8fcb-d940f1b7ffa6', '993e5360-d674-11ea-9f58-773694061717', NULL, 'Signed Fee Agreement & Retainer Received', 'Lit', '4', '2020-09-15 09:46:07', 'Google Ads', NULL, 'Peter', 'Quill', 'pq@gog.com', 'N/A', '(949) 888-5555', 'breach of contract', 1, 'Business dispute. UFOP breached a contract with Mr. Kirk and committed other business torts.', 'Converted', '2020-09-10 18:39:12', 'Yes', NULL, '2020-09-14', '09:30', '450.00', 'No', 'No', 'No', NULL, NULL, NULL, NULL, NULL, NULL, NULL, NULL, NULL, 'N/A', 'N/A', 'See Client Timeline.', 'Et leo duis ut diam quam nulla porttitor. Condimentum mattis pellentesque id nibh tortor id aliquet lectus proin. Pulvinar elementum integer enim neque volutpat. Sodales neque sodales ut etiam. Massa tincidunt dui ut ornare lectus sit amet. Dignissim sodales ut eu sem integer. Ut sem viverra aliquet eget sit amet. Diam volutpat commodo sed egestas egestas. Feugiat vivamus at augue eget arcu. Quisque non tellus orci ac. Accumsan lacus vel facilisis volutpat est velit egestas dui id. Tempor orci eu lobortis elementum nibh tellus molestie. Consequat mauris nunc congue nisi vitae suscipit tellus mauris a. Mauris pharetra et ultrices neque ornare aenean.\r\nMalesuada fames ac turpis.', NULL, NULL, NULL, NULL, NULL, NULL, NULL, NULL, NULL, NULL, NULL, NULL, NULL, NULL, NULL, NULL, NULL, 3, 1, 1, 1, 3, 1, 1, 3, 3, 'None.', 1, '2020-09-10', '2020-09-14', 1, 1, 'No', NULL, NULL, NULL, NULL, '4', '2020-10-28', '2019-02-18', '2020-12-24', 15, NULL, NULL, NULL, NULL, NULL, NULL, '2020-09-10', NULL, '2020-09-25', '2020-09-25', '2020-09-28', '2020-10-01', '2020-10-05', NULL, NULL, NULL, NULL, NULL, NULL, NULL, NULL, NULL, NULL, NULL, NULL, NULL, NULL, NULL, NULL, NULL, NULL, NULL, NULL, NULL, NULL, NULL, NULL, NULL, NULL, NULL, NULL, NULL, NULL, NULL, NULL, NULL, NULL, '', NULL, NULL, 'Good', 0, NULL, NULL, NULL, NULL, NULL, NULL, '2020-09-10 18:35:39', '2020-10-28 13:24:14', '2020-09-10', 'Matrix Consulting Services, LLC', 0, '9cjGxp22shlIBzQ9ucLum60Q59BsQDFDYEV2pNye.pdf', 0, NULL, 0, NULL, NULL, NULL, NULL, NULL, NULL, NULL, NULL, NULL, NULL, NULL, NULL, NULL, NULL, NULL, NULL, NULL, NULL, NULL, NULL, NULL, NULL, NULL, NULL, NULL, 'Jury Trial', 0, NULL, NULL, NULL, NULL, NULL, NULL, NULL, NULL, NULL, NULL, NULL, NULL, NULL, NULL, NULL, NULL, NULL, NULL, NULL, NULL, NULL, NULL, NULL, NULL, NULL, NULL, NULL, NULL, NULL, NULL, NULL, NULL, NULL, NULL, NULL, NULL, NULL, NULL, NULL, NULL, NULL, NULL, NULL, NULL, NULL, NULL, NULL, NULL, NULL, NULL, NULL, NULL, NULL, NULL, NULL, NULL, NULL, NULL, NULL, NULL, NULL, NULL, NULL, NULL, NULL, NULL),
('6e938e70-d5a7-11ea-9542-c5790c564cfc', '07120d90-1c4c-11ea-b48f-fdb6471faf39', '68abd6a0-413e-11ea-bc4e-818c36d37590', '68abcff0-413e-11ea-85fb-5781b29b9597', '68abd5a0-413e-11ea-9326-7b3c689c909b', 'Agreement + Retainer', 'Pre-Lit', NULL, '2020-08-05 10:43:58', 'Referral', NULL, 'John', 'Rosenhamburger', 'jr@me.com', 'N/A', '(213) 444-5565', 'Nice guy, but not sure he has as much money to pay for legal services as he says he does.', 1, 'He wants to meet with an attorney.', 'Converted', '2020-08-03 10:31:08', NULL, '(213) 444-5565', '2020-08-20', '10:30', '450.00', 'Yes', 'No', 'No', NULL, NULL, NULL, NULL, NULL, NULL, NULL, NULL, NULL, 'N/A', 'N/A', 'N/A', 'Vulputate odio ut enim blandit volutpat. Volutpat lacus laoreet non curabitur. Tristique nulla aliquet enim tortor at auctor urna nunc id. Elementum facilisis leo vel fringilla est ullamcorper eget nulla. Malesuada proin libero nunc consequat interdum varius sit. Quis ipsum suspendisse ultrices gravida dictum. Aliquam malesuada bibendum arcu vitae elementum curabitur vitae nunc sed. Suspendisse sed nisi lacus sed viverra tellus in hac. In iaculis nunc sed augue lacus viverra vitae congue. Sed velit dignissim sodales ut eu sem integer vitae justo. Cras sed felis eget velit aliquet sagittis. Sit amet commodo nulla facilisi nullam vehicula ipsum. Bibendum neque egestas congue quisque. Nisi est sit amet facilisis.', NULL, NULL, NULL, NULL, NULL, NULL, NULL, NULL, NULL, NULL, NULL, NULL, NULL, NULL, NULL, NULL, NULL, 0, 1, 1, 0, 0, 1, 1, 0, 0, NULL, 1, '2020-08-04', '2020-08-12', 1, NULL, NULL, NULL, NULL, NULL, NULL, '4', '2020-08-05', '2020-08-04', NULL, NULL, '2020-08-12', NULL, NULL, NULL, NULL, NULL, NULL, NULL, NULL, NULL, NULL, NULL, NULL, NULL, NULL, NULL, NULL, NULL, NULL, NULL, NULL, NULL, NULL, NULL, NULL, NULL, NULL, NULL, NULL, NULL, NULL, NULL, NULL, NULL, NULL, NULL, NULL, NULL, NULL, NULL, NULL, NULL, NULL, NULL, NULL, NULL, NULL, '', NULL, 'Client wants to try to handle dispute himself.', 'Warning', 0, NULL, NULL, NULL, '2020-08-13 00:00:00', '2020-08-10 08:18:49', NULL, '2020-08-03 09:36:07', '2020-08-10 08:18:49', NULL, NULL, NULL, NULL, NULL, NULL, NULL, NULL, NULL, NULL, NULL, NULL, NULL, NULL, NULL, NULL, NULL, NULL, NULL, NULL, NULL, NULL, NULL, NULL, NULL, NULL, NULL, NULL, NULL, NULL, NULL, NULL, NULL, 0, NULL, NULL, NULL, NULL, NULL, NULL, NULL, NULL, NULL, NULL, NULL, NULL, NULL, NULL, NULL, NULL, NULL, NULL, NULL, NULL, NULL, NULL, NULL, NULL, NULL, NULL, NULL, NULL, NULL, NULL, NULL, NULL, NULL, NULL, NULL, NULL, NULL, NULL, NULL, NULL, NULL, NULL, NULL, NULL, NULL, NULL, NULL, NULL, NULL, NULL, NULL, NULL, NULL, NULL, NULL, NULL, NULL, NULL, NULL, NULL, NULL, NULL, NULL, NULL, NULL, NULL),
('779e7800-2a8c-11eb-bbbe-8747e4f7de05', '', NULL, NULL, NULL, NULL, 'Potential', '', NULL, NULL, NULL, 'Arthur', 'Curry', NULL, NULL, NULL, NULL, NULL, NULL, NULL, NULL, NULL, NULL, NULL, NULL, '450.00', NULL, NULL, NULL, NULL, NULL, NULL, NULL, NULL, NULL, NULL, NULL, NULL, NULL, NULL, NULL, NULL, NULL, NULL, NULL, NULL, NULL, NULL, NULL, NULL, NULL, NULL, NULL, NULL, NULL, NULL, NULL, NULL, NULL, NULL, NULL, NULL, NULL, NULL, NULL, NULL, NULL, NULL, NULL, NULL, NULL, NULL, NULL, NULL, NULL, NULL, NULL, NULL, NULL, '5', NULL, NULL, NULL, NULL, NULL, NULL, NULL, NULL, NULL, NULL, NULL, NULL, NULL, NULL, NULL, NULL, NULL, NULL, NULL, NULL, NULL, NULL, NULL, NULL, NULL, NULL, NULL, NULL, NULL, NULL, NULL, NULL, NULL, NULL, NULL, NULL, NULL, NULL, NULL, NULL, NULL, NULL, NULL, NULL, NULL, NULL, NULL, NULL, NULL, NULL, NULL, NULL, NULL, NULL, 'Good', 0, NULL, NULL, NULL, NULL, NULL, NULL, '2020-11-19 09:27:15', '2020-11-19 09:27:15', NULL, NULL, NULL, NULL, NULL, NULL, NULL, NULL, NULL, NULL, NULL, NULL, NULL, NULL, NULL, NULL, NULL, NULL, NULL, NULL, NULL, NULL, NULL, NULL, NULL, NULL, NULL, NULL, NULL, NULL, NULL, NULL, NULL, 0, NULL, NULL, NULL, NULL, NULL, NULL, NULL, NULL, NULL, NULL, NULL, NULL, NULL, NULL, NULL, NULL, NULL, NULL, NULL, NULL, NULL, NULL, NULL, NULL, NULL, NULL, NULL, NULL, NULL, NULL, NULL, NULL, NULL, NULL, NULL, NULL, NULL, NULL, NULL, NULL, NULL, NULL, NULL, NULL, NULL, NULL, NULL, NULL, NULL, NULL, NULL, NULL, NULL, NULL, NULL, NULL, NULL, NULL, NULL, NULL, NULL, NULL, NULL, NULL, NULL, NULL),
('8589d140-d8c0-11ea-b685-4b1e909fb7fa', '22fa8820-d368-11ea-a881-1b09638c8955', '68abcff0-413e-11ea-85fb-5781b29b9597', '993e5360-d674-11ea-9f58-773694061717', '68abd890-413e-11ea-90a8-c9f766a6f5b9', 'Agreement + Retainer', 'Lit', '2', '2020-10-28 13:45:11', 'Google Ads', NULL, 'Diana', 'Prince', 'dprince1911@mailinator.com', 'N/A', '(949) 666-7876', 'Nec nam aliquam sem et tortor consequat id porta nibh. Urna duis convallis convallis tellus id interdum velit laoreet id. Tortor id aliquet lectus proin nibh nisl condimentum id. Sed blandit libero volutpat sed cras. At augue eget arcu dictum. Pellentesque habitant morbi tristique senectus et. Aenean pharetra magna ac placerat vestibulum lectus mauris. \r\n\r\nUt venenatis tellus in metus vulputate eu scelerisque felis. Dui accumsan sit amet nulla facilisi morbi tempus iaculis urna. Mauris a diam maecenas sed enim ut sem. Id nibh tortor id aliquet lectus proin nibh nisl. Ac turpis egestas maecenas pharetra convallis posuere morbi leo urna. Ultricies integer quis auctor elit sed vulputate mi sit.', 1, 'Molestie nunc non blandit massa enim nec dui nunc. Ullamcorper velit sed ullamcorper morbi tincidunt ornare. Dui nunc mattis enim ut. Eget felis eget nunc lobortis mattis aliquam faucibus.', 'Converted', '2020-08-07 08:27:03', NULL, '(949) 666-7876', '2020-08-10', '09:00', '450.00', 'No', 'N/A', 'N/A', NULL, NULL, NULL, NULL, NULL, NULL, NULL, NULL, NULL, 'N/A', 'N/A', 'Morbi blandit cursus risus at ultrices mi. Quis imperdiet massa tincidunt nunc pulvinar sapien et. \r\n\r\nAc tincidunt vitae semper quis lectus. Eget sit amet tellus cras adipiscing enim eu turpis egestas. Vitae et leo duis ut diam quam nulla porttitor massa. Neque egestas congue quisque egestas. Orci phasellus egestas tellus rutrum tellus pellentesque eu tincidunt. Viverra justo nec ultrices dui sapien eget. \r\n\r\nVitae tortor condimentum lacinia quis. Quis imperdiet massa tincidunt nunc pulvinar sapien et ligula ullamcorper. Nam libero justo laoreet sit amet cursus sit amet dictum.\r\n\r\nQuis lectus nulla at volutpat diam ut venenatis tellus. Quis ipsum suspendisse ultrices gravida dictum fusce. Morbi leo urna molestie at. Quis varius quam quisque id diam vel quam. Proin nibh nisl condimentum id. Eleifend quam adipiscing vitae proin sagittis nisl rhoncus. Tellus at urna condimentum mattis pellentesque id nibh. Cras sed felis eget velit aliquet sagittis id consectetur. \r\n\r\nEt netus et malesuada fames. Et odio pellentesque diam volutpat commodo sed. Egestas erat imperdiet sed euismod nisi porta. Venenatis cras sed felis eget.\r\n\r\nSed lectus vestibulum mattis ullamcorper velit sed ullamcorper morbi tincidunt. Magna ac placerat vestibulum lectus mauris ultrices eros in cursus. Mattis pellentesque id nibh tortor id aliquet lectus. In fermentum et sollicitudin ac orci phasellus egestas tellus rutrum. Lectus mauris ultrices eros in cursus turpis massa tincidunt dui. Ligula ullamcorper malesuada proin libero nunc consequat interdum. Sed libero enim sed faucibus turpis in eu mi bibendum. Aliquam nulla facilisi cras fermentum. Sem viverra aliquet eget sit amet. \r\n\r\nLaoreet non curabitur gravida arcu ac tortor dignissim convallis aenean. Ultrices vitae auctor eu augue. Netus et malesuada fames ac turpis egestas. At quis risus sed vulputate odio ut enim blandit. Egestas integer eget aliquet nibh praesent.\r\n\r\nSem et tortor consequat id. Id leo in vitae turpis massa sed. Vitae et leo duis ut. Sagittis purus sit amet volutpat consequat mauris nunc. Tempor orci eu lobortis elementum. Tincidunt vitae semper quis lectus nulla at. Erat pellentesque adipiscing commodo elit at imperdiet dui. \r\n\r\nMorbi tristique senectus et netus et malesuada fames. Fames ac turpis egestas integer eget aliquet nibh praesent tristique. Tellus molestie nunc non blandit massa enim nec dui. Ullamcorper sit amet risus nullam. Fringilla ut morbi tincidunt augue interdum. Faucibus interdum posuere lorem ipsum. Posuere lorem ipsum dolor sit amet consectetur. Mollis nunc sed id semper risus in hendrerit gravida rutrum. Est sit amet facilisis magna. Diam ut venenatis tellus in metus vulputate eu. Etiam erat velit scelerisque in dictum non. \r\n\r\nArcu non odio euismod lacinia at quis risus.\r\n\r\nPurus ut faucibus pulvinar elementum integer enim neque volutpat ac. Porttitor eget dolor morbi non arcu. Penatibus et magnis dis parturient montes. In vitae turpis massa sed elementum tempus egestas. Quis ipsum suspendisse ultrices gravida dictum fusce ut placerat. In fermentum posuere urna nec. Feugiat sed lectus vestibulum mattis ullamcorper.', 'Volutpat sed cras ornare arcu. Etiam sit amet nisl purus. Nunc scelerisque viverra mauris in aliquam sem fringilla ut. Massa tempor nec feugiat nisl pretium fusce id velit. Risus in hendrerit gravida rutrum quisque non tellus orci ac. Semper viverra nam libero justo laoreet sit amet cursus. Urna nunc id cursus metus aliquam eleifend mi in. Commodo viverra maecenas accumsan lacus vel facilisis. Elementum sagittis vitae et leo duis ut diam quam nulla. Fringilla phasellus faucibus scelerisque eleifend donec pretium.\r\n\r\nAdipiscing at in tellus integer feugiat. Sodales neque sodales ut etiam sit amet nisl purus. Dictum at tempor commodo ullamcorper a lacus vestibulum. Quam viverra orci sagittis eu volutpat odio facilisis. Quis eleifend quam adipiscing vitae proin sagittis. Scelerisque varius morbi enim nunc faucibus a pellentesque.', NULL, NULL, NULL, NULL, NULL, NULL, NULL, NULL, NULL, NULL, NULL, NULL, NULL, NULL, NULL, NULL, NULL, 3, 1, 1, 1, 3, 3, 3, 3, 3, 'N/A', 1, '2020-08-07', '2020-08-10', 1, 0, NULL, NULL, NULL, NULL, NULL, '4', '2020-10-28', '2020-08-31', '2021-09-20', NULL, '2020-09-10', NULL, NULL, NULL, NULL, NULL, NULL, '2020-08-08', NULL, NULL, NULL, '1900-01-01', '2020-08-10', NULL, NULL, NULL, NULL, NULL, NULL, NULL, NULL, NULL, NULL, NULL, NULL, NULL, NULL, NULL, NULL, NULL, '2020-08-09', '2020-08-10', '2020-08-10', '2020-08-10', '2020-08-10', '2020-08-10', '1900-01-01', 1, NULL, '2020-08-13', NULL, '2020-09-14', '2020-08-18', '1900-01-01', '1900-01-01', '2020-08-10', '2020-08-18', '', '##### August 25th, 2020 07:49 PM \n*Transferred to BEAST*\n            \n```\nDoesn\'t like He Who Must Not Be Named.\n````\n            \n\n            \n--------------\n\n            \n##### August 25th, 2020 07:43 PM \n*Transferred to SHIELD*\n            \n```\nMoving forward with litigation.\n````\n            \n\n            \n--------------\n\n            \n##### August 24th, 2020 07:16 PM \n*Transferred to BEAST*\n            \n```\nMoving to Litigation\n````\n            \n\n            \n--------------\n\n            \n##### August 19th, 2020 05:04 PM \n*Transferred to BEAST*\n            \n```\nClient wants to proceed with litigation\n````\n            \n\n            \n--------------\n\n            \n', NULL, 'Good', 0, NULL, NULL, NULL, '2020-09-11 00:00:00', NULL, NULL, '2020-08-07 08:13:17', '2020-10-28 13:45:11', NULL, 'Prince v. Island Company Tours, et al.', 0, '0ivs5CZJaoCycg8c42Vznw9tQAez6pIXm8loFkNu.pdf', 0, NULL, 0, NULL, NULL, NULL, NULL, NULL, NULL, NULL, NULL, NULL, NULL, NULL, NULL, NULL, NULL, NULL, NULL, NULL, NULL, NULL, NULL, NULL, NULL, NULL, NULL, NULL, NULL, 0, NULL, NULL, NULL, NULL, NULL, NULL, NULL, NULL, NULL, NULL, NULL, NULL, NULL, NULL, NULL, NULL, NULL, NULL, NULL, NULL, NULL, NULL, NULL, NULL, NULL, NULL, NULL, NULL, NULL, NULL, NULL, NULL, NULL, NULL, NULL, NULL, NULL, NULL, NULL, NULL, NULL, NULL, NULL, NULL, NULL, NULL, NULL, NULL, NULL, NULL, NULL, NULL, NULL, NULL, NULL, NULL, NULL, NULL, NULL, NULL, NULL, NULL, NULL, NULL, NULL, NULL),
('897baa10-dbe6-11ea-bc13-7b1f0f0ceb3e', '', '', '', '', NULL, NULL, NULL, NULL, NULL, NULL, NULL, NULL, NULL, NULL, NULL, NULL, NULL, NULL, NULL, NULL, NULL, NULL, NULL, NULL, '450.00', NULL, NULL, NULL, NULL, NULL, NULL, NULL, NULL, NULL, NULL, NULL, NULL, NULL, NULL, NULL, NULL, NULL, NULL, NULL, NULL, NULL, NULL, NULL, NULL, NULL, NULL, NULL, NULL, NULL, NULL, NULL, NULL, NULL, NULL, NULL, NULL, NULL, NULL, NULL, NULL, NULL, NULL, NULL, NULL, NULL, NULL, NULL, NULL, NULL, NULL, NULL, NULL, NULL, NULL, NULL, NULL, NULL, NULL, NULL, NULL, NULL, NULL, NULL, NULL, NULL, NULL, NULL, NULL, NULL, NULL, NULL, NULL, NULL, NULL, NULL, NULL, NULL, NULL, NULL, NULL, NULL, NULL, NULL, NULL, NULL, NULL, NULL, NULL, NULL, NULL, NULL, NULL, NULL, NULL, NULL, NULL, NULL, NULL, NULL, NULL, NULL, NULL, NULL, NULL, NULL, NULL, NULL, NULL, 'Good', 0, NULL, NULL, NULL, NULL, NULL, NULL, '2020-08-11 08:22:58', '2020-08-11 08:22:58', NULL, NULL, NULL, NULL, NULL, NULL, NULL, NULL, NULL, NULL, NULL, NULL, NULL, NULL, NULL, NULL, NULL, NULL, NULL, NULL, NULL, NULL, NULL, NULL, NULL, NULL, NULL, NULL, NULL, NULL, NULL, NULL, NULL, 0, NULL, NULL, NULL, NULL, NULL, NULL, NULL, NULL, NULL, NULL, NULL, NULL, NULL, NULL, NULL, NULL, NULL, NULL, NULL, NULL, NULL, NULL, NULL, NULL, NULL, NULL, NULL, NULL, NULL, NULL, NULL, NULL, NULL, NULL, NULL, NULL, NULL, NULL, NULL, NULL, NULL, NULL, NULL, NULL, NULL, NULL, NULL, NULL, NULL, NULL, NULL, NULL, NULL, NULL, NULL, NULL, NULL, NULL, NULL, NULL, NULL, NULL, NULL, NULL, NULL, NULL),
('91597f70-e7bb-11ea-b8cc-df787fe0261c', '0f876620-1c4c-11ea-b5ba-ff9db169ec3b', '993e5360-d674-11ea-9f58-773694061717', '0f876620-1c4c-11ea-b5ba-ff9db169ec3b', NULL, 'Signed Fee Agreement & Retainer Received', 'Lit', NULL, '2020-10-20 11:03:15', 'Referral', 'Dinah Lance', 'Victor', 'Stone', 'vstone@dish.net', 'N/A', '(213) 698-4512', 'Lorem ipsum marriot mormon family.', NULL, NULL, NULL, NULL, NULL, '(213) 698-4512', NULL, NULL, '450.00', NULL, NULL, NULL, NULL, NULL, NULL, NULL, NULL, NULL, NULL, NULL, NULL, NULL, NULL, NULL, NULL, NULL, NULL, NULL, NULL, NULL, NULL, NULL, NULL, NULL, NULL, NULL, NULL, NULL, NULL, NULL, NULL, NULL, NULL, NULL, NULL, NULL, NULL, NULL, NULL, NULL, NULL, NULL, NULL, NULL, NULL, NULL, NULL, NULL, NULL, NULL, NULL, NULL, '5', '2020-10-20', '2020-07-08', '2021-11-11', NULL, NULL, NULL, NULL, NULL, NULL, NULL, '2020-07-13', NULL, '2020-07-14', '2020-07-23', '2020-07-23', '2020-08-03', '2020-08-04', NULL, NULL, NULL, NULL, NULL, NULL, NULL, NULL, NULL, NULL, NULL, NULL, NULL, NULL, NULL, NULL, NULL, NULL, NULL, NULL, NULL, NULL, NULL, NULL, NULL, NULL, NULL, NULL, NULL, NULL, NULL, NULL, NULL, NULL, '', NULL, NULL, 'Good', 0, NULL, NULL, NULL, NULL, NULL, NULL, '2020-08-26 16:45:37', '2020-10-28 13:10:07', '2020-07-08', 'Marvel Diagnostics, Inc.', 0, NULL, 0, NULL, 0, NULL, NULL, NULL, NULL, NULL, NULL, NULL, NULL, NULL, NULL, NULL, NULL, NULL, NULL, NULL, NULL, NULL, NULL, NULL, NULL, NULL, NULL, NULL, NULL, NULL, 'Jury Trial', 0, NULL, NULL, NULL, NULL, NULL, NULL, NULL, NULL, NULL, NULL, NULL, NULL, NULL, NULL, NULL, NULL, NULL, NULL, NULL, NULL, NULL, NULL, NULL, NULL, NULL, NULL, NULL, NULL, NULL, NULL, NULL, NULL, NULL, NULL, NULL, NULL, NULL, NULL, NULL, NULL, NULL, NULL, NULL, NULL, NULL, NULL, NULL, NULL, NULL, NULL, NULL, NULL, NULL, NULL, NULL, NULL, NULL, NULL, NULL, NULL, NULL, NULL, NULL, NULL, NULL, NULL);
INSERT INTO `elysium_clients` (`id`, `team_id`, `intake_attorney_id`, `lead_attorney_id`, `support_attorney_id`, `converted_status`, `case_type`, `client_temperament`, `client_temperament_date`, `marketing_information`, `other_lead_source_details`, `first_name`, `last_name`, `email`, `company`, `phone`, `facts`, `conflict_check`, `call_notes`, `call_one_hour_result`, `call_one_hour_result_date`, `consultation_completed`, `consultation_conf_phone`, `consultation_conf_date`, `consultation_conf_time`, `consultation_fees`, `consultation_payment_information_received`, `consultation_payment_processed`, `consultation_docs_received_pre_consult`, `intake_who_are_we_representing`, `intake_primary_address`, `intake_primary_phone_numbers`, `intake_primary_emails`, `intake_retainer_box`, `intake_estimate`, `intake_estimate_other`, `intake_fee_agreement_transmittal`, `intake_fee_agreement_transmittal_other`, `caseinfo_pending_deadlines`, `caseinfo_opposing_side`, `caseinfo_provided_facts`, `caseinfo_intake_atty_notes`, `scope_due_diligence`, `scope_adr_demand_letters`, `scope_idr_demand_letters`, `scope_prepare_opinion_letter`, `scope_bpp_gen_corp`, `scope_prosecute_new_lawsuit`, `scope_prosecute_active_lawsuit`, `scope_prosecute_court`, `scope_prosecute_number`, `scope_prosecute_name`, `scope_defend_lawsuit`, `scope_defend_court`, `scope_defend_number`, `scope_defend_name`, `scope_arbitration`, `scope_arbitration_number`, `scope_arbitration_name`, `docs_ccrs`, `docs_emails`, `docs_pictures`, `docs_timeline`, `docs_minutes`, `docs_agreements`, `docs_corp_docs`, `docs_emp_docs`, `docs_lit_docs`, `docs_other`, `fee_agrement_sent_to_client`, `fee_agreement_sent_date`, `fee_agreement_follow_up_date`, `fee_agreement_received_no_retainer`, `fee_retainer_received_no_fee_agreement`, `conflict_waiver_necessary`, `conflict_waiver_sent_to_pc`, `conflict_waiver_sent_date`, `conflict_waiver_follow_up_date`, `conflict_waiver_received_by_all_clients`, `rating`, `client_last_contacted_date`, `date_retained`, `trial_date`, `trial_length`, `mediation_date`, `is_settled`, `party`, `intake_attorney_user_id`, `lead_associate_user_id`, `support_associate_1_user_id`, `client_intro_letter_sent_date`, `client_intro_notice_of_representation_sent_date`, `dd_ladd_commenced_date`, `dd_ladd_completed_date`, `dd_ladd_sent_to_client_date`, `first_filing_draft_sent_date`, `first_filing_pleading_date`, `discovery_propounded_set_1_date`, `discovery_propounded_set_1_notes`, `discovery_propounded_set_2_date`, `discovery_propounded_set_2_notes`, `discovery_depositions_completed`, `discovery_depositions_notes`, `discovery_expert_designations_completed`, `discovery_expert_designations_notes`, `pt_dispositive_motions_filed_date`, `pt_msc_attended_date`, `pt_trial_commenced_date`, `pt_trial_completed_date`, `pt_motions_filed_date`, `intake_pending_deadlines`, `intake_opposing_side`, `intake_pc_provided_facts`, `intake_atty_notes`, `prelim_analysis_commenced_date`, `prelim_analysis_completed_date`, `prelim_client_update_sent_date`, `adr_draft_demand_sent_to_client_date`, `adr_demand_letters_sent_date`, `adr_final_letters_sent_to_client_date`, `med_information_neg_commenced`, `med_demand_accepted_by_client`, `med_demand_accepted_by_client_date`, `med_confidential_brief_completed`, `med_confidential_brief_sent_to_client`, `med_scheduled_date`, `med_attended_date`, `med_settlement_agreement_drafted_date`, `med_settlement_agreement_executed_date`, `litigation_meeting_requested_date`, `litigation_meeting_completed_date`, `reason_for_transfer`, `transfer_log`, `reason_for_deactivate`, `authorization`, `has_red_flag`, `red_flag_notes`, `offboarded_reason`, `converted_at`, `settled_at`, `deactivated_at`, `offboarded_at`, `created_at`, `updated_at`, `completion_date`, `matter`, `has_current_proof_of_service`, `current_proof_of_service`, `has_local_rules`, `local_rules`, `has_local_local_rules`, `local_local_rules`, `discovery_set_1_satisfactory_response_received`, `discovery_set_1_send_client_propounded_discovery`, `discovery_set_2_satisfactory_response_received`, `discovery_set_2_send_client_propounded_discovery`, `discovery_deposition_outline_prepared`, `discovery_deposition_all_planned_completed`, `discovery_intend_nonparty_depositions`, `discovery_intent_nonparty_depositions_notes`, `discovery_nonparty_depositions_outline_prepared`, `discovery_nonparty_depositions_completed`, `discovery_nonparty_depositions_documents_obtained`, `discovery_expert_demand_exchange`, `pt_intend_complete_page_line_depo_summ`, `pt_have_logged_depo_transcripts`, `pt_have_completed_exam_outlines`, `pt_have_met_trial_witnesses`, `pt_have_completed_exhibit_list`, `pt_have_marked_exhibits`, `pt_have_completed_witness_list`, `pt_have_prepared_opening_statement`, `pt_jury_complete_instructions`, `pt_jury_voir_dire_outline`, `pt_jury_prepare_verdict_form`, `pt_jury_prepare_motions_in_limine`, `jury_trial_court_trial`, `is_mailing_address`, `address_line_1`, `address_line_2`, `city`, `state`, `postal_code`, `pt_date_of_jury`, `pt_filing_date_of_notice_of_entry_of_judgment`, `pt_filing_date_of_notice_of_entry_of_judgment_notes`, `pt_indend_to_file_a_motion_for_new_trial`, `pt_indend_to_file_a_jnov`, `pt_indend_to_file_motion_for_attorney_fees`, `pt_indend_to_file_a_memo_of_costs`, `pt_indend_to_file_an_appeal`, `pt_indend_to_file_an_appeal_date`, `trans_scope_of_rep`, `trans_entity_type`, `trans_soi_deadline`, `trans_ci_init_scope`, `trans_ci_completed_all_ci_init_date`, `trans_fd_filed_articles_of_inc_date`, `trans_fd_filed_articles_of_org_date`, `trans_fd_bylaws_date`, `trans_fd_ein_date`, `trans_fd_fbn_date`, `trans_fd_ftb_no_date`, `trans_fd_initial_minutes_date`, `trans_fd_initial_soi_date`, `trans_fd_operating_agreement_date`, `trans_fd_partnership_agreement_date`, `trans_fd_shareholder_agreement_date`, `trans_fd_sent_completed_formation_docs_to_client_date`, `trans_el_signed_receipt_of_handbook`, `trans_el_handbook_compliant_date`, `trans_el_signed_receipt_of_emp_agreements`, `trans_el_emp_agreements_compliant_date`, `trans_el_code_28105_date`, `trans_el_drafted_vehicle_use_agreement`, `trans_el_drafted_drug_testing_consent`, `trans_el_drafted_emp_performance_review`, `trans_el_prepared_letter_to_clients_emp_v_ind_contractors`, `trans_el_prepared_letter_to_clients_emp_v_ind_contractors_date`, `trans_el_prepared_letter_to_clients_exempt_v_nonexempt`, `trans_el_prepared_letter_to_clients_exempt_v_nonexempt_date`, `trans_el_prepared_letter_to_clients_re_drug_consent_laws`, `trans_el_prepared_letter_to_clients_re_drug_consent_laws_date`, `trans_el_prepared_letter_to_clients_re_performance_reviews`, `trans_el_prepared_letter_to_clients_re_performance_reviews_date`, `trans_ip_nda_date`, `trans_ip_tm_word_fed_date`, `trans_ip_tm_design_fed_date`, `trans_ip_tm_word_ca_date`, `trans_ip_tm_design_ca_date`, `trans_ip_patents`, `trans_ip_copyrights`, `trans_ac_annual_shareholder_minutes_date`, `trans_ac_annual_board_minutes_date`, `trans_ac_annual_member_meeting_minutes_date`, `trans_ac_annual_manager_meeting_minutes_date`, `trans_ac_soi_filed_date`, `trans_ac_new_laws_letter_date`, `trans_ac_new_laws_req_update_emp_docs`, `trans_ac_new_laws_req_update_emp_docs_date`, `trans_dl_soi_deadline_date`, `trans_dl_fbn_deadline_date`, `trans_dl_tm_deadlines`, `trans_dl_other_deadlines`) VALUES
('927bbe60-e7ba-11ea-9db3-194fbf3f8992', '0d3be480-1c4c-11ea-aa03-a120a2cb7873', NULL, '68abdea0-413e-11ea-a5e6-3b1bbba2e0a5', NULL, 'Signed Fee Agreement & Retainer Received', 'Lit', NULL, '2020-10-28 12:57:27', 'Referral', 'Bruce Wayne', 'Dick', 'Grayson', 'dg@wayne.com', 'Wayne Enterprises, Inc.', '(949) 333-6974', 'Breach of contract issue.', 1, 'PC wants to come meet with an attorney to discuss possible lawsuit.', 'Converted', '2020-10-09 12:08:08', 'Yes', '(949) 333-6974', '2020-10-09', '09:00', '450.00', 'Yes', 'Yes', 'N/A', NULL, NULL, NULL, NULL, NULL, NULL, NULL, NULL, NULL, 'N/A', 'Gotham Metal Works', 'Turpis in eu mi bibendum neque egestas. Sed velit dignissim sodales ut eu sem integer vitae. Id donec ultrices tincidunt arcu non sodales neque sodales. Diam vulputate ut pharetra sit amet aliquam id diam. Vestibulum mattis ullamcorper velit sed ullamcorper. Maecenas sed enim ut sem viverra aliquet eget sit. Sit amet consectetur adipiscing elit duis. Tellus rutrum tellus pellentesque eu tincidunt tortor. Euismod lacinia at quis risus sed vulputate odio ut enim. Nec nam aliquam sem et. \r\n\r\nCommodo sed egestas egestas fringilla phasellus faucibus. Dapibus ultrices in iaculis nunc sed augue. Scelerisque eleifend donec pretium vulputate sapien nec sagittis aliquam malesuada.', 'Elit duis tristique sollicitudin nibh sit amet commodo nulla. Purus sit amet volutpat consequat mauris nunc congue nisi vitae. Commodo viverra maecenas accumsan lacus vel facilisis. Elementum eu facilisis sed odio morbi quis commodo odio. Sed adipiscing diam donec adipiscing tristique risus nec feugiat. Arcu dui vivamus arcu felis. Commodo quis imperdiet massa tincidunt nunc pulvinar sapien et. Mi ipsum faucibus vitae aliquet. Vulputate mi sit amet mauris commodo quis imperdiet massa tincidunt. A diam sollicitudin tempor id. Malesuada nunc vel risus commodo viverra maecenas accumsan. Egestas diam in arcu cursus euismod quis. Ullamcorper malesuada proin libero nunc consequat interdum varius sit amet. Vulputate eu scelerisque felis imperdiet proin fermentum leo. Eget gravida cum sociis natoque penatibus et magnis. Viverra orci sagittis eu volutpat odio facilisis mauris sit. Facilisis mauris sit amet massa. Consectetur adipiscing elit pellentesque habitant morbi tristique senectus.\r\n\r\nVitae et leo duis ut diam quam nulla. Malesuada fames ac turpis egestas integer eget aliquet nibh. In egestas erat imperdiet sed euismod nisi. Velit dignissim sodales ut eu sem integer vitae justo eget. Etiam dignissim diam quis enim lobortis. Tristique sollicitudin nibh sit amet commodo nulla facilisi nullam. Eget sit amet tellus cras adipiscing. Eu feugiat pretium nibh ipsum. Sollicitudin ac orci phasellus egestas tellus rutrum. Varius morbi enim nunc faucibus.\r\nVitae tortor condimentum lacinia quis vel eros donec. Morbi blandit cursus risus at ultrices mi tempus imperdiet. Aliquam eleifend mi in nulla. Mi sit amet mauris commodo quis imperdiet. Lorem ipsum dolor sit amet. Ultricies leo integer malesuada nunc vel. Semper quis lectus nulla at volutpat diam. Scelerisque eu ultrices vitae auctor eu augue ut lectus. Fermentum dui faucibus in ornare quam viverra orci sagittis eu. Eget aliquet nibh praesent tristique magna sit. Dictum non consectetur a erat nam at lectus urna. Pretium lectus quam id leo in vitae turpis. Et egestas quis ipsum suspendisse ultrices gravida dictum fusce ut. Rhoncus mattis rhoncus urna neque viverra justo nec.', NULL, NULL, NULL, NULL, NULL, NULL, NULL, NULL, NULL, NULL, NULL, NULL, NULL, NULL, NULL, NULL, NULL, 3, 1, 3, 1, 3, 1, 3, 3, 3, 'None.', 1, '2020-10-09', '2020-10-09', 1, 1, 'Not Sure', NULL, NULL, NULL, NULL, '5', NULL, '2020-10-23', NULL, NULL, NULL, NULL, NULL, NULL, NULL, NULL, '2020-10-28', NULL, NULL, NULL, NULL, NULL, NULL, NULL, NULL, NULL, NULL, NULL, NULL, NULL, NULL, NULL, NULL, NULL, NULL, NULL, NULL, NULL, NULL, NULL, NULL, NULL, NULL, NULL, NULL, NULL, NULL, NULL, NULL, NULL, NULL, NULL, NULL, NULL, NULL, NULL, NULL, '', NULL, NULL, 'Good', 0, NULL, NULL, NULL, NULL, NULL, NULL, '2020-08-26 16:38:29', '2020-10-28 12:57:27', '2020-10-23', 'Gotham Metal Works', NULL, NULL, NULL, NULL, NULL, NULL, NULL, NULL, NULL, NULL, NULL, NULL, NULL, NULL, NULL, NULL, NULL, NULL, NULL, NULL, NULL, NULL, NULL, NULL, NULL, NULL, NULL, NULL, NULL, NULL, NULL, 1, '158732 Main St.', 'Suite 2000', 'Gotham Cith', 'CA', '90808', NULL, NULL, NULL, NULL, NULL, NULL, NULL, NULL, NULL, NULL, NULL, NULL, NULL, NULL, NULL, NULL, NULL, NULL, NULL, NULL, NULL, NULL, NULL, NULL, NULL, NULL, NULL, NULL, NULL, NULL, NULL, NULL, NULL, NULL, NULL, NULL, NULL, NULL, NULL, NULL, NULL, NULL, NULL, NULL, NULL, NULL, NULL, NULL, NULL, NULL, NULL, NULL, NULL, NULL, NULL, NULL, NULL, NULL, NULL, NULL, NULL),
('aafb58b0-d36e-11ea-9a78-f3634ef4d283', '22fa8820-d368-11ea-a881-1b09638c8955', '68abdea0-413e-11ea-a5e6-3b1bbba2e0a5', '993e5360-d674-11ea-9f58-773694061717', '68abdf10-413e-11ea-bf89-819337ccb3c6', 'Agreement + Retainer', 'Lit', NULL, '2020-08-19 20:13:47', 'Google Ads', NULL, 'Peter', 'Parkinson', 'pp@pp.com', NULL, '(949) 555-8789', 'HOA dispute (Crystal Cove).', NULL, NULL, NULL, NULL, NULL, '(949) 555-8789', NULL, NULL, '450.00', NULL, NULL, NULL, NULL, NULL, NULL, NULL, NULL, NULL, NULL, NULL, NULL, NULL, NULL, NULL, NULL, NULL, NULL, NULL, NULL, NULL, NULL, NULL, NULL, NULL, NULL, NULL, NULL, NULL, NULL, NULL, NULL, NULL, NULL, NULL, NULL, NULL, NULL, NULL, NULL, NULL, NULL, NULL, NULL, NULL, NULL, NULL, NULL, NULL, NULL, NULL, NULL, NULL, '3', '2020-11-16', '2019-12-03', '2021-01-15', 10, NULL, NULL, NULL, NULL, NULL, NULL, '2020-09-24', NULL, '2020-09-01', '2020-09-09', '2020-09-09', NULL, NULL, '2020-03-04', 'Lorem ipsum ipsum lorem.', '2020-08-23', 'N/A', 1, NULL, 1, 'Need water intrusion expert and perhaps a general contractor. Have appt. to talk with water intrusion expert (Bob Gunderson) on 10/5/20.', NULL, NULL, NULL, NULL, NULL, NULL, NULL, NULL, NULL, NULL, NULL, NULL, NULL, NULL, NULL, NULL, NULL, NULL, NULL, NULL, NULL, NULL, NULL, NULL, NULL, NULL, '', '##### September 2nd, 2020 06:29 PM \n*Transferred to BEAST*\n            \n```\nNo reason.\n````\n            \n\n            \n--------------\n\n            \n##### August 25th, 2020 08:15 PM \n*Transferred to SHIELD*\n            \n```\nNo reason. Change of pace.\n````\n            \n\n            \n--------------\n\n            \n##### August 25th, 2020 08:06 PM \n*Transferred to FURY*\n            \n```\nJust because.\n````\n            \n\n            \n--------------\n\n            \n##### August 25th, 2020 07:57 PM \n*Transferred to BEAST*\n            \n```\nHe Hates ML\n````\n            \n\n            \n--------------\n\n            \n##### August 19th, 2020 08:17 PM \n*Transferred to FURY*\n            \n```\nCase proceeded from pre-litigation to litigation\n````\n            \n\n            \n--------------\n\n            \n', NULL, 'Warning', 0, NULL, NULL, NULL, NULL, NULL, NULL, '2020-07-31 13:44:45', '2020-11-16 11:29:59', NULL, 'Valley Crest HOA', 0, 'aafb58b0-d36e-11ea-9a78-f3634ef4d283-uploads/POS-Mail.pdf', 0, 'aafb58b0-d36e-11ea-9a78-f3634ef4d283-uploads/Rules of Court (OC).pdf', 0, NULL, 1, 1, 1, 1, 'N/A', 1, 1, 'Will need to depose:\r\n\r\n(1) Billy Schwartz\r\n(2) Jason Hanover\r\n(3) Greg Hartman', NULL, 1, 1, 1, 1, 3, 2, 1, NULL, 1, NULL, 3, NULL, NULL, NULL, NULL, 'Jury Trial', 0, NULL, NULL, NULL, NULL, NULL, NULL, NULL, NULL, NULL, NULL, NULL, NULL, NULL, NULL, NULL, NULL, NULL, NULL, NULL, NULL, NULL, NULL, NULL, NULL, NULL, NULL, NULL, NULL, NULL, NULL, NULL, NULL, NULL, NULL, NULL, NULL, NULL, NULL, NULL, NULL, NULL, NULL, NULL, NULL, NULL, NULL, NULL, NULL, NULL, NULL, NULL, NULL, NULL, NULL, NULL, NULL, NULL, NULL, NULL, NULL, NULL, NULL, NULL, NULL, NULL, NULL),
('aceadf50-f788-11ea-b7f7-ffd0750036ec', '0d3be480-1c4c-11ea-aa03-a120a2cb7873', '68abdea0-413e-11ea-a5e6-3b1bbba2e0a5', '68abdea0-413e-11ea-a5e6-3b1bbba2e0a5', NULL, 'Signed Fee Agreement & Retainer Received', 'Lit', NULL, '2020-09-16 09:50:15', 'Referral', 'Larry Tate', 'Bruce', 'Banner', 'bbanner@synergylabs.com', 'N/A', '(310) 424-4744', NULL, NULL, NULL, NULL, NULL, NULL, '(310) 424-4744', NULL, NULL, '450.00', NULL, NULL, NULL, NULL, NULL, NULL, NULL, NULL, NULL, NULL, NULL, NULL, NULL, NULL, NULL, NULL, NULL, NULL, NULL, NULL, NULL, NULL, NULL, NULL, NULL, NULL, NULL, NULL, NULL, NULL, NULL, NULL, NULL, NULL, NULL, NULL, NULL, NULL, NULL, NULL, NULL, NULL, NULL, 1, '2020-09-14', '2020-09-16', 0, 0, 'No', NULL, NULL, NULL, NULL, '5', '2020-11-13', '2019-11-01', '2021-08-26', 10, NULL, NULL, NULL, NULL, NULL, NULL, '2019-11-19', NULL, '2019-11-12', '2019-11-13', '2020-11-16', '2019-12-01', '2019-12-03', '2020-08-11', 'FROG 17.1 (12) - Admission that lorem ipsum. This supports MSJ on 1st, 3rd, and 6th causes of action.\r\n\r\nRFA No. 123 - Admission that lorem ipsum. This supports MSJ on 1st, 3rd, and 6th causes of action.', NULL, NULL, NULL, NULL, 1, 'Damages expert (Larry Daily)', NULL, NULL, NULL, NULL, NULL, NULL, NULL, NULL, NULL, NULL, NULL, NULL, NULL, NULL, NULL, NULL, NULL, NULL, NULL, NULL, NULL, NULL, NULL, NULL, NULL, NULL, '', NULL, NULL, 'Good', 0, NULL, NULL, NULL, NULL, NULL, NULL, '2020-09-15 12:21:37', '2020-11-13 10:47:14', NULL, 'Wayne', 0, 'aceadf50-f788-11ea-b7f7-ffd0750036ec-uploads/POS-Mail.pdf', 0, NULL, 0, NULL, 1, 1, NULL, NULL, 'Will depose:\r\n\r\n(1) John Wayne\r\n(2) Bruce Wayne', NULL, 1, NULL, NULL, NULL, NULL, 1, NULL, NULL, NULL, NULL, NULL, NULL, NULL, NULL, NULL, NULL, NULL, NULL, 'Jury Trial', 0, '85974 Pine Ave.', NULL, 'Long Beach', 'CA', '90807', NULL, NULL, NULL, NULL, NULL, NULL, NULL, NULL, NULL, NULL, NULL, NULL, NULL, NULL, NULL, NULL, NULL, NULL, NULL, NULL, NULL, NULL, NULL, NULL, NULL, NULL, NULL, NULL, NULL, NULL, NULL, NULL, NULL, NULL, NULL, NULL, NULL, NULL, NULL, NULL, NULL, NULL, NULL, NULL, NULL, NULL, NULL, NULL, NULL, NULL, NULL, NULL, NULL, NULL, NULL, NULL, NULL, NULL, NULL, NULL, NULL),
('affca420-f6b4-11ea-a71c-3762f8f6810e', '07120d90-1c4c-11ea-b48f-fdb6471faf39', '68abd5a0-413e-11ea-9326-7b3c689c909b', '68abcff0-413e-11ea-85fb-5781b29b9597', NULL, 'Signed Fee Agreement & Retainer Received', 'Pre-Lit', NULL, '2020-09-15 10:01:27', 'Google Ads', NULL, 'John', 'Denver', 'jdenver@music.com', 'N/A', '(714) 563-2287', 'Music contract dispute.', NULL, NULL, NULL, NULL, NULL, '(714) 563-2287', NULL, NULL, '450.00', NULL, NULL, NULL, NULL, NULL, NULL, NULL, NULL, NULL, NULL, NULL, NULL, 'N/A', NULL, NULL, NULL, NULL, NULL, NULL, NULL, NULL, NULL, NULL, NULL, NULL, NULL, NULL, NULL, NULL, NULL, NULL, NULL, NULL, NULL, NULL, NULL, NULL, NULL, NULL, NULL, NULL, 2, NULL, NULL, NULL, NULL, NULL, NULL, NULL, NULL, NULL, NULL, NULL, '5', NULL, '2020-09-14', NULL, NULL, NULL, NULL, NULL, NULL, NULL, NULL, '2020-09-15', '1900-01-01', NULL, NULL, NULL, NULL, NULL, NULL, NULL, NULL, NULL, NULL, NULL, NULL, NULL, NULL, NULL, NULL, NULL, NULL, NULL, NULL, NULL, NULL, NULL, NULL, NULL, NULL, NULL, NULL, NULL, NULL, NULL, NULL, NULL, NULL, NULL, NULL, NULL, NULL, NULL, '', '##### October 7th, 2020 12:55 PM \n*Transferred to BADGER*\n            \n```\nblah\n````\n            \n\n            \n--------------\n\n            \n##### October 7th, 2020 12:54 PM \n*Transferred to SHIELD*\n            \n```\nWants to proceed with litigation.\n````\n            \n\n            \n--------------\n\n            \n', NULL, 'Good', 0, NULL, NULL, NULL, NULL, NULL, NULL, '2020-09-14 18:04:09', '2020-10-07 12:55:48', NULL, 'Grand Canyon HOA', NULL, NULL, NULL, NULL, NULL, NULL, NULL, NULL, NULL, NULL, NULL, NULL, NULL, NULL, NULL, NULL, NULL, NULL, NULL, NULL, NULL, NULL, NULL, NULL, NULL, NULL, NULL, NULL, NULL, NULL, NULL, 0, NULL, NULL, NULL, NULL, NULL, NULL, NULL, NULL, NULL, NULL, NULL, NULL, NULL, NULL, NULL, NULL, NULL, NULL, NULL, NULL, NULL, NULL, NULL, NULL, NULL, NULL, NULL, NULL, NULL, NULL, NULL, NULL, NULL, NULL, NULL, NULL, NULL, NULL, NULL, NULL, NULL, NULL, NULL, NULL, NULL, NULL, NULL, NULL, NULL, NULL, NULL, NULL, NULL, NULL, NULL, NULL, NULL, NULL, NULL, NULL, NULL, NULL, NULL, NULL, NULL, NULL),
('b2038cd0-1479-11eb-a8d2-bf6cd3a1a414', '0d3be480-1c4c-11ea-aa03-a120a2cb7873', '68abd780-413e-11ea-9c59-a1d0df74dec6', '68abdea0-413e-11ea-a5e6-3b1bbba2e0a5', NULL, 'Signed Fee Agreement & Retainer Received', 'Lit', '1', '2020-12-17 11:56:57', 'Referral', 'Bill Chapman', 'Dennis', 'Menace', 'dmenacef@mail.com', 'N/A', '(949) 555-5555', 'wants to divorce.', 1, 'Lortme impsum.', 'Converted', '2020-10-22 08:25:14', NULL, NULL, '2020-10-23', '09:30', '450.00', 'Yes', 'Yes', 'No', NULL, NULL, NULL, NULL, NULL, NULL, NULL, NULL, NULL, 'N/A', 'N/A', 'lorme', 'lorem ipsum.', NULL, NULL, NULL, NULL, NULL, NULL, NULL, NULL, NULL, NULL, NULL, NULL, NULL, NULL, NULL, NULL, NULL, 3, 1, 1, 3, 3, 1, 1, 3, 1, 'n/a', NULL, NULL, NULL, NULL, NULL, NULL, NULL, NULL, NULL, NULL, '5', '2020-12-02', '2020-10-22', NULL, NULL, NULL, NULL, NULL, NULL, NULL, NULL, '2020-10-26', NULL, '2020-10-26', NULL, NULL, NULL, NULL, '2020-12-17', NULL, NULL, NULL, 1, NULL, 1, NULL, NULL, NULL, NULL, NULL, NULL, NULL, NULL, NULL, NULL, NULL, NULL, NULL, NULL, NULL, NULL, NULL, NULL, NULL, NULL, NULL, NULL, NULL, NULL, NULL, NULL, NULL, '', NULL, NULL, 'Good', 0, NULL, NULL, NULL, NULL, NULL, NULL, '2020-10-22 08:17:27', '2020-12-17 12:16:39', '2020-10-22', 'Family Law', NULL, 'b2038cd0-1479-11eb-a8d2-bf6cd3a1a414-uploads/POS-Mail.pdf', NULL, 'b2038cd0-1479-11eb-a8d2-bf6cd3a1a414-uploads/Rules of Court (OC).pdf', NULL, NULL, NULL, NULL, NULL, NULL, 'Et sollicitudin ac orci phasellus egestas tellus rutrum tellus pellentesque. Nunc aliquet bibendum enim facilisis. Odio pellentesque diam volutpat commodo sed. Congue quisque egestas diam in arcu. Lacus suspendisse faucibus interdum posuere lorem ipsum. Semper viverra nam libero justo laoreet sit amet cursus sit. Id eu nisl nunc mi ipsum faucibus vitae. Enim lobortis scelerisque fermentum dui. Quis blandit turpis cursus in. Eu mi bibendum neque egestas congue quisque. Nunc mattis enim ut tellus elementum sagittis vitae et. Pellentesque massa placerat duis ultricies lacus sed turpis tincidunt id. Tellus mauris a diam maecenas sed enim ut. Urna nec tincidunt praesent semper feugiat nibh sed pulvinar proin. In metus vulputate eu scelerisque felis imperdiet proin. Velit laoreet id donec ultrices tincidunt arcu non. Integer eget aliquet nibh praesent tristique magna sit amet purus.', NULL, 0, NULL, NULL, NULL, NULL, 1, NULL, NULL, NULL, NULL, NULL, NULL, NULL, NULL, NULL, NULL, NULL, NULL, NULL, 0, NULL, NULL, NULL, NULL, NULL, NULL, NULL, NULL, NULL, NULL, NULL, NULL, NULL, NULL, NULL, NULL, NULL, NULL, NULL, NULL, NULL, NULL, NULL, NULL, NULL, NULL, NULL, NULL, NULL, NULL, NULL, NULL, NULL, NULL, NULL, NULL, NULL, NULL, NULL, NULL, NULL, NULL, NULL, NULL, NULL, NULL, NULL, NULL, NULL, NULL, NULL, NULL, NULL, NULL, NULL, NULL, NULL, NULL, NULL, NULL, NULL, NULL, NULL, NULL, NULL, NULL),
('b4030690-e24b-11ea-b5ed-adf93d987e4b', '07120d90-1c4c-11ea-b48f-fdb6471faf39', '68abdf10-413e-11ea-bf89-819337ccb3c6', '68abcff0-413e-11ea-85fb-5781b29b9597', '68abd780-413e-11ea-9c59-a1d0df74dec6', 'Signed Fee Agreement, Retainer, and Conflict Waiver Received.', 'Pre-Lit', NULL, '2020-08-19 19:39:29', 'Referral', 'Jean Luc Picard referred the Firm', 'Geordi', 'La Forge', 'geordilf@enterprise.com', 'United Federation of Planets', '(949) 222-1701', 'Turpis in eu mi bibendum neque egestas. Sed velit dignissim sodales ut eu sem integer vitae. Id donec ultrices tincidunt arcu non sodales neque sodales. Diam vulputate ut pharetra sit amet aliquam id diam. Vestibulum mattis ullamcorper velit sed ullamcorper. Maecenas sed enim ut sem viverra aliquet eget sit. Sit amet consectetur adipiscing elit duis. Tellus rutrum tellus pellentesque eu tincidunt tortor. Euismod lacinia at quis risus sed vulputate odio ut enim. Nec nam aliquam sem et. Commodo sed egestas egestas fringilla phasellus faucibus. Dapibus ultrices in iaculis nunc sed augue. Scelerisque eleifend donec pretium vulputate sapien nec sagittis aliquam malesuada.', NULL, NULL, NULL, NULL, NULL, '(949) 222-1701', NULL, NULL, '450.00', NULL, NULL, NULL, NULL, NULL, NULL, NULL, NULL, NULL, NULL, NULL, NULL, 'N/A', NULL, NULL, NULL, NULL, NULL, NULL, NULL, NULL, NULL, NULL, NULL, NULL, NULL, NULL, NULL, NULL, NULL, NULL, NULL, NULL, NULL, NULL, NULL, NULL, NULL, NULL, NULL, NULL, 3, 'N/A', NULL, NULL, NULL, NULL, NULL, NULL, NULL, NULL, NULL, NULL, '5', NULL, '2020-08-17', NULL, NULL, NULL, NULL, NULL, NULL, NULL, NULL, NULL, NULL, NULL, NULL, NULL, NULL, NULL, NULL, NULL, NULL, NULL, NULL, NULL, NULL, NULL, NULL, NULL, NULL, NULL, NULL, NULL, NULL, NULL, NULL, NULL, NULL, NULL, '2020-09-14', NULL, '2020-09-14', NULL, NULL, NULL, NULL, NULL, NULL, NULL, NULL, NULL, '1900-01-01', '2020-08-30', '', NULL, NULL, 'Good', 0, NULL, NULL, NULL, NULL, NULL, NULL, '2020-08-19 18:42:15', '2020-09-14 11:32:14', NULL, NULL, NULL, NULL, NULL, NULL, NULL, NULL, NULL, NULL, NULL, NULL, NULL, NULL, NULL, NULL, NULL, NULL, NULL, NULL, NULL, NULL, NULL, NULL, NULL, NULL, NULL, NULL, NULL, NULL, NULL, NULL, NULL, 0, NULL, NULL, NULL, NULL, NULL, NULL, NULL, NULL, NULL, NULL, NULL, NULL, NULL, NULL, NULL, NULL, NULL, NULL, NULL, NULL, NULL, NULL, NULL, NULL, NULL, NULL, NULL, NULL, NULL, NULL, NULL, NULL, NULL, NULL, NULL, NULL, NULL, NULL, NULL, NULL, NULL, NULL, NULL, NULL, NULL, NULL, NULL, NULL, NULL, NULL, NULL, NULL, NULL, NULL, NULL, NULL, NULL, NULL, NULL, NULL, NULL, NULL, NULL, NULL, NULL, NULL),
('b8e31bc0-e7ba-11ea-b54a-77c2677ed59b', '', NULL, NULL, NULL, NULL, 'Potential', '', NULL, 'Referral', 'Hal Jordan', 'Oliver', 'Queen', 'oliver@queenindustries.com', 'Queen Consolidated, Inc.', '(714) 888-7777', 'Defending negligence claim.', NULL, NULL, NULL, NULL, NULL, '(714) 888-7777', NULL, NULL, '450.00', NULL, NULL, NULL, NULL, NULL, NULL, NULL, NULL, NULL, NULL, NULL, NULL, NULL, NULL, NULL, NULL, NULL, NULL, NULL, NULL, NULL, NULL, NULL, NULL, NULL, NULL, NULL, NULL, NULL, NULL, NULL, NULL, NULL, NULL, NULL, NULL, NULL, NULL, NULL, NULL, NULL, NULL, NULL, NULL, NULL, NULL, NULL, NULL, NULL, NULL, NULL, NULL, NULL, '4', NULL, NULL, NULL, NULL, NULL, NULL, NULL, NULL, NULL, NULL, NULL, NULL, NULL, NULL, NULL, NULL, NULL, NULL, NULL, NULL, NULL, NULL, NULL, NULL, NULL, NULL, NULL, NULL, NULL, NULL, NULL, NULL, NULL, NULL, NULL, NULL, NULL, NULL, NULL, NULL, NULL, NULL, NULL, NULL, NULL, NULL, NULL, NULL, NULL, NULL, NULL, NULL, NULL, NULL, 'Good', 0, NULL, NULL, NULL, NULL, NULL, NULL, '2020-08-26 16:39:34', '2020-08-26 16:39:34', NULL, NULL, NULL, NULL, NULL, NULL, NULL, NULL, NULL, NULL, NULL, NULL, NULL, NULL, NULL, NULL, NULL, NULL, NULL, NULL, NULL, NULL, NULL, NULL, NULL, NULL, NULL, NULL, NULL, NULL, NULL, NULL, NULL, 0, NULL, NULL, NULL, NULL, NULL, NULL, NULL, NULL, NULL, NULL, NULL, NULL, NULL, NULL, NULL, NULL, NULL, NULL, NULL, NULL, NULL, NULL, NULL, NULL, NULL, NULL, NULL, NULL, NULL, NULL, NULL, NULL, NULL, NULL, NULL, NULL, NULL, NULL, NULL, NULL, NULL, NULL, NULL, NULL, NULL, NULL, NULL, NULL, NULL, NULL, NULL, NULL, NULL, NULL, NULL, NULL, NULL, NULL, NULL, NULL, NULL, NULL, NULL, NULL, NULL, NULL),
('c7915730-e7bb-11ea-b6e2-f7b716d9e905', 'a5e8b1b0-d36b-11ea-83dd-37fdd3b8cdb2', '68abdd60-413e-11ea-8495-73db033b73bc', '68abd990-413e-11ea-a32e-d1d5362e3b7d', NULL, 'Signed Fee Agreement & Retainer Received', 'Transactional', '', NULL, 'Referral', 'Clark Kent', 'Wally', 'West', 'wallywest@centralcitypd.gov', 'N/A', '(714) 879-1641', 'HOA dispute.', 1, NULL, NULL, NULL, 'No', '(714) 879-1641', NULL, NULL, '450.00', NULL, NULL, NULL, NULL, NULL, NULL, NULL, NULL, NULL, NULL, NULL, NULL, 'N/A', NULL, 'Tellus molestie nunc non blandit massa enim nec dui. Ullamcorper sit amet risus nullam. Fringilla ut morbi tincidunt augue interdum. Faucibus interdum posuere lorem ipsum. Posuere lorem ipsum dolor sit amet consectetur. Mollis nunc sed id semper risus in hendrerit gravida rutrum. Est sit amet facilisis magna. Diam ut venenatis tellus in metus vulputate eu. Etiam erat velit scelerisque in dictum non. Arcu non odio euismod lacinia at quis risus.', 'Sed lectus vestibulum mattis ullamcorper velit sed ullamcorper morbi tincidunt. Magna ac placerat vestibulum lectus mauris ultrices eros in cursus. Mattis pellentesque id nibh tortor id aliquet lectus. In fermentum et sollicitudin ac orci phasellus egestas tellus rutrum. Lectus mauris ultrices eros in cursus turpis massa tincidunt dui. Ligula ullamcorper malesuada proin libero nunc consequat interdum. Sed libero enim sed faucibus turpis in eu mi bibendum. Aliquam nulla facilisi cras fermentum. Sem viverra aliquet eget sit amet. Laoreet non curabitur gravida arcu ac tortor dignissim convallis aenean. Ultrices vitae auctor eu augue. Netus et malesuada fames ac turpis egestas. At quis risus sed vulputate odio ut enim blandit. Egestas integer eget aliquet nibh praesent.', NULL, NULL, NULL, NULL, NULL, NULL, NULL, NULL, NULL, NULL, NULL, NULL, NULL, NULL, NULL, NULL, NULL, 3, 3, 3, 3, 1, 1, 1, 1, 3, 'N/A', NULL, NULL, NULL, NULL, NULL, NULL, NULL, NULL, NULL, NULL, '5', NULL, '2020-11-19', NULL, NULL, NULL, NULL, NULL, NULL, NULL, NULL, NULL, NULL, NULL, NULL, NULL, NULL, NULL, NULL, NULL, NULL, NULL, NULL, NULL, NULL, NULL, NULL, NULL, NULL, NULL, NULL, NULL, NULL, NULL, NULL, NULL, NULL, NULL, NULL, NULL, NULL, NULL, NULL, NULL, NULL, NULL, NULL, NULL, NULL, NULL, NULL, NULL, '', NULL, NULL, 'Good', 0, NULL, NULL, NULL, NULL, NULL, NULL, '2020-08-26 16:47:08', '2020-11-19 09:19:25', '2020-11-19', 'SpeedForce LLC', NULL, NULL, NULL, NULL, NULL, NULL, NULL, NULL, NULL, NULL, NULL, NULL, NULL, NULL, NULL, NULL, NULL, NULL, NULL, NULL, NULL, NULL, NULL, NULL, NULL, NULL, NULL, NULL, NULL, NULL, NULL, 1, '1598 Pacifica Ave.', 'Apt. 345', 'Long Beach', 'CA', '90808', NULL, NULL, NULL, NULL, NULL, NULL, NULL, NULL, NULL, NULL, NULL, NULL, NULL, NULL, NULL, NULL, NULL, NULL, NULL, NULL, NULL, NULL, NULL, NULL, NULL, NULL, NULL, NULL, NULL, NULL, NULL, NULL, NULL, NULL, NULL, NULL, NULL, NULL, NULL, NULL, NULL, NULL, NULL, NULL, NULL, NULL, NULL, NULL, NULL, NULL, NULL, NULL, NULL, NULL, NULL, NULL, NULL, NULL, NULL, NULL, NULL),
('cec1ba50-d805-11ea-bd4f-c19ad7e09a67', '', '', '', '', NULL, NULL, NULL, NULL, NULL, NULL, NULL, NULL, NULL, NULL, NULL, NULL, NULL, NULL, NULL, NULL, NULL, NULL, NULL, NULL, '450.00', NULL, NULL, NULL, NULL, NULL, NULL, NULL, NULL, NULL, NULL, NULL, NULL, NULL, NULL, NULL, NULL, NULL, NULL, NULL, NULL, NULL, NULL, NULL, NULL, NULL, NULL, NULL, NULL, NULL, NULL, NULL, NULL, NULL, NULL, NULL, NULL, NULL, NULL, NULL, NULL, NULL, NULL, NULL, NULL, NULL, NULL, NULL, NULL, NULL, NULL, NULL, NULL, NULL, NULL, NULL, NULL, NULL, NULL, NULL, NULL, NULL, NULL, NULL, NULL, NULL, NULL, NULL, NULL, NULL, NULL, NULL, NULL, NULL, NULL, NULL, NULL, NULL, NULL, NULL, NULL, NULL, NULL, NULL, NULL, NULL, NULL, NULL, NULL, NULL, NULL, NULL, NULL, NULL, NULL, NULL, NULL, NULL, NULL, NULL, NULL, NULL, NULL, NULL, NULL, NULL, NULL, NULL, NULL, 'Good', 0, NULL, NULL, NULL, NULL, NULL, NULL, '2020-08-06 09:56:44', '2020-08-06 09:56:44', NULL, NULL, NULL, NULL, NULL, NULL, NULL, NULL, NULL, NULL, NULL, NULL, NULL, NULL, NULL, NULL, NULL, NULL, NULL, NULL, NULL, NULL, NULL, NULL, NULL, NULL, NULL, NULL, NULL, NULL, NULL, NULL, NULL, 0, NULL, NULL, NULL, NULL, NULL, NULL, NULL, NULL, NULL, NULL, NULL, NULL, NULL, NULL, NULL, NULL, NULL, NULL, NULL, NULL, NULL, NULL, NULL, NULL, NULL, NULL, NULL, NULL, NULL, NULL, NULL, NULL, NULL, NULL, NULL, NULL, NULL, NULL, NULL, NULL, NULL, NULL, NULL, NULL, NULL, NULL, NULL, NULL, NULL, NULL, NULL, NULL, NULL, NULL, NULL, NULL, NULL, NULL, NULL, NULL, NULL, NULL, NULL, NULL, NULL, NULL),
('d61a3640-e7ba-11ea-b4ee-a165ba8c9bf8', '', NULL, NULL, NULL, NULL, 'Potential', '', NULL, 'Referral', 'Oliver Queen', 'Dinah', 'Lance', 'dinah@scpd.gov', 'N/A', '(714) 555-8747', 'Contract matter.', NULL, NULL, NULL, NULL, NULL, '(714) 555-8747', NULL, NULL, '450.00', NULL, NULL, NULL, NULL, NULL, NULL, NULL, NULL, NULL, NULL, NULL, NULL, NULL, NULL, NULL, NULL, NULL, NULL, NULL, NULL, NULL, NULL, NULL, NULL, NULL, NULL, NULL, NULL, NULL, NULL, NULL, NULL, NULL, NULL, NULL, NULL, NULL, NULL, NULL, NULL, NULL, NULL, NULL, NULL, NULL, NULL, NULL, NULL, NULL, NULL, NULL, NULL, NULL, '5', NULL, NULL, NULL, NULL, NULL, NULL, NULL, NULL, NULL, NULL, NULL, NULL, NULL, NULL, NULL, NULL, NULL, NULL, NULL, NULL, NULL, NULL, NULL, NULL, NULL, NULL, NULL, NULL, NULL, NULL, NULL, NULL, NULL, NULL, NULL, NULL, NULL, NULL, NULL, NULL, NULL, NULL, NULL, NULL, NULL, NULL, NULL, NULL, NULL, NULL, NULL, NULL, NULL, NULL, 'Good', 0, NULL, NULL, NULL, NULL, NULL, NULL, '2020-08-26 16:40:23', '2020-08-26 16:40:23', NULL, NULL, NULL, NULL, NULL, NULL, NULL, NULL, NULL, NULL, NULL, NULL, NULL, NULL, NULL, NULL, NULL, NULL, NULL, NULL, NULL, NULL, NULL, NULL, NULL, NULL, NULL, NULL, NULL, NULL, NULL, NULL, NULL, 0, NULL, NULL, NULL, NULL, NULL, NULL, NULL, NULL, NULL, NULL, NULL, NULL, NULL, NULL, NULL, NULL, NULL, NULL, NULL, NULL, NULL, NULL, NULL, NULL, NULL, NULL, NULL, NULL, NULL, NULL, NULL, NULL, NULL, NULL, NULL, NULL, NULL, NULL, NULL, NULL, NULL, NULL, NULL, NULL, NULL, NULL, NULL, NULL, NULL, NULL, NULL, NULL, NULL, NULL, NULL, NULL, NULL, NULL, NULL, NULL, NULL, NULL, NULL, NULL, NULL, NULL),
('d8189ce0-1951-11eb-8136-dd547038b1dd', '', NULL, NULL, NULL, NULL, 'Potential', '', NULL, 'Google Ads', NULL, 'Erik', 'Lehnsherr', 'elehnsherr@magnets.com', 'Magneto Corporation', '(949) 588-7485', 'Breach of contract.', NULL, NULL, NULL, NULL, NULL, '(949) 588-7485', NULL, NULL, '475.00', NULL, NULL, NULL, NULL, NULL, NULL, NULL, NULL, NULL, NULL, NULL, NULL, NULL, NULL, NULL, NULL, NULL, NULL, NULL, NULL, NULL, NULL, NULL, NULL, NULL, NULL, NULL, NULL, NULL, NULL, NULL, NULL, NULL, NULL, NULL, NULL, NULL, NULL, NULL, NULL, NULL, NULL, NULL, 1, '2020-11-02', '2020-11-05', 1, 1, 'Yes', 1, '2020-11-02', '2020-11-05', NULL, '5', NULL, NULL, NULL, NULL, NULL, NULL, NULL, NULL, NULL, NULL, NULL, NULL, NULL, NULL, NULL, NULL, NULL, NULL, NULL, NULL, NULL, NULL, NULL, NULL, NULL, NULL, NULL, NULL, NULL, NULL, NULL, NULL, NULL, NULL, NULL, NULL, NULL, NULL, NULL, NULL, NULL, NULL, NULL, NULL, NULL, NULL, NULL, NULL, NULL, NULL, NULL, '', NULL, NULL, 'Good', 0, NULL, NULL, NULL, NULL, NULL, NULL, '2020-10-28 12:14:47', '2020-11-17 12:37:11', NULL, 'Magneto, Inc.', NULL, NULL, NULL, NULL, NULL, NULL, NULL, NULL, NULL, NULL, NULL, NULL, NULL, NULL, NULL, NULL, NULL, NULL, NULL, NULL, NULL, NULL, NULL, NULL, NULL, NULL, NULL, NULL, NULL, NULL, NULL, 0, NULL, NULL, NULL, NULL, NULL, NULL, NULL, NULL, NULL, NULL, NULL, NULL, NULL, NULL, NULL, NULL, NULL, NULL, NULL, NULL, NULL, NULL, NULL, NULL, NULL, NULL, NULL, NULL, NULL, NULL, NULL, NULL, NULL, NULL, NULL, NULL, NULL, NULL, NULL, NULL, NULL, NULL, NULL, NULL, NULL, NULL, NULL, NULL, NULL, NULL, NULL, NULL, NULL, NULL, NULL, NULL, NULL, NULL, NULL, NULL, NULL, NULL, NULL, NULL, NULL, NULL),
('e7e6c620-e24a-11ea-a109-d109e3cdf5f1', '0d3be480-1c4c-11ea-aa03-a120a2cb7873', '68abdf10-413e-11ea-bf89-819337ccb3c6', '68abdea0-413e-11ea-a5e6-3b1bbba2e0a5', '68abd630-413e-11ea-a004-530999362658', 'Signed Fee Agreement & Retainer Received', 'Lit', '4', '2020-11-24 12:20:24', 'Referral', 'Beverly Crusher', 'Jean Luc', 'Picard', 'jlp@enterprise.com', 'United Federation of Planets', '(949) 555-1701', 'Leo urna molestie at elementum eu facilisis sed odio morbi. Orci dapibus ultrices in iaculis nunc sed augue lacus. Dolor sit amet consectetur adipiscing. Nec nam aliquam sem et. Ultrices mi tempus imperdiet nulla. Luctus venenatis lectus magna fringilla urna. Et malesuada fames ac turpis egestas. Orci ac auctor augue mauris augue neque gravida. In dictum non consectetur a erat nam at. Urna et pharetra pharetra massa massa ultricies mi quis hendrerit. Non blandit massa enim nec dui nunc mattis enim. Id semper risus in hendrerit gravida. Augue mauris augue neque gravida in fermentum et. Quis vel eros donec ac odio tempor orci dapibus ultrices. Tristique sollicitudin nibh sit amet commodo nulla facilisi nullam vehicula. Lorem sed risus ultricies tristique nulla aliquet enim. Phasellus egestas tellus rutrum tellus pellentesque eu. Tortor vitae purus faucibus ornare suspendisse sed nisi lacus sed. Consectetur adipiscing elit ut aliquam purus sit amet luctus. Mattis aliquam faucibus purus in massa tempor nec.', 1, 'N/A', NULL, NULL, NULL, '(949) 555-1701', NULL, NULL, '450.00', NULL, NULL, NULL, NULL, NULL, NULL, NULL, NULL, NULL, NULL, NULL, NULL, 'N/A', NULL, NULL, NULL, NULL, NULL, NULL, NULL, NULL, NULL, NULL, NULL, NULL, NULL, NULL, NULL, NULL, NULL, NULL, NULL, NULL, NULL, NULL, NULL, NULL, NULL, NULL, NULL, NULL, 3, 'N/A', NULL, NULL, NULL, NULL, NULL, NULL, NULL, NULL, NULL, NULL, '4', '2020-11-24', '2020-06-01', '2021-07-08', 5, '2020-08-11', NULL, NULL, NULL, NULL, NULL, '2020-06-09', '2020-06-09', '2020-10-12', '2020-10-19', '2020-10-19', NULL, NULL, NULL, NULL, NULL, NULL, NULL, NULL, NULL, NULL, NULL, NULL, NULL, NULL, NULL, NULL, NULL, NULL, NULL, '2020-09-03', '2020-09-03', '2020-09-03', '1900-01-01', '2020-09-03', '2020-09-03', '1900-01-01', 1, NULL, '1900-01-01', '1900-01-01', '1900-01-01', '1900-01-01', '1900-01-01', '1900-01-01', '2020-10-02', '2020-10-06', '', '##### October 7th, 2020 09:35 AM \n*Transferred to SHIELD*\n            \n```\nBecause\n````\n            \n\n            \n--------------\n\n            \n##### October 7th, 2020 09:35 AM \n*Transferred to BADGER*\n            \n```\nWhatever\n````\n            \n\n            \n--------------\n\n            \n##### October 7th, 2020 09:34 AM \n*Transferred to SHIELD*\n            \n```\nBecause Client wants to sue.\n````\n            \n\n            \n--------------\n\n            \n##### October 7th, 2020 08:48 AM \n*Transferred to BADGER*\n            \n```\nTesting purposes.\n````\n            \n\n            \n--------------\n\n            \n##### October 7th, 2020 08:34 AM \n*Transferred to SHIELD*\n            \n```\nWill proceed with litigation.\n````\n            \n\n            \n--------------\n\n            \n##### October 7th, 2020 08:34 AM \n*Transferred to SHIELD*\n            \n```\nWill proceed with litigation.\n````\n            \n\n            \n--------------\n\n            \n##### October 7th, 2020 08:32 AM \n*Transferred to SHIELD*\n            \n```\nWill proceed with litigation.\n````\n            \n\n            \n--------------\n\n            \n', NULL, 'Good', 0, NULL, NULL, NULL, NULL, NULL, NULL, '2020-08-19 18:36:33', '2020-11-24 12:20:24', '2020-10-07', 'Picard v. UFOP, et al.', 0, 'e7e6c620-e24a-11ea-a109-d109e3cdf5f1-uploads/POS-Mail.pdf', 0, NULL, 0, NULL, NULL, NULL, NULL, NULL, NULL, NULL, NULL, NULL, NULL, NULL, NULL, NULL, NULL, NULL, NULL, NULL, NULL, NULL, NULL, NULL, NULL, NULL, NULL, NULL, 'Jury Trial', 0, NULL, NULL, NULL, NULL, NULL, NULL, NULL, NULL, NULL, NULL, NULL, NULL, NULL, NULL, NULL, NULL, NULL, NULL, NULL, NULL, NULL, NULL, NULL, NULL, NULL, NULL, NULL, NULL, NULL, NULL, NULL, NULL, NULL, NULL, NULL, NULL, NULL, NULL, NULL, NULL, NULL, NULL, NULL, NULL, NULL, NULL, NULL, NULL, NULL, NULL, NULL, NULL, NULL, NULL, NULL, NULL, NULL, NULL, NULL, NULL, NULL, NULL, NULL, NULL, NULL, NULL),
('e92bca50-154e-11eb-9aa2-b16d060c8c4e', 'a5e8b1b0-d36b-11ea-83dd-37fdd3b8cdb2', '68abd990-413e-11ea-a32e-d1d5362e3b7d', '68abd990-413e-11ea-a32e-d1d5362e3b7d', NULL, 'Signed Fee Agreement, Retainer, and Conflict Waiver Received.', 'Transactional', NULL, NULL, 'Google Ads', 'N/A', 'Guy', 'Gardner', 'ggard@greenlanterns.com', 'Green Lantern Corp.', '(949) 587-4213', 'Breach contract and misappropriation of intellectual property.', NULL, NULL, NULL, NULL, NULL, NULL, NULL, NULL, NULL, NULL, NULL, NULL, NULL, NULL, NULL, NULL, NULL, NULL, NULL, NULL, NULL, NULL, NULL, NULL, NULL, NULL, NULL, NULL, NULL, NULL, NULL, NULL, NULL, NULL, NULL, NULL, NULL, NULL, NULL, NULL, NULL, NULL, NULL, NULL, NULL, NULL, NULL, NULL, NULL, NULL, 3, 'N/A', NULL, NULL, NULL, NULL, NULL, NULL, NULL, NULL, NULL, NULL, NULL, '2020-10-23', '2020-10-23', NULL, NULL, NULL, NULL, NULL, NULL, NULL, NULL, '2020-10-26', NULL, NULL, NULL, NULL, NULL, NULL, NULL, NULL, NULL, NULL, NULL, NULL, NULL, NULL, NULL, NULL, NULL, NULL, NULL, NULL, NULL, NULL, NULL, NULL, NULL, NULL, NULL, NULL, NULL, NULL, NULL, NULL, NULL, NULL, NULL, NULL, NULL, NULL, NULL, NULL, NULL, NULL, NULL, 'Good', 0, NULL, NULL, NULL, NULL, NULL, NULL, '2020-10-23 09:43:42', '2020-10-23 10:37:08', '2020-10-30', NULL, NULL, NULL, NULL, NULL, NULL, NULL, NULL, NULL, NULL, NULL, NULL, NULL, NULL, NULL, NULL, NULL, NULL, NULL, NULL, NULL, NULL, NULL, NULL, NULL, NULL, NULL, NULL, NULL, NULL, NULL, NULL, 1, '4586 Meadows Rd.', 'Suite 300', 'Aliso Viejo', 'CA', '92656', NULL, NULL, NULL, NULL, NULL, NULL, NULL, NULL, NULL, 'Gen Corp', 'Corporation', '2020-11-22', 'BPP Docs', '2020-10-28', '2017-03-08', NULL, '2017-03-08', '2017-03-18', '1900-01-01', '2020-10-23', '2017-04-11', NULL, NULL, NULL, '2017-06-02', NULL, NULL, NULL, NULL, NULL, NULL, NULL, NULL, NULL, NULL, NULL, NULL, NULL, NULL, NULL, NULL, NULL, '1900-01-01', NULL, NULL, NULL, NULL, 'N/A', 'N/A', NULL, NULL, NULL, NULL, NULL, NULL, NULL, NULL, NULL, NULL, NULL, NULL),
('ea61be70-e7bb-11ea-8955-e5bac348f231', '07120d90-1c4c-11ea-b48f-fdb6471faf39', '68abcff0-413e-11ea-85fb-5781b29b9597', '68abcff0-413e-11ea-85fb-5781b29b9597', NULL, 'Signed Fee Agreement & Retainer Received', 'Pre-Lit', NULL, '2020-09-08 18:45:55', 'Google Ads', NULL, 'Roy', 'Harper', 'rharper@cox.com', 'N/A', '(949) 654-7854', 'Neighbor dispute over roots and damage to Roy\'s pool/deck.', NULL, NULL, NULL, NULL, NULL, '(949) 654-7854', NULL, NULL, '450.00', NULL, NULL, NULL, NULL, NULL, NULL, NULL, NULL, NULL, NULL, NULL, NULL, NULL, NULL, NULL, NULL, NULL, NULL, NULL, NULL, NULL, NULL, NULL, NULL, NULL, NULL, NULL, NULL, NULL, NULL, NULL, NULL, NULL, NULL, NULL, NULL, NULL, NULL, NULL, NULL, NULL, NULL, NULL, 1, '2020-09-01', '2020-09-07', 1, 1, 'No', NULL, NULL, NULL, NULL, '5', '2020-09-02', '2020-09-02', NULL, NULL, NULL, NULL, NULL, NULL, NULL, NULL, NULL, NULL, NULL, NULL, NULL, NULL, NULL, NULL, NULL, NULL, NULL, NULL, NULL, NULL, NULL, NULL, NULL, NULL, NULL, NULL, NULL, NULL, NULL, NULL, '2020-09-01', '2020-09-02', NULL, NULL, NULL, NULL, NULL, NULL, NULL, NULL, NULL, NULL, NULL, NULL, NULL, NULL, NULL, '', NULL, NULL, 'Good', 0, NULL, NULL, NULL, NULL, NULL, NULL, '2020-08-26 16:48:06', '2020-09-08 19:52:42', NULL, NULL, NULL, NULL, NULL, NULL, NULL, NULL, NULL, NULL, NULL, NULL, NULL, NULL, NULL, NULL, NULL, NULL, NULL, NULL, NULL, NULL, NULL, NULL, NULL, NULL, NULL, NULL, NULL, NULL, NULL, NULL, NULL, 0, NULL, NULL, NULL, NULL, NULL, NULL, NULL, NULL, NULL, NULL, NULL, NULL, NULL, NULL, NULL, NULL, NULL, NULL, NULL, NULL, NULL, NULL, NULL, NULL, NULL, NULL, NULL, NULL, NULL, NULL, NULL, NULL, NULL, NULL, NULL, NULL, NULL, NULL, NULL, NULL, NULL, NULL, NULL, NULL, NULL, NULL, NULL, NULL, NULL, NULL, NULL, NULL, NULL, NULL, NULL, NULL, NULL, NULL, NULL, NULL, NULL, NULL, NULL, NULL, NULL, NULL),
('f2efbe30-d810-11ea-aead-e39550994302', '07120d90-1c4c-11ea-b48f-fdb6471faf39', '68abcff0-413e-11ea-85fb-5781b29b9597', '68abcff0-413e-11ea-85fb-5781b29b9597', '68abd5a0-413e-11ea-9326-7b3c689c909b', 'Agreement + Retainer', 'Pre-Lit', NULL, '2020-08-18 19:07:09', 'Referral', 'Referred by Peter Parker', 'Steve', 'Rogers', 'capam@avengers.com', 'N/A', '(818) 667-8856', 'Adipiscing at in tellus integer feugiat. Sodales neque sodales ut etiam sit amet nisl purus. Dictum at tempor commodo ullamcorper a lacus vestibulum. Quam viverra orci sagittis eu volutpat odio facilisis. Quis eleifend quam adipiscing vitae proin sagittis. Scelerisque varius morbi enim nunc faucibus a pellentesque. Dui ut ornare lectus sit amet est. Pretium nibh ipsum consequat nisl vel. Habitasse platea dictumst quisque sagittis purus sit. Risus quis varius quam quisque id diam vel quam elementum. Pellentesque eu tincidunt tortor aliquam nulla facilisi. Suspendisse interdum consectetur libero id faucibus nisl tincidunt eget nullam. Nisl pretium fusce id velit ut tortor pretium viverra suspendisse. Luctus accumsan tortor posuere ac ut. Pharetra sit amet aliquam id diam maecenas. Scelerisque fermentum dui faucibus in ornare quam. Metus aliquam eleifend mi in nulla posuere sollicitudin aliquam ultrices. Nisl vel pretium lectus quam id leo in vitae. Sem et tortor consequat id porta nibh venenatis cras sed.\r\n\r\nVitae semper quis lectus nulla at volutpat diam ut. Purus non enim praesent elementum facilisis leo vel fringilla est. Habitant morbi tristique senectus et netus et malesuada fames ac. Nisl rhoncus mattis rhoncus urna neque. Sed adipiscing diam donec adipiscing. Molestie a iaculis at erat pellentesque. Massa enim nec dui nunc mattis enim. Egestas pretium aenean pharetra magna ac placerat. In ante metus dictum at tempor commodo ullamcorper a. A scelerisque purus semper eget duis at tellus. Porttitor lacus luctus accumsan tortor. Dictum non consectetur a erat nam at lectus urna duis. Ultrices vitae auctor eu augue ut. Orci a scelerisque purus semper eget. Tempor orci eu lobortis elementum nibh. Eu tincidunt tortor aliquam nulla facilisi cras fermentum odio eu. Integer quis auctor elit sed vulputate. Viverra ipsum nunc aliquet bibendum enim facilisis gravida neque. Nunc congue nisi vitae suscipit tellus mauris a.\r\n\r\nOdio ut sem nulla pharetra diam sit amet nisl. In eu mi bibendum neque. Lorem ipsum dolor sit amet consectetur adipiscing elit ut aliquam. Augue interdum velit euismod in pellentesque massa placerat duis ultricies. Purus viverra accumsan in nisl nisi scelerisque. Vivamus at augue eget arcu dictum varius duis at. Turpis cursus in hac habitasse platea dictumst quisque. Lobortis scelerisque fermentum dui faucibus in ornare quam. Gravida dictum fusce ut placerat orci nulla. Nulla malesuada pellentesque elit eget gravida.', 1, 'Massa tempor nec feugiat nisl pretium fusce id velit. Risus in hendrerit gravida rutrum quisque non tellus orci ac. Semper viverra nam libero justo laoreet sit amet cursus. Urna nunc id cursus metus aliquam eleifend mi in. Commodo viverra maecenas accumsan lacus vel facilisis. Elementum sagittis vitae et leo duis ut diam quam nulla. Fringilla phasellus faucibus scelerisque eleifend donec pretium.', 'Converted', '2020-08-06 13:16:01', NULL, '(818) 667-8856', '2020-06-02', '11:30', '675', 'Yes', 'N/A', 'N/A', NULL, NULL, NULL, NULL, NULL, NULL, NULL, NULL, NULL, NULL, NULL, NULL, NULL, NULL, NULL, NULL, NULL, NULL, NULL, NULL, NULL, NULL, NULL, NULL, NULL, NULL, NULL, NULL, NULL, NULL, NULL, NULL, NULL, NULL, NULL, NULL, NULL, NULL, NULL, NULL, NULL, NULL, NULL, NULL, NULL, NULL, NULL, NULL, NULL, NULL, '4', NULL, '2020-08-06', NULL, NULL, NULL, NULL, NULL, NULL, NULL, NULL, NULL, NULL, NULL, NULL, NULL, NULL, NULL, NULL, NULL, NULL, NULL, NULL, NULL, NULL, NULL, NULL, NULL, NULL, NULL, NULL, NULL, NULL, NULL, NULL, '2020-08-17', '2020-08-18', '2020-08-18', NULL, NULL, NULL, NULL, NULL, NULL, '2020-09-22', '1900-01-01', NULL, NULL, NULL, NULL, NULL, NULL, '', NULL, NULL, 'Good', 0, NULL, NULL, NULL, NULL, NULL, NULL, '2020-08-06 11:16:29', '2020-09-02 17:30:40', NULL, NULL, NULL, NULL, NULL, NULL, NULL, NULL, NULL, NULL, NULL, NULL, NULL, NULL, NULL, NULL, NULL, NULL, NULL, NULL, NULL, NULL, NULL, NULL, NULL, NULL, NULL, NULL, NULL, NULL, NULL, NULL, NULL, 0, NULL, NULL, NULL, NULL, NULL, NULL, NULL, NULL, NULL, NULL, NULL, NULL, NULL, NULL, NULL, NULL, NULL, NULL, NULL, NULL, NULL, NULL, NULL, NULL, NULL, NULL, NULL, NULL, NULL, NULL, NULL, NULL, NULL, NULL, NULL, NULL, NULL, NULL, NULL, NULL, NULL, NULL, NULL, NULL, NULL, NULL, NULL, NULL, NULL, NULL, NULL, NULL, NULL, NULL, NULL, NULL, NULL, NULL, NULL, NULL, NULL, NULL, NULL, NULL, NULL, NULL),
('f3ff1400-e7b8-11ea-b41e-a72fd61121c4', '', NULL, NULL, NULL, NULL, 'Potential', '', NULL, 'Google Ads', NULL, 'Jon', 'Stewart', 'js@justiceleague.com', 'N/A', '(213) 555-1212', 'None at this time.', 1, NULL, NULL, NULL, NULL, NULL, NULL, NULL, '450.00', NULL, NULL, NULL, NULL, NULL, NULL, NULL, NULL, NULL, NULL, NULL, NULL, NULL, NULL, NULL, NULL, NULL, NULL, NULL, NULL, NULL, NULL, NULL, NULL, NULL, NULL, NULL, NULL, NULL, NULL, NULL, NULL, NULL, NULL, NULL, NULL, NULL, NULL, NULL, NULL, NULL, NULL, NULL, NULL, NULL, NULL, NULL, NULL, NULL, NULL, NULL, NULL, NULL, '5', NULL, NULL, NULL, NULL, NULL, NULL, NULL, NULL, NULL, NULL, NULL, NULL, NULL, NULL, NULL, NULL, NULL, NULL, NULL, NULL, NULL, NULL, NULL, NULL, NULL, NULL, NULL, NULL, NULL, NULL, NULL, NULL, NULL, NULL, NULL, NULL, NULL, NULL, NULL, NULL, NULL, NULL, NULL, NULL, NULL, NULL, NULL, NULL, NULL, NULL, NULL, '', NULL, NULL, 'Good', 0, NULL, NULL, NULL, NULL, NULL, NULL, '2020-08-26 16:26:54', '2020-08-26 16:37:21', NULL, NULL, NULL, NULL, NULL, NULL, NULL, NULL, NULL, NULL, NULL, NULL, NULL, NULL, NULL, NULL, NULL, NULL, NULL, NULL, NULL, NULL, NULL, NULL, NULL, NULL, NULL, NULL, NULL, NULL, NULL, NULL, NULL, 0, NULL, NULL, NULL, NULL, NULL, NULL, NULL, NULL, NULL, NULL, NULL, NULL, NULL, NULL, NULL, NULL, NULL, NULL, NULL, NULL, NULL, NULL, NULL, NULL, NULL, NULL, NULL, NULL, NULL, NULL, NULL, NULL, NULL, NULL, NULL, NULL, NULL, NULL, NULL, NULL, NULL, NULL, NULL, NULL, NULL, NULL, NULL, NULL, NULL, NULL, NULL, NULL, NULL, NULL, NULL, NULL, NULL, NULL, NULL, NULL, NULL, NULL, NULL, NULL, NULL, NULL);
INSERT INTO `elysium_clients` (`id`, `team_id`, `intake_attorney_id`, `lead_attorney_id`, `support_attorney_id`, `converted_status`, `case_type`, `client_temperament`, `client_temperament_date`, `marketing_information`, `other_lead_source_details`, `first_name`, `last_name`, `email`, `company`, `phone`, `facts`, `conflict_check`, `call_notes`, `call_one_hour_result`, `call_one_hour_result_date`, `consultation_completed`, `consultation_conf_phone`, `consultation_conf_date`, `consultation_conf_time`, `consultation_fees`, `consultation_payment_information_received`, `consultation_payment_processed`, `consultation_docs_received_pre_consult`, `intake_who_are_we_representing`, `intake_primary_address`, `intake_primary_phone_numbers`, `intake_primary_emails`, `intake_retainer_box`, `intake_estimate`, `intake_estimate_other`, `intake_fee_agreement_transmittal`, `intake_fee_agreement_transmittal_other`, `caseinfo_pending_deadlines`, `caseinfo_opposing_side`, `caseinfo_provided_facts`, `caseinfo_intake_atty_notes`, `scope_due_diligence`, `scope_adr_demand_letters`, `scope_idr_demand_letters`, `scope_prepare_opinion_letter`, `scope_bpp_gen_corp`, `scope_prosecute_new_lawsuit`, `scope_prosecute_active_lawsuit`, `scope_prosecute_court`, `scope_prosecute_number`, `scope_prosecute_name`, `scope_defend_lawsuit`, `scope_defend_court`, `scope_defend_number`, `scope_defend_name`, `scope_arbitration`, `scope_arbitration_number`, `scope_arbitration_name`, `docs_ccrs`, `docs_emails`, `docs_pictures`, `docs_timeline`, `docs_minutes`, `docs_agreements`, `docs_corp_docs`, `docs_emp_docs`, `docs_lit_docs`, `docs_other`, `fee_agrement_sent_to_client`, `fee_agreement_sent_date`, `fee_agreement_follow_up_date`, `fee_agreement_received_no_retainer`, `fee_retainer_received_no_fee_agreement`, `conflict_waiver_necessary`, `conflict_waiver_sent_to_pc`, `conflict_waiver_sent_date`, `conflict_waiver_follow_up_date`, `conflict_waiver_received_by_all_clients`, `rating`, `client_last_contacted_date`, `date_retained`, `trial_date`, `trial_length`, `mediation_date`, `is_settled`, `party`, `intake_attorney_user_id`, `lead_associate_user_id`, `support_associate_1_user_id`, `client_intro_letter_sent_date`, `client_intro_notice_of_representation_sent_date`, `dd_ladd_commenced_date`, `dd_ladd_completed_date`, `dd_ladd_sent_to_client_date`, `first_filing_draft_sent_date`, `first_filing_pleading_date`, `discovery_propounded_set_1_date`, `discovery_propounded_set_1_notes`, `discovery_propounded_set_2_date`, `discovery_propounded_set_2_notes`, `discovery_depositions_completed`, `discovery_depositions_notes`, `discovery_expert_designations_completed`, `discovery_expert_designations_notes`, `pt_dispositive_motions_filed_date`, `pt_msc_attended_date`, `pt_trial_commenced_date`, `pt_trial_completed_date`, `pt_motions_filed_date`, `intake_pending_deadlines`, `intake_opposing_side`, `intake_pc_provided_facts`, `intake_atty_notes`, `prelim_analysis_commenced_date`, `prelim_analysis_completed_date`, `prelim_client_update_sent_date`, `adr_draft_demand_sent_to_client_date`, `adr_demand_letters_sent_date`, `adr_final_letters_sent_to_client_date`, `med_information_neg_commenced`, `med_demand_accepted_by_client`, `med_demand_accepted_by_client_date`, `med_confidential_brief_completed`, `med_confidential_brief_sent_to_client`, `med_scheduled_date`, `med_attended_date`, `med_settlement_agreement_drafted_date`, `med_settlement_agreement_executed_date`, `litigation_meeting_requested_date`, `litigation_meeting_completed_date`, `reason_for_transfer`, `transfer_log`, `reason_for_deactivate`, `authorization`, `has_red_flag`, `red_flag_notes`, `offboarded_reason`, `converted_at`, `settled_at`, `deactivated_at`, `offboarded_at`, `created_at`, `updated_at`, `completion_date`, `matter`, `has_current_proof_of_service`, `current_proof_of_service`, `has_local_rules`, `local_rules`, `has_local_local_rules`, `local_local_rules`, `discovery_set_1_satisfactory_response_received`, `discovery_set_1_send_client_propounded_discovery`, `discovery_set_2_satisfactory_response_received`, `discovery_set_2_send_client_propounded_discovery`, `discovery_deposition_outline_prepared`, `discovery_deposition_all_planned_completed`, `discovery_intend_nonparty_depositions`, `discovery_intent_nonparty_depositions_notes`, `discovery_nonparty_depositions_outline_prepared`, `discovery_nonparty_depositions_completed`, `discovery_nonparty_depositions_documents_obtained`, `discovery_expert_demand_exchange`, `pt_intend_complete_page_line_depo_summ`, `pt_have_logged_depo_transcripts`, `pt_have_completed_exam_outlines`, `pt_have_met_trial_witnesses`, `pt_have_completed_exhibit_list`, `pt_have_marked_exhibits`, `pt_have_completed_witness_list`, `pt_have_prepared_opening_statement`, `pt_jury_complete_instructions`, `pt_jury_voir_dire_outline`, `pt_jury_prepare_verdict_form`, `pt_jury_prepare_motions_in_limine`, `jury_trial_court_trial`, `is_mailing_address`, `address_line_1`, `address_line_2`, `city`, `state`, `postal_code`, `pt_date_of_jury`, `pt_filing_date_of_notice_of_entry_of_judgment`, `pt_filing_date_of_notice_of_entry_of_judgment_notes`, `pt_indend_to_file_a_motion_for_new_trial`, `pt_indend_to_file_a_jnov`, `pt_indend_to_file_motion_for_attorney_fees`, `pt_indend_to_file_a_memo_of_costs`, `pt_indend_to_file_an_appeal`, `pt_indend_to_file_an_appeal_date`, `trans_scope_of_rep`, `trans_entity_type`, `trans_soi_deadline`, `trans_ci_init_scope`, `trans_ci_completed_all_ci_init_date`, `trans_fd_filed_articles_of_inc_date`, `trans_fd_filed_articles_of_org_date`, `trans_fd_bylaws_date`, `trans_fd_ein_date`, `trans_fd_fbn_date`, `trans_fd_ftb_no_date`, `trans_fd_initial_minutes_date`, `trans_fd_initial_soi_date`, `trans_fd_operating_agreement_date`, `trans_fd_partnership_agreement_date`, `trans_fd_shareholder_agreement_date`, `trans_fd_sent_completed_formation_docs_to_client_date`, `trans_el_signed_receipt_of_handbook`, `trans_el_handbook_compliant_date`, `trans_el_signed_receipt_of_emp_agreements`, `trans_el_emp_agreements_compliant_date`, `trans_el_code_28105_date`, `trans_el_drafted_vehicle_use_agreement`, `trans_el_drafted_drug_testing_consent`, `trans_el_drafted_emp_performance_review`, `trans_el_prepared_letter_to_clients_emp_v_ind_contractors`, `trans_el_prepared_letter_to_clients_emp_v_ind_contractors_date`, `trans_el_prepared_letter_to_clients_exempt_v_nonexempt`, `trans_el_prepared_letter_to_clients_exempt_v_nonexempt_date`, `trans_el_prepared_letter_to_clients_re_drug_consent_laws`, `trans_el_prepared_letter_to_clients_re_drug_consent_laws_date`, `trans_el_prepared_letter_to_clients_re_performance_reviews`, `trans_el_prepared_letter_to_clients_re_performance_reviews_date`, `trans_ip_nda_date`, `trans_ip_tm_word_fed_date`, `trans_ip_tm_design_fed_date`, `trans_ip_tm_word_ca_date`, `trans_ip_tm_design_ca_date`, `trans_ip_patents`, `trans_ip_copyrights`, `trans_ac_annual_shareholder_minutes_date`, `trans_ac_annual_board_minutes_date`, `trans_ac_annual_member_meeting_minutes_date`, `trans_ac_annual_manager_meeting_minutes_date`, `trans_ac_soi_filed_date`, `trans_ac_new_laws_letter_date`, `trans_ac_new_laws_req_update_emp_docs`, `trans_ac_new_laws_req_update_emp_docs_date`, `trans_dl_soi_deadline_date`, `trans_dl_fbn_deadline_date`, `trans_dl_tm_deadlines`, `trans_dl_other_deadlines`) VALUES
('f8cea3c0-ed53-11ea-80b2-716905c843ca', '07120d90-1c4c-11ea-b48f-fdb6471faf39', '68abd6a0-413e-11ea-bc4e-818c36d37590', '68abcff0-413e-11ea-85fb-5781b29b9597', NULL, 'Signed Fee Agreement & Retainer Received', 'Pre-Lit', NULL, '2020-09-04 15:55:43', 'Google Ads', NULL, 'Ray', 'Palmer', 'ray@palmertech.com', 'Palmer Technologies, Inc.', '(714) 555-8744', 'Shareholder dispute.', NULL, NULL, NULL, NULL, NULL, '(714) 555-8744', NULL, NULL, '450.00', NULL, NULL, NULL, NULL, NULL, NULL, NULL, NULL, NULL, NULL, NULL, NULL, NULL, NULL, NULL, NULL, NULL, NULL, NULL, NULL, NULL, NULL, NULL, NULL, NULL, NULL, NULL, NULL, NULL, NULL, NULL, NULL, NULL, NULL, NULL, NULL, NULL, NULL, NULL, NULL, NULL, 3, 'N/A', 1, '2020-08-26', '2020-09-02', 0, 0, 'No', NULL, NULL, NULL, NULL, '4', '2020-11-05', '2020-09-02', NULL, NULL, NULL, NULL, NULL, NULL, NULL, NULL, NULL, NULL, NULL, NULL, NULL, NULL, NULL, NULL, NULL, NULL, NULL, NULL, NULL, NULL, NULL, NULL, NULL, NULL, NULL, NULL, NULL, NULL, NULL, NULL, NULL, NULL, NULL, NULL, NULL, NULL, '1900-01-01', 1, NULL, '2020-09-09', '2020-09-09', NULL, NULL, NULL, NULL, NULL, NULL, '', NULL, NULL, 'Good', 0, NULL, NULL, NULL, NULL, NULL, NULL, '2020-09-02 19:39:10', '2020-11-05 11:38:29', NULL, NULL, NULL, NULL, NULL, NULL, NULL, NULL, NULL, NULL, NULL, NULL, NULL, NULL, NULL, NULL, NULL, NULL, NULL, NULL, NULL, NULL, NULL, NULL, NULL, NULL, NULL, NULL, NULL, NULL, NULL, NULL, NULL, 0, NULL, NULL, NULL, NULL, NULL, NULL, NULL, NULL, NULL, NULL, NULL, NULL, NULL, NULL, NULL, NULL, NULL, NULL, NULL, NULL, NULL, NULL, NULL, NULL, NULL, NULL, NULL, NULL, NULL, NULL, NULL, NULL, NULL, NULL, NULL, NULL, NULL, NULL, NULL, NULL, NULL, NULL, NULL, NULL, NULL, NULL, NULL, NULL, NULL, NULL, NULL, NULL, NULL, NULL, NULL, NULL, NULL, NULL, NULL, NULL, NULL, NULL, NULL, NULL, NULL, NULL),
('qAJFiuTGDU', '0d3be480-1c4c-11ea-aa03-a120a2cb7873', NULL, '68abdea0-413e-11ea-a5e6-3b1bbba2e0a5', NULL, 'Signed Fee Agreement & Retainer Received', 'Lit', NULL, '2020-10-12 08:49:58', 'Other', 'Was a non-party deponent in the Smithson matter and was impressed with the Firm.', 'Client', 'Barton', 'cbarton@gmail.com', 'N/A', '(310) 555-8747 x', 'Paid for highly specialized custom arrows. Upon inspection, none were up to specifications. All attempts to come to a resolution with manufacturer have failed.', NULL, NULL, NULL, NULL, NULL, NULL, NULL, NULL, NULL, NULL, NULL, NULL, NULL, NULL, NULL, NULL, NULL, NULL, NULL, NULL, NULL, NULL, NULL, NULL, NULL, NULL, NULL, NULL, NULL, NULL, NULL, NULL, NULL, NULL, NULL, NULL, NULL, NULL, NULL, NULL, NULL, NULL, NULL, NULL, NULL, NULL, NULL, NULL, NULL, NULL, NULL, NULL, NULL, NULL, NULL, NULL, NULL, NULL, NULL, NULL, NULL, NULL, NULL, '2020-10-12', '2020-10-09', NULL, NULL, NULL, NULL, NULL, NULL, NULL, NULL, NULL, NULL, NULL, NULL, NULL, NULL, NULL, NULL, NULL, NULL, NULL, NULL, NULL, NULL, NULL, NULL, NULL, NULL, NULL, NULL, NULL, NULL, NULL, NULL, NULL, NULL, NULL, NULL, NULL, NULL, NULL, NULL, NULL, NULL, NULL, NULL, NULL, NULL, NULL, NULL, NULL, '', NULL, 'Case settled.', 'Alert', 0, NULL, NULL, NULL, '2020-10-13 10:12:07', '2020-10-13 10:13:11', NULL, '2020-10-09 12:17:11', '2020-10-13 10:13:11', '2020-08-12', 'Precision Tools Ltd.', 0, NULL, 0, NULL, 0, NULL, NULL, NULL, NULL, NULL, NULL, NULL, NULL, NULL, NULL, NULL, NULL, NULL, NULL, NULL, NULL, NULL, NULL, NULL, NULL, NULL, NULL, NULL, NULL, NULL, NULL, 1, '4286 Country Rd.', '-', 'Long Beach', 'CA', '90807', NULL, NULL, NULL, NULL, NULL, NULL, NULL, NULL, NULL, NULL, NULL, NULL, NULL, NULL, NULL, NULL, NULL, NULL, NULL, NULL, NULL, NULL, NULL, NULL, NULL, NULL, NULL, NULL, NULL, NULL, NULL, NULL, NULL, NULL, NULL, NULL, NULL, NULL, NULL, NULL, NULL, NULL, NULL, NULL, NULL, NULL, NULL, NULL, NULL, NULL, NULL, NULL, NULL, NULL, NULL, NULL, NULL, NULL, NULL, NULL, NULL);

-- --------------------------------------------------------

--
-- Table structure for table `elysium_court_orders`
--

CREATE TABLE `elysium_court_orders` (
  `id` varchar(36) NOT NULL DEFAULT '',
  `client_id` varchar(36) DEFAULT NULL,
  `date_of_order` date DEFAULT NULL,
  `name_of_pdf_document` varchar(255) DEFAULT NULL,
  `attachment` varchar(255) DEFAULT NULL,
  `attachment_name` varchar(255) DEFAULT NULL,
  `created_at` timestamp NULL DEFAULT NULL,
  `updated_at` timestamp NULL DEFAULT NULL
) ENGINE=InnoDB DEFAULT CHARSET=utf8;

--
-- Dumping data for table `elysium_court_orders`
--

INSERT INTO `elysium_court_orders` (`id`, `client_id`, `date_of_order`, `name_of_pdf_document`, `attachment`, `attachment_name`, `created_at`, `updated_at`) VALUES
('008960e0-34c2-11eb-9570-634319fb08df', 'b2038cd0-1479-11eb-a8d2-bf6cd3a1a414', '2020-12-01', NULL, 'ylCycHUZCjEY3rR1KYSuxPy3wrhXWWprq0tOBbaQ.pdf', 'Minute Order re Demurrer & MTS (1.9.15).pdf', '2020-12-02 09:15:40', '2020-12-02 09:15:40'),
('0abbcf20-04e6-11eb-acb1-a198ab7050f1', 'aafb58b0-d36e-11ea-9a78-f3634ef4d283', '2020-09-14', 'Minute Order (CMC)', '5y9KN7lft7O4Vn8JKrU6UUXaVIgp9761bYM0G9rr.pdf', 'Minute Order re CMC (9.14.20).pdf', '2020-10-02 12:32:43', '2020-10-02 12:32:43'),
('0e762a20-1495-11eb-8c33-c9b2fa0b5ee6', 'e7e6c620-e24a-11ea-a109-d109e3cdf5f1', '2020-09-14', NULL, 'DbVV2mKVpkr1nESyfdzYJFMwGEDGPKU7t81DCWmI.pdf', 'Minute Order re CMC (9.14.20).pdf', '2020-10-22 11:33:19', '2020-10-22 11:34:14'),
('168d0cb0-fcf3-11ea-9ef6-6b72a683f773', 'aceadf50-f788-11ea-b7f7-ffd0750036ec', '2020-07-24', 'Order Granting Plaintiff\'s Motion to Compel and Ordering Sanctions', 'LdINaLGSK7g0dpg9hfchUW5fOgIOVzN8vKgZ6XfA.pdf', '2020.07.24 - Order Granting Plaintiffs\' Motion to To Compel and Ordering Sanctions.pdf', '2020-09-22 09:45:57', '2020-09-22 09:45:57'),
('2788f290-fcf3-11ea-a7db-69425eb9aa1e', 'aceadf50-f788-11ea-b7f7-ffd0750036ec', '2019-08-28', 'Minute Order re OSC re Dismissal', 'l1eLGMnwsKgadXUoYN3pbox85BskOpMGBWfXlTTQ.pdf', 'Minute Order re OSC re Dismissal (8.28.19).pdf', '2020-09-22 09:46:25', '2020-09-22 09:46:25'),
('280a6a90-187d-11eb-9e0c-95ac3811367a', '71d382e0-e61c-11ea-be80-75599b977cf5', '2015-01-09', NULL, 'vWlTMaEK9h1XKp32GGYYHGOb2oC0akuzCbMhbCsQ.pdf', 'Minute Order re Demurrer & MTS (1.9.15).pdf', '2020-10-27 10:52:18', '2020-10-27 10:52:18'),
('44302b40-2e77-11eb-9eaa-750a36a8e2fa', '2a808c60-eee9-11ea-bba5-3194efd957d2', '2015-03-27', NULL, 'wfPvwadGalBnbsdvW2WHnLz0WBeKqWXVr9fapD9P.pdf', 'Minute Order re Cont. CMC (3.27.15).pdf', '2020-11-24 09:05:34', '2020-11-24 09:05:34'),
('55dc00e0-2e77-11eb-92c1-b9427c245395', '2a808c60-eee9-11ea-bba5-3194efd957d2', '2019-08-29', NULL, 'CH0u8tDEZ7dkw6fEo40bTFBvaXdDRBNwtnm1152l.pdf', 'Minute Order re OSC re Dismissal (8.28.19).pdf', '2020-11-24 09:06:04', '2020-11-24 09:06:04'),
('5726cbc0-149b-11eb-82eb-fd913d5beeb0', 'e7e6c620-e24a-11ea-a109-d109e3cdf5f1', '2020-07-24', NULL, 'Aow32nGxXWqFH9CpbZVNLplSQ133OfIl71PjJHTm.pdf', '2020.07.24 - Order Granting Plaintiffs\' Motion to To Compel and Ordering Sanctions.pdf', '2020-10-22 12:18:17', '2020-10-22 12:18:17'),
('5fcc6d40-149b-11eb-83fb-ad4cd877276e', 'e7e6c620-e24a-11ea-a109-d109e3cdf5f1', '2020-08-25', NULL, 'T1E7vgRExckbK5qc9UysTIwGMEPodNxCbrHTu5vp.pdf', '2020.08.25 Stipulated Protective Order.pdf', '2020-10-22 12:18:32', '2020-10-22 12:18:32'),
('89e2d230-14a0-11eb-a977-072af7aa2b96', '735a00d0-d36d-11ea-a5a7-3dc1a1fc4a60', '2012-11-19', NULL, 'haF5wKhWmAkliw0SFXH7sGiWN4oFUe0F0WM3sC0w.pdf', 'Minute Order (11.19.12).pdf', '2020-10-22 12:55:30', '2020-10-22 12:55:30'),
('9de29580-14a0-11eb-8120-f13c884c6071', '735a00d0-d36d-11ea-a5a7-3dc1a1fc4a60', '2013-01-11', NULL, 'mPSAn4V81YW3D7pCtvmUXlSQapw8kUZ8Lv4dV0ry.pdf', 'Minute Order (1.11.13).pdf', '2020-10-22 12:56:04', '2020-10-22 12:56:04'),
('aa729d40-14a0-11eb-9d63-2b024393d987', '735a00d0-d36d-11ea-a5a7-3dc1a1fc4a60', '2013-05-10', NULL, 'Nzkm2vDDl79YXiz8Us8myEhEHKsWYncPsuvR9lCa.pdf', 'Minute Order (5.10.13).pdf', '2020-10-22 12:56:25', '2020-10-22 12:56:25'),
('b50d84b0-14a0-11eb-992f-af8943399e18', '735a00d0-d36d-11ea-a5a7-3dc1a1fc4a60', '2019-08-28', NULL, 'VF7xyJiNVz22xj4nvfls0GyW9eKyNVcOnfwSb4HS.pdf', 'Minute Order re OSC re Dismissal (8.28.19).pdf', '2020-10-22 12:56:42', '2020-10-22 12:56:42'),
('eae7f450-fcf2-11ea-bfa8-631912852558', 'aceadf50-f788-11ea-b7f7-ffd0750036ec', '2020-09-14', 'Minute Order re CMC (9.14.20)', 'mDw1qYzuK6C2cUc2stJuSBaOKevkc68Hcl6J3vrP.pdf', 'Minute Order re CMC (9.14.20).pdf', '2020-09-22 09:44:44', '2020-09-22 09:44:44'),
('f5defc50-1f93-11eb-9b3b-b55e9f9d7c59', '71d382e0-e61c-11ea-be80-75599b977cf5', '2019-12-04', NULL, 'SZd4wtuGW6Zhn3LjZRRrcENK8YeSKgxrWTzYzLi4.pdf', '2019.12.04 - Statement of Decision.pdf', '2020-11-05 10:23:11', '2020-11-05 10:23:11'),
('fedb0cf0-fcf2-11ea-a468-373e44aafe9f', 'aceadf50-f788-11ea-b7f7-ffd0750036ec', '2020-08-25', 'Stipulated Protective Order', '03HjkRBojiwWbv6pjzefl1fYy02rsZu24kdrIN0L.pdf', '2020.08.25 Stipulated Protective Order.pdf', '2020-09-22 09:45:17', '2020-09-22 09:45:17');

-- --------------------------------------------------------

--
-- Table structure for table `elysium_court_transcripts`
--

CREATE TABLE `elysium_court_transcripts` (
  `id` char(36) COLLATE utf8mb4_unicode_ci NOT NULL,
  `client_id` char(36) COLLATE utf8mb4_unicode_ci NOT NULL,
  `date_of_transcript` date NOT NULL,
  `attachment` varchar(255) COLLATE utf8mb4_unicode_ci NOT NULL,
  `attachment_name` varchar(255) COLLATE utf8mb4_unicode_ci NOT NULL,
  `created_at` timestamp NULL DEFAULT NULL,
  `updated_at` timestamp NULL DEFAULT NULL
) ENGINE=InnoDB DEFAULT CHARSET=utf8mb4 COLLATE=utf8mb4_unicode_ci;

--
-- Dumping data for table `elysium_court_transcripts`
--

INSERT INTO `elysium_court_transcripts` (`id`, `client_id`, `date_of_transcript`, `attachment`, `attachment_name`, `created_at`, `updated_at`) VALUES
('0fd195b0-1f93-11eb-b91e-fb978407a626', '71d382e0-e61c-11ea-be80-75599b977cf5', '2019-10-31', 'KdVJH1Ute1ZKOr4PeWMDNrofHU3p9LKKtH351QWw.pdf', '2019.10.31 - Trial - D3V3.pdf', '2020-11-05 10:16:45', '2020-11-05 10:16:45'),
('18299660-1f93-11eb-9193-ad42f2128135', '71d382e0-e61c-11ea-be80-75599b977cf5', '2019-10-31', 'h1AODchbV2MOtFsp2lSjkyzjTxKE71W8hB5Y0G7j.pdf', '2019.10.31 - Trial - D3V4.pdf', '2020-11-05 10:16:59', '2020-11-05 10:16:59'),
('1fd8e940-1d3d-11eb-af34-eb81943a6194', 'aceadf50-f788-11ea-b7f7-ffd0750036ec', '2019-10-29', '4EDfWuoAqgDQX2mKy90YBHbQr2WrTwCetI6ryuvm.pdf', '2019.10.29 - Trial - Day 1 Vol 2.pdf', '2020-11-02 10:56:32', '2020-11-02 10:56:32'),
('29083c60-1f92-11eb-81b4-8321e67cef05', '71d382e0-e61c-11ea-be80-75599b977cf5', '2019-10-29', 'U9ZP0NQBPlMXRI31nNcWC6LCahrhktuvZdt07j0j.pdf', '2019.10.29 - Trial - D1V2.pdf', '2020-11-05 10:10:17', '2020-11-05 10:10:17'),
('2c172ec0-1d3d-11eb-879e-91e5e66d53a4', 'aceadf50-f788-11ea-b7f7-ffd0750036ec', '2019-10-29', 'bkR33LeCgZYxhaVnrJzLnpAkg3V1Q7YtW0n6lgS7.pdf', '2019.10.29 - Trial - Day 1 Vol 3.pdf', '2020-11-02 10:56:53', '2020-11-02 10:56:53'),
('2fdee160-1f90-11eb-a67c-0d6602b3b141', '735a00d0-d36d-11ea-a5a7-3dc1a1fc4a60', '2019-10-21', 'S1ZzG6E4PP3jALiYsi6nWbJnVQUetqOF6eDFv5fL.pdf', '2019.10.29 - Trial - Day 1 Vol 2.pdf', '2020-11-05 09:56:10', '2020-11-05 09:56:10'),
('32e02bb0-1f92-11eb-b6af-179ba832a97c', '71d382e0-e61c-11ea-be80-75599b977cf5', '2019-10-29', 'OpS5uunkxc6aXy5YT4qaiUtJHAnXHtBU9wl3LGYh.pdf', '2019.10.29 - Trial - D1V3.pdf', '2020-11-05 10:10:34', '2020-11-05 10:10:34'),
('3c326ef0-1f92-11eb-82a4-7b2c157edef1', '71d382e0-e61c-11ea-be80-75599b977cf5', '2019-10-30', 'ZZziDgvxQYAuU6xnTGoGKG2qXgyPYHYj5esJoCJD.pdf', '2019.10.30 - Trial - D2V1.pdf', '2020-11-05 10:10:50', '2020-11-05 10:10:50'),
('41f2c730-40a4-11eb-b6d3-b525c71382d3', 'b2038cd0-1479-11eb-a8d2-bf6cd3a1a414', '2019-10-29', 'LPsDcv58NKnPXCWuJgwzgBoNvbG3cR0UUUD8C2ck.pdf', '2019.10.29 - Trial - D1V2.pdf', '2020-12-17 12:12:59', '2020-12-17 12:12:59'),
('44a652e0-1f92-11eb-81a5-ff3e6468a978', '71d382e0-e61c-11ea-be80-75599b977cf5', '2019-10-31', 't7n17CJJCJf9HlG8yW1oGt1fCfkLCbc3KNYY5c09.pdf', '2019.10.31 - Trial - D3V1.pdf', '2020-11-05 10:11:04', '2020-11-05 10:11:04'),
('95dabd90-1f93-11eb-9892-4d92424f8261', '71d382e0-e61c-11ea-be80-75599b977cf5', '2019-10-30', 'n3YxuGwKGnbicwNw500YUf2rfs7pPUzxIoNWzqXa.pdf', '2019.10.31 - Trial - D2V2.pdf', '2020-11-05 10:20:29', '2020-11-05 10:20:29'),
('c44c9bd0-1f92-11eb-ac10-bfde88a322ba', '71d382e0-e61c-11ea-be80-75599b977cf5', '2019-10-31', 'SoVsXiYqfdvsykX5Sz32dHYMffXgZGRtNJfzzkf4.pdf', '2019.10.31 - Trial - D3V2.pdf', '2020-11-05 10:14:38', '2020-11-05 10:14:38');

-- --------------------------------------------------------

--
-- Table structure for table `elysium_credit_cards`
--

CREATE TABLE `elysium_credit_cards` (
  `id` varchar(36) NOT NULL DEFAULT '',
  `client_id` varchar(36) DEFAULT NULL,
  `type` varchar(20) DEFAULT NULL,
  `name_on_card` varchar(255) DEFAULT NULL,
  `last_4` varchar(4) DEFAULT NULL,
  `expiration_date` date DEFAULT NULL,
  `created_at` timestamp NULL DEFAULT NULL,
  `updated_at` timestamp NULL DEFAULT NULL
) ENGINE=InnoDB DEFAULT CHARSET=utf8;

--
-- Dumping data for table `elysium_credit_cards`
--

INSERT INTO `elysium_credit_cards` (`id`, `client_id`, `type`, `name_on_card`, `last_4`, `expiration_date`, `created_at`, `updated_at`) VALUES
('1610d700-f2c5-11ea-81c3-0110b5d49daf', '71d382e0-e61c-11ea-be80-75599b977cf5', 'American Express', 'Steven Strange', '0857', '2021-11-30', '2020-09-09 17:51:28', '2020-09-09 17:51:28'),
('49c30bb0-34c2-11eb-b4ea-37d025ce013b', 'b2038cd0-1479-11eb-a8d2-bf6cd3a1a414', 'Visa', 'Dennis Menace', '8974', '2020-12-30', '2020-12-02 09:17:43', '2020-12-02 09:17:43'),
('54013750-2e87-11eb-a4a3-0522a377949b', 'b4030690-e24b-11ea-b5ed-adf93d987e4b', 'American Express', 'Geordi La Forge', '9157', '2020-12-01', '2020-11-24 11:00:32', '2020-11-24 11:00:32'),
('617a5850-2e73-11eb-af7b-2be7f093ea4e', 'e7e6c620-e24a-11ea-a109-d109e3cdf5f1', 'MasterCard', 'Jean Luc Picard', '9382', '2020-12-01', '2020-11-24 08:37:45', '2020-11-24 08:37:45'),
('84218190-2a93-11eb-a0e1-338587f51344', '1f3b2710-2a8f-11eb-85b7-1392737d1314', 'American Express', 'Melinda May', '8906', '2020-11-26', '2020-11-19 10:17:43', '2020-11-19 10:18:13'),
('c9ff8d20-2b4d-11eb-958a-b332961bc55b', '2b2e2d10-d735-11ea-948a-e9e8fc73d8ac', 'American Express', 'Tony Stark', '9876', '2020-11-27', '2020-11-20 08:31:06', '2020-11-20 08:31:06');

-- --------------------------------------------------------

--
-- Table structure for table `elysium_deposition_transcripts`
--

CREATE TABLE `elysium_deposition_transcripts` (
  `id` char(36) COLLATE utf8mb4_unicode_ci NOT NULL,
  `client_id` char(36) COLLATE utf8mb4_unicode_ci NOT NULL,
  `date_of_transcript` date NOT NULL,
  `attachment` varchar(255) COLLATE utf8mb4_unicode_ci NOT NULL,
  `attachment_name` varchar(255) COLLATE utf8mb4_unicode_ci NOT NULL,
  `created_at` timestamp NULL DEFAULT NULL,
  `updated_at` timestamp NULL DEFAULT NULL
) ENGINE=InnoDB DEFAULT CHARSET=utf8mb4 COLLATE=utf8mb4_unicode_ci;

--
-- Dumping data for table `elysium_deposition_transcripts`
--

INSERT INTO `elysium_deposition_transcripts` (`id`, `client_id`, `date_of_transcript`, `attachment`, `attachment_name`, `created_at`, `updated_at`) VALUES
('01e5f840-1f91-11eb-973b-e73a173c39f0', '71d382e0-e61c-11ea-be80-75599b977cf5', '2019-06-17', 'cMhoPQurhj3oszvz05Cr4Se0TXl80ZNGnYkL0ygG.pdf', '2019.06.17-Dale Swanson-Full Transcript.pdf', '2020-11-05 10:02:02', '2020-11-05 10:02:02'),
('09086220-1f90-11eb-8011-696002898ff8', '735a00d0-d36d-11ea-a5a7-3dc1a1fc4a60', '2019-06-17', 'b5Kg4IpehlXshoOsxNJTDWWqmqBeiByCqt2socIY.pdf', '2019.06.17-Dale Swanson-Full Transcript.pdf', '2020-11-05 09:55:05', '2020-11-05 09:55:05'),
('19a1ad40-1f90-11eb-8179-cdf2fa88de2e', '735a00d0-d36d-11ea-a5a7-3dc1a1fc4a60', '2019-07-11', 'xjiFgYtI7LdQWhhLuPAZyXBIy2wnpJDLhYggNPOi.pdf', '2019.07.11-Oscar Rodriguez Aguira-Vol 2-Full Transcript.pdf', '2020-11-05 09:55:33', '2020-11-05 09:55:33'),
('1d5ef700-34c2-11eb-9e29-a9ac84008376', 'b2038cd0-1479-11eb-a8d2-bf6cd3a1a414', '2020-12-01', 'DG9fA3bKAp8Jg9ficGy3mw1T1PzvJModgYpjSZpP.pdf', '2019.01.17-Kevin Mueller-Full Transcript.pdf', '2020-12-02 09:16:28', '2020-12-02 09:16:28'),
('248b5470-1e00-11eb-bbc8-45f80f23772c', 'aceadf50-f788-11ea-b7f7-ffd0750036ec', '2019-06-17', 'Ucu8rbz7AD8QaS5cnYjXIQXqhjIEnashEIvRQGcl.pdf', '2019.06.17-Dale Swanson-Full Transcript.pdf', '2020-11-03 10:12:32', '2020-11-03 10:12:32'),
('3fec85d0-1e00-11eb-8192-4536429b0bb1', 'aceadf50-f788-11ea-b7f7-ffd0750036ec', '2019-07-11', 'j1mVrTuxADScFzQpSNfHtujYeosdDzRVJpMSNAj9.pdf', '2019.07.11-Oscar Rodriguez Aguira-Vol 2-Full Transcript.pdf', '2020-11-03 10:13:18', '2020-11-03 10:13:18'),
('6387e500-2e8e-11eb-a13b-c5e84a50ff77', 'e7e6c620-e24a-11ea-a109-d109e3cdf5f1', '2019-06-17', 'gUZFmP8nyVWxsmc2o72LfFdF7HTzL0rx5cJGuc3A.pdf', '2019.06.17-Dale Swanson-Full Transcript.pdf', '2020-11-24 11:51:05', '2020-11-24 11:51:05'),
('9a7249c0-1f90-11eb-b598-ef33288ef079', '71d382e0-e61c-11ea-be80-75599b977cf5', '2019-01-17', '9wAsFYRbu8BXBdkEyXnxp0J5FwrZFtPNpreTuxa8.pdf', '2019-01.17-Kevin Mueller-Full Transcript.pdf', '2020-11-05 09:59:09', '2020-11-05 09:59:09');

-- --------------------------------------------------------

--
-- Table structure for table `elysium_fire_logs`
--

CREATE TABLE `elysium_fire_logs` (
  `id` varchar(36) COLLATE utf8mb4_unicode_ci NOT NULL DEFAULT '',
  `resource_id` varchar(36) COLLATE utf8mb4_unicode_ci DEFAULT NULL,
  `created_by_user_id` varchar(36) COLLATE utf8mb4_unicode_ci DEFAULT NULL,
  `operative` varchar(36) COLLATE utf8mb4_unicode_ci DEFAULT NULL,
  `date` datetime DEFAULT NULL,
  `time` varchar(5) COLLATE utf8mb4_unicode_ci DEFAULT NULL,
  `description` longtext COLLATE utf8mb4_unicode_ci,
  `resolution` longtext COLLATE utf8mb4_unicode_ci,
  `status` enum('Active','Inactive','Fire','Resolved') COLLATE utf8mb4_unicode_ci DEFAULT NULL,
  `fire_type` varchar(50) COLLATE utf8mb4_unicode_ci DEFAULT NULL,
  `created_at` timestamp NULL DEFAULT NULL,
  `updated_at` timestamp NULL DEFAULT NULL,
  `fire_type_other_reason` mediumtext COLLATE utf8mb4_unicode_ci,
  `email_sent` enum('yes','no') COLLATE utf8mb4_unicode_ci DEFAULT NULL
) ENGINE=InnoDB DEFAULT CHARSET=utf8mb4 COLLATE=utf8mb4_unicode_ci;

--
-- Dumping data for table `elysium_fire_logs`
--

INSERT INTO `elysium_fire_logs` (`id`, `resource_id`, `created_by_user_id`, `operative`, `date`, `time`, `description`, `resolution`, `status`, `fire_type`, `created_at`, `updated_at`, `fire_type_other_reason`, `email_sent`) VALUES
('1791d770-e63d-11ea-b097-ad1356e31080', '8589d140-d8c0-11ea-b685-4b1e909fb7fa', '756a9cf0-d1c8-11ea-8bcd-5978552eafd2', '756a9cf0-d1c8-11ea-8bcd-5978552eafd2', '1970-01-01 00:00:00', NULL, '1 - Adipiscing at in tellus integer feugiat. Sodales neque sodales ut etiam sit amet nisl purus. Dictum at tempor commodo ullamcorper a lacus vestibulum.', 'Nunc congue nisi vitae suscipit tellus mauris.', 'Resolved', 'Communication', '2020-08-24 19:07:45', '2020-08-24 19:11:31', NULL, NULL),
('2d680d90-f6b6-11ea-9adf-2d0095245638', '1ee56f70-dcd1-11ea-baff-eb67a3a3f339', '0ca74190-3e38-11ea-90c8-9973184d37ee', '0ca74190-3e38-11ea-90c8-9973184d37ee', NULL, NULL, 'A new fire log to test the timezone', NULL, 'Fire', 'Performance', '2020-09-14 11:14:49', '2020-09-14 11:14:49', NULL, NULL),
('2df7c3e0-f46a-11ea-aa5a-e72873a5de15', 'e7e6c620-e24a-11ea-a109-d109e3cdf5f1', '756a9cf0-d1c8-11ea-8bcd-5978552eafd2', '756a9cf0-d1c8-11ea-8bcd-5978552eafd2', '2020-09-11 00:00:00', NULL, 'Elit duis tristique sollicitudin nibh sit amet commodo nulla. Purus sit amet volutpat consequat mauris nunc congue nisi vitae.', 'Viverra orci sagittis eu volutpat odio facilisis mauris sit. Facilisis mauris sit amet massa. Consectetur adipiscing elit pellentesque habitant morbi tristique senectus.', 'Resolved', 'Performance', '2020-09-11 20:05:46', '2020-09-11 20:06:29', NULL, NULL),
('37c5b6e0-2e92-11eb-80f3-dd21ee3af542', 'e7e6c620-e24a-11ea-a109-d109e3cdf5f1', '756a9cf0-d1c8-11ea-8bcd-5978552eafd2', '756a9cf0-d1c8-11ea-8bcd-5978552eafd2', '2020-11-24 00:00:00', NULL, 'Client angry about GW\'s lack of case knowledge at his deposition.', 'Talked with Client. Happy now.', 'Resolved', 'Performance', '2020-11-24 12:18:30', '2020-11-24 12:19:44', NULL, 'yes'),
('37ca0bf0-e700-11ea-a43b-49766360cff2', '71d382e0-e61c-11ea-be80-75599b977cf5', '68abdea0-413e-11ea-a5e6-3b1bbba2e0a5', '68abdea0-413e-11ea-a5e6-3b1bbba2e0a5', '2020-08-25 00:00:00', NULL, '2-Client unhappy with Adam Barrington and wants him removed from the case.', 'LC removed AB from Client\'s matter.', 'Resolved', 'Performance', '2020-08-25 18:24:31', '2020-11-05 10:30:53', NULL, NULL),
('3ef0c0b0-bfc2-11ea-9543-2b17d4cc63f0', '57ba3ed0-b670-11ea-a0e5-0bb9ae0611bb', '0ca74190-3e38-11ea-90c8-9973184d37ee', '0ca74190-3e38-11ea-90c8-9973184d37ee', '1969-12-31 00:00:00', NULL, '...\n\n....', NULL, 'Fire', 'Performance', '2020-07-06 12:52:38', '2020-07-06 12:53:59', NULL, NULL),
('42487320-e638-11ea-aff5-a1e69190dc7a', '735a00d0-d36d-11ea-a5a7-3dc1a1fc4a60', '756a9cf0-d1c8-11ea-8bcd-5978552eafd2', '756a9cf0-d1c8-11ea-8bcd-5978552eafd2', '1970-01-01 00:00:00', NULL, 'Tellus molestie nunc non blandit massa enim nec dui. Ullamcorper sit amet risus nullam. Fringilla ut morbi tincidunt augue interdum. Faucibus interdum posuere lorem ipsum.', 'Blah Blah Blah Blah Blah Blah.', 'Resolved', 'Fee Arbitration', '2020-08-24 18:33:09', '2020-08-24 18:33:33', NULL, NULL),
('4bcf3120-dd7f-11ea-8faa-1d2b499dd852', '2b2e2d10-d735-11ea-948a-e9e8fc73d8ac', '68abdea0-413e-11ea-a5e6-3b1bbba2e0a5', '68abdea0-413e-11ea-a5e6-3b1bbba2e0a5', '1970-01-01 00:00:00', NULL, 'Vitae tortor condimentum lacinia quis vel eros donec. Morbi blandit cursus risus at ultrices mi tempus imperdiet. Aliquam eleifend mi in nulla. Mi sit amet mauris commodo quis imperdiet. Lorem ipsum dolor sit amet. Ultricies leo integer malesuada nunc vel. Semper quis lectus nulla at volutpat diam. Scelerisque eu ultrices vitae auctor eu augue ut lectus. Fermentum dui faucibus in ornare quam viverra orci sagittis eu. Eget aliquet nibh praesent tristique magna sit. Dictum non consectetur a erat nam at lectus urna. Pretium lectus quam id leo in vitae turpis. Et egestas quis ipsum suspendisse ultrices gravida dictum fusce ut. Rhoncus mattis rhoncus urna neque viverra justo nec.', 'Blah Blah Blah. All good now.', 'Resolved', 'Other', '2020-08-13 09:08:59', '2020-08-24 16:50:44', NULL, NULL),
('600dd080-e6fd-11ea-a03e-8db19e28d0b4', 'aafb58b0-d36e-11ea-9a78-f3634ef4d283', '756a9cf0-d1c8-11ea-8bcd-5978552eafd2', '756a9cf0-d1c8-11ea-8bcd-5978552eafd2', '2020-08-25 00:00:00', NULL, '1 - Blah Blah Blah Blah Blah Blah.', '1-Done Done Done.', 'Resolved', 'Communication', '2020-08-25 18:04:10', '2020-08-25 20:18:09', NULL, NULL),
('64bcde10-fdd7-11ea-82a2-7bbb3f4b41d2', 'aceadf50-f788-11ea-b7f7-ffd0750036ec', '756a9cf0-d1c8-11ea-8bcd-5978552eafd2', '756a9cf0-d1c8-11ea-8bcd-5978552eafd2', '2020-09-23 00:00:00', NULL, 'Client pissed off that he hasn\'t heard from Firm in 4 days.', 'Showed Client that, in fact, email was sent within the prior 2 days; Client missed it. Explained what was realistic and what wasn\'t.', 'Resolved', 'Communication', '2020-09-23 13:00:13', '2020-11-02 11:03:43', NULL, NULL),
('6a913e10-12fe-11eb-b31f-779318578f17', '91597f70-e7bb-11ea-b8cc-df787fe0261c', '756a9cf0-d1c8-11ea-8bcd-5978552eafd2', '756a9cf0-d1c8-11ea-8bcd-5978552eafd2', '2020-10-20 00:00:00', NULL, 'Client is angry that he\'s not getting weekly updates. He wants to set up a specific telephone meeting every Friday at 1:00pm to discuss status.', 'LC agreed to hold weekly meeting with Client. Client is satisfied.', 'Resolved', 'Communication', '2020-10-20 11:02:28', '2020-10-20 11:04:26', NULL, 'yes'),
('727451f0-1f9e-11eb-a1f1-670422a862d0', 'f8cea3c0-ed53-11ea-80b2-716905c843ca', '756a9cf0-d1c8-11ea-8bcd-5978552eafd2', '756a9cf0-d1c8-11ea-8bcd-5978552eafd2', '2020-11-05 00:00:00', NULL, 'Client unhappy about lack of communication. Is ready to terminate Firm.', 'MBK spoke with Client and calmed Client down. All is fine.', 'Resolved', 'Communication', '2020-11-05 11:38:15', '2020-11-05 11:39:20', NULL, 'yes'),
('76162b20-f76e-11ea-be1e-ed523455f55d', '2b2e2d10-d735-11ea-948a-e9e8fc73d8ac', '756a9cf0-d1c8-11ea-8bcd-5978552eafd2', '756a9cf0-d1c8-11ea-8bcd-5978552eafd2', '2020-09-15 00:00:00', NULL, 'Complaining again.', 'Spoke with Client; explained everything. All is well.', 'Resolved', 'Communication', '2020-09-15 09:13:58', '2020-09-15 09:16:12', NULL, NULL),
('799fbac0-e3cc-11ea-96c4-dbc686527b6e', '922ccc40-e311-11ea-b682-1fcc912022d8', '68abdea0-413e-11ea-a5e6-3b1bbba2e0a5', '68abdea0-413e-11ea-a5e6-3b1bbba2e0a5', NULL, NULL, 'Sodales ut etiam sit amet nisl purus in mollis nunc. Amet tellus cras adipiscing enim eu turpis egestas pretium. Maecenas volutpat blandit aliquam etiam erat velit scelerisque. Massa ultricies mi quis hendrerit dolor magna eget.', NULL, 'Fire', 'Performance', '2020-08-21 16:36:34', '2020-08-21 16:36:34', NULL, NULL),
('7b2ad750-0d87-11eb-b944-c14095cfa41a', '735a00d0-d36d-11ea-a5a7-3dc1a1fc4a60', '756a9cf0-d1c8-11ea-8bcd-5978552eafd2', '756a9cf0-d1c8-11ea-8bcd-5978552eafd2', NULL, NULL, 'Porttitor lacus luctus accumsan tortor. Dictum non consectetur a erat nam at lectus urna duis. Ultrices vitae auctor eu augue ut. Orci a scelerisque purus semper eget. Tempor orci eu lobortis elementum nibh. Eu tincidunt tortor aliquam nulla facilisi cras fermentum odio eu. Integer quis auctor elit sed vulputate.', NULL, 'Fire', 'Communication', '2020-10-13 12:08:30', '2020-10-13 12:08:30', NULL, 'yes'),
('7c5c52a0-f398-11ea-a95b-6b4ae21cb01c', '2b2e2d10-d735-11ea-948a-e9e8fc73d8ac', '68abda60-413e-11ea-8fcb-d940f1b7ffa6', '68abda60-413e-11ea-8fcb-d940f1b7ffa6', '2020-09-10 00:00:00', NULL, 'Accusing us of malpractice.', 'Client misunderstanding. Happy now.', 'Resolved', 'Performance', '2020-09-10 19:04:43', '2020-09-15 09:19:23', NULL, NULL),
('836011b0-e63b-11ea-b10b-e9aef8983422', '735a00d0-d36d-11ea-a5a7-3dc1a1fc4a60', '756a9cf0-d1c8-11ea-8bcd-5978552eafd2', '756a9cf0-d1c8-11ea-8bcd-5978552eafd2', '1970-01-01 00:00:00', NULL, '1 - Eu tincidunt tortor aliquam nulla facilisi cras fermentum odio eu. Quis vel eros donec ac odio tempor orci dapibus. Pharetra sit amet aliquam id diam maecenas ultricies mi. Nisl purus in mollis nunc. Imperdiet sed euismod nisi porta. Orci phasellus egestas tellus rutrum tellus pellentesque eu tincidunt tortor. Senectus et netus et malesuada. Orci nulla pellentesque dignissim enim sit amet venenatis urna cursus. Diam vel quam elementum pulvinar etiam non quam.', 'It was resolved after blah blah talked to Client.', 'Resolved', 'Communication', '2020-08-24 18:56:26', '2020-08-24 19:05:05', NULL, NULL),
('8a5136b0-12ee-11eb-8684-977e6036bde2', 'e7e6c620-e24a-11ea-a109-d109e3cdf5f1', '756a9cf0-d1c8-11ea-8bcd-5978552eafd2', '756a9cf0-d1c8-11ea-8bcd-5978552eafd2', '2020-10-20 00:00:00', NULL, 'Client unhappy with lack of aggressiveness at recent opposing expert deposition.', 'LC spoke with Client and cleared things up. All well.', 'Resolved', 'Performance', '2020-10-20 09:08:49', '2020-10-21 12:49:34', NULL, 'no'),
('8a8b40c0-e6fe-11ea-bf3d-efdb742af30e', '71d382e0-e61c-11ea-be80-75599b977cf5', '756a9cf0-d1c8-11ea-8bcd-5978552eafd2', '756a9cf0-d1c8-11ea-8bcd-5978552eafd2', '1970-01-01 00:00:00', NULL, '1-Complained about this and that.\n\nBlah Blah Blah.', '1-Finally handled. Client is happy. Yay.', 'Resolved', 'Cost', '2020-08-25 18:12:30', '2020-08-25 18:16:40', NULL, NULL),
('94ee3d70-04e6-11eb-9d4d-a37ad12a3233', 'aafb58b0-d36e-11ea-9a78-f3634ef4d283', '756a9cf0-d1c8-11ea-8bcd-5978552eafd2', '756a9cf0-d1c8-11ea-8bcd-5978552eafd2', NULL, NULL, 'Client not happy about performance at recent deposition of Bob Smith.', NULL, 'Fire', 'Performance', '2020-10-02 12:36:35', '2020-10-02 12:36:35', NULL, 'yes'),
('9f99af90-eeeb-11ea-a115-5f551e806882', '2a808c60-eee9-11ea-bba5-3194efd957d2', '68abdea0-413e-11ea-a5e6-3b1bbba2e0a5', '68abdea0-413e-11ea-a5e6-3b1bbba2e0a5', '2020-09-04 00:00:00', NULL, 'Blah Blah Blah.', 'All\'s good. Client is now happy.', 'Resolved', 'Communication', '2020-09-04 20:17:15', '2020-09-04 20:17:59', NULL, NULL),
('a0b437d0-244c-11eb-9526-7339d410af96', 'e7e6c620-e24a-11ea-a109-d109e3cdf5f1', '756a9cf0-d1c8-11ea-8bcd-5978552eafd2', '756a9cf0-d1c8-11ea-8bcd-5978552eafd2', '2020-11-11 00:00:00', NULL, 'Client upset about Bob\'s performance at her deposition.', 'Cadden spoken with Client explained XYZ.', 'Resolved', 'Performance', '2020-11-11 10:35:09', '2020-11-11 10:37:10', NULL, 'yes'),
('bb454b20-40a2-11eb-bb57-af43847718f8', 'b2038cd0-1479-11eb-a8d2-bf6cd3a1a414', '756a9cf0-d1c8-11ea-8bcd-5978552eafd2', '756a9cf0-d1c8-11ea-8bcd-5978552eafd2', '2020-12-17 00:00:00', NULL, 'Et sollicitudin ac orci phasellus egestas tellus rutrum tellus pellentesque. Nunc aliquet bibendum enim facilisis. Odio pellentesque diam volutpat commodo sed. Congue quisque egestas diam in arcu. Lacus suspendisse faucibus interdum posuere lorem ipsum. Semper viverra nam libero justo laoreet sit amet cursus sit. Id eu nisl nunc mi ipsum faucibus vitae. Enim lobortis scelerisque fermentum dui. Quis blandit turpis cursus in. Eu mi bibendum neque egestas congue quisque. Nunc mattis enim ut tellus elementum sagittis vitae et. Pellentesque massa placerat duis ultricies lacus sed turpis tincidunt id. Tellus mauris a diam maecenas sed enim ut. Urna nec tincidunt praesent semper feugiat nibh sed pulvinar proin. In metus vulputate eu scelerisque felis imperdiet proin. Velit laoreet id donec ultrices tincidunt arcu non. Integer eget aliquet nibh praesent tristique magna sit amet purus.', 'JD spoke with Client. Client happy.', 'Resolved', 'Performance', '2020-12-17 12:02:03', '2020-12-17 12:03:16', NULL, 'yes'),
('c32ba4b0-dbf6-11ea-afda-f92b6b778efa', '2b2e2d10-d735-11ea-948a-e9e8fc73d8ac', '68abdea0-413e-11ea-a5e6-3b1bbba2e0a5', '68abdea0-413e-11ea-a5e6-3b1bbba2e0a5', '1969-12-31 00:00:00', NULL, 'Client is complaining about lack of communication.', 'I discussed the issue with Client and Client is now in a better mood about being kept up to date. I did, however, establish a weekly telephone call with Client on Fridays at 3:00p.m. to discuss the week\'s events, if any.', 'Resolved', 'Communication', '2020-08-11 10:19:07', '2020-08-11 10:34:06', NULL, NULL),
('c4b67c20-e62a-11ea-b25a-21d54df1ffe8', '735a00d0-d36d-11ea-a5a7-3dc1a1fc4a60', '68abdea0-413e-11ea-a5e6-3b1bbba2e0a5', '68abdea0-413e-11ea-a5e6-3b1bbba2e0a5', '1970-01-01 00:00:00', NULL, 'Client is annoyed that blah blah blah blah blah. Client wants this and that done immediately.', 'We explained this and that. We agreed on blah blah blah. Client is happy.', 'Resolved', 'Communication', '2020-08-24 16:56:35', '2020-08-24 16:57:49', NULL, NULL),
('caf06540-fdd5-11ea-b36a-cf61f3069d0c', 'aceadf50-f788-11ea-b7f7-ffd0750036ec', '756a9cf0-d1c8-11ea-8bcd-5978552eafd2', '756a9cf0-d1c8-11ea-8bcd-5978552eafd2', '2020-09-23 00:00:00', NULL, 'Client unhappy with associate Bob Smith\'s performance at the third party deposition from last week. Wants to talk to partner.', 'Bill calmed Client down and explained that Bob being aggressive wasn\'t necessary or helpful because the witness was responding to the soft touch.', 'Resolved', 'Performance', '2020-09-23 12:48:46', '2020-10-28 12:20:02', NULL, 'no'),
('ccca9020-e3d4-11ea-989f-4d72c1b30119', '76c6cb00-e3d0-11ea-bf9c-0bcbd16f059b', '68abdea0-413e-11ea-a5e6-3b1bbba2e0a5', '68abdea0-413e-11ea-a5e6-3b1bbba2e0a5', NULL, NULL, 'Blah Blah', NULL, 'Fire', 'Performance', '2020-08-21 17:36:09', '2020-08-21 17:36:09', NULL, NULL),
('d6702450-e704-11ea-b7e0-9736cca40d1a', 'b4030690-e24b-11ea-b5ed-adf93d987e4b', '756a9cf0-d1c8-11ea-8bcd-5978552eafd2', '756a9cf0-d1c8-11ea-8bcd-5978552eafd2', '2020-08-25 00:00:00', NULL, 'Client is unhappy that he isn\'t blah blah blah. Client instead wants this, that, and the other.', 'LC spoke with Client and explained that, this, and this again. Client is happy.', 'Resolved', 'Communication', '2020-08-25 18:57:35', '2020-08-25 18:59:08', NULL, NULL),
('d83f1500-f76d-11ea-8c6e-dfd8eccc8961', '6cb768b0-f394-11ea-b967-59f498933d6b', '756a9cf0-d1c8-11ea-8bcd-5978552eafd2', '756a9cf0-d1c8-11ea-8bcd-5978552eafd2', '2020-09-15 00:00:00', NULL, 'Twiddle twaddle fiddle dee dum.', 'LC explained situation. Client is now happy.', 'Resolved', 'Performance', '2020-09-15 09:09:33', '2020-10-28 13:26:21', NULL, 'no'),
('f3735ce0-147d-11eb-9c7c-cff7e16355d2', 'b2038cd0-1479-11eb-a8d2-bf6cd3a1a414', '756a9cf0-d1c8-11ea-8bcd-5978552eafd2', '756a9cf0-d1c8-11ea-8bcd-5978552eafd2', '2020-10-22 00:00:00', NULL, 'Client very unhappy about blah.', 'All good.', 'Resolved', 'Communication', '2020-10-22 08:47:55', '2020-10-22 08:51:02', NULL, 'no'),
('f6b31730-e6fe-11ea-b53c-1568fc8f26b7', '2b2e2d10-d735-11ea-948a-e9e8fc73d8ac', '756a9cf0-d1c8-11ea-8bcd-5978552eafd2', '756a9cf0-d1c8-11ea-8bcd-5978552eafd2', '2020-08-25 00:00:00', NULL, '1-Complaint about this and that. Blah Blah Blah.', '1-Complaint resolved. Yay. Client is happy.', 'Resolved', 'Communication', '2020-08-25 18:15:32', '2020-09-15 09:14:49', NULL, NULL),
('f82a90f0-12fb-11eb-805b-aba75e68abe4', '6cb768b0-f394-11ea-b967-59f498933d6b', '756a9cf0-d1c8-11ea-8bcd-5978552eafd2', '756a9cf0-d1c8-11ea-8bcd-5978552eafd2', '2020-10-20 00:00:00', NULL, 'Client not sure if he really wants to continue litigating. Too stressful for him. Having doubts.', 'Client is ready to proceed per LC.', 'Resolved', 'Other', '2020-10-20 10:44:57', '2020-10-28 13:23:52', 'Client Questioning Whether to Continue Litigating', 'yes'),
('fd51ba40-f468-11ea-9e9c-a5f509883a2f', '1ee56f70-dcd1-11ea-baff-eb67a3a3f339', '756a9cf0-d1c8-11ea-8bcd-5978552eafd2', '756a9cf0-d1c8-11ea-8bcd-5978552eafd2', '2020-09-11 00:00:00', NULL, 'Nulla malesuada pellentesque elit eget gravida. Lectus urna duis convallis convallis tellus id interdum velit laoreet. Pulvinar sapien et ligula ullamcorper. Faucibus a pellentesque sit amet porttitor eget dolor morbi non.', 'Lorem ipsum. Client ok.', 'Resolved', 'Communication', '2020-09-11 19:57:15', '2020-10-23 11:07:02', NULL, NULL);

-- --------------------------------------------------------

--
-- Table structure for table `elysium_fire_log_reads`
--

CREATE TABLE `elysium_fire_log_reads` (
  `id` varchar(36) COLLATE utf8mb4_unicode_ci NOT NULL DEFAULT '',
  `fire_log_id` varchar(36) COLLATE utf8mb4_unicode_ci DEFAULT NULL,
  `user_id` varchar(36) COLLATE utf8mb4_unicode_ci DEFAULT NULL
) ENGINE=InnoDB DEFAULT CHARSET=utf8mb4 COLLATE=utf8mb4_unicode_ci;

--
-- Dumping data for table `elysium_fire_log_reads`
--

INSERT INTO `elysium_fire_log_reads` (`id`, `fire_log_id`, `user_id`) VALUES
('0fd1d7b0-e638-11ea-b013-b167dc43dcc5', '0faaf130-e638-11ea-811c-e761e3b13099', '756a9cf0-d1c8-11ea-8bcd-5978552eafd2'),
('17b9d200-e63d-11ea-a697-cbc1cad5e5b4', '1791d770-e63d-11ea-b097-ad1356e31080', '756a9cf0-d1c8-11ea-8bcd-5978552eafd2'),
('1fd936e0-dbf1-11ea-8745-057672be2cd3', '1fd83d10-dbf1-11ea-902f-814e28ce6235', '68abdea0-413e-11ea-a5e6-3b1bbba2e0a5'),
('2dd500c0-f6b6-11ea-8afa-5b5c76e97795', '2d680d90-f6b6-11ea-9adf-2d0095245638', '0ca74190-3e38-11ea-90c8-9973184d37ee'),
('2e24a180-f46a-11ea-ae3b-3b3d5a74f534', '2df7c3e0-f46a-11ea-aa5a-e72873a5de15', '756a9cf0-d1c8-11ea-8bcd-5978552eafd2'),
('382a33b0-e700-11ea-a1bc-dd86b2d2766f', '37ca0bf0-e700-11ea-a43b-49766360cff2', '68abdea0-413e-11ea-a5e6-3b1bbba2e0a5'),
('3832cd20-2e92-11eb-8955-a99ef1e35d79', '37c5b6e0-2e92-11eb-80f3-dd21ee3af542', '756a9cf0-d1c8-11ea-8bcd-5978552eafd2'),
('3ef1ae10-bfc2-11ea-871c-65c0a32766dc', '3ef0c0b0-bfc2-11ea-9543-2b17d4cc63f0', '0ca74190-3e38-11ea-90c8-9973184d37ee'),
('426bd2a0-e638-11ea-8c87-efc8f9140ef4', '42487320-e638-11ea-aff5-a1e69190dc7a', '756a9cf0-d1c8-11ea-8bcd-5978552eafd2'),
('4a45f060-e636-11ea-81da-8dd8ef5855ad', '4a221a60-e636-11ea-9900-673ead14d3c1', '756a9cf0-d1c8-11ea-8bcd-5978552eafd2'),
('4bd03170-dd7f-11ea-89ca-21c19b7aa92a', '4bcf3120-dd7f-11ea-8faa-1d2b499dd852', '68abdea0-413e-11ea-a5e6-3b1bbba2e0a5'),
('502344a0-e635-11ea-a29b-1ff5c41d1b66', 'c4b67c20-e62a-11ea-b25a-21d54df1ffe8', '756a9cf0-d1c8-11ea-8bcd-5978552eafd2'),
('507042c0-dcb0-11ea-881d-95c85a69280e', 'c32ba4b0-dbf6-11ea-afda-f92b6b778efa', '756a9cf0-d1c8-11ea-8bcd-5978552eafd2'),
('536106c0-e3d5-11ea-b912-4b8d80c7ad12', 'ccca9020-e3d4-11ea-989f-4d72c1b30119', '0ca74190-3e38-11ea-90c8-9973184d37ee'),
('5642d2f0-0d7d-11eb-b93e-5f4bd412942b', '42487320-e638-11ea-aff5-a1e69190dc7a', '68abdea0-413e-11ea-a5e6-3b1bbba2e0a5'),
('5e01b090-e3cf-11ea-a9f3-438ff061a6cc', '799fbac0-e3cc-11ea-96c4-dbc686527b6e', '756a9cf0-d1c8-11ea-8bcd-5978552eafd2'),
('6058ac50-e6fd-11ea-8456-67da270d6326', '600dd080-e6fd-11ea-a03e-8db19e28d0b4', '756a9cf0-d1c8-11ea-8bcd-5978552eafd2'),
('64847530-f398-11ea-a2c3-093b569c7bc6', 'c32ba4b0-dbf6-11ea-afda-f92b6b778efa', '68abda60-413e-11ea-8fcb-d940f1b7ffa6'),
('64eb6680-fdd7-11ea-9d76-697b19c994e9', '64bcde10-fdd7-11ea-82a2-7bbb3f4b41d2', '756a9cf0-d1c8-11ea-8bcd-5978552eafd2'),
('6af23ad0-12fe-11eb-b431-034fee7bfda6', '6a913e10-12fe-11eb-b31f-779318578f17', '756a9cf0-d1c8-11ea-8bcd-5978552eafd2'),
('72c99e30-1f9e-11eb-a0a8-6f81572ebfb4', '727451f0-1f9e-11eb-a1f1-670422a862d0', '756a9cf0-d1c8-11ea-8bcd-5978552eafd2'),
('76637760-f76e-11ea-a481-49765e950716', '76162b20-f76e-11ea-be1e-ed523455f55d', '756a9cf0-d1c8-11ea-8bcd-5978552eafd2'),
('79c40b50-e3cc-11ea-a8d9-d5afab5d6429', '799fbac0-e3cc-11ea-96c4-dbc686527b6e', '68abdea0-413e-11ea-a5e6-3b1bbba2e0a5'),
('7b5d0bc0-0d87-11eb-86d9-3f2ce2fa58b6', '7b2ad750-0d87-11eb-b944-c14095cfa41a', '756a9cf0-d1c8-11ea-8bcd-5978552eafd2'),
('7cbbe4f0-f398-11ea-ba51-77c10326e0f4', '7c5c52a0-f398-11ea-a95b-6b4ae21cb01c', '68abda60-413e-11ea-8fcb-d940f1b7ffa6'),
('83a58d50-e63b-11ea-99d5-49311d1fc6fa', '836011b0-e63b-11ea-b10b-e9aef8983422', '756a9cf0-d1c8-11ea-8bcd-5978552eafd2'),
('8437e120-f398-11ea-a36e-5b2519fcb689', '83ea4e70-f398-11ea-a097-09e78e4304d4', '68abda60-413e-11ea-8fcb-d940f1b7ffa6'),
('86528250-f398-11ea-8e7c-2bf36623e484', '8615f8e0-f398-11ea-8132-d9bae08593fb', '68abda60-413e-11ea-8fcb-d940f1b7ffa6'),
('8a880a30-12ee-11eb-99cc-8d747c862a44', '8a5136b0-12ee-11eb-8684-977e6036bde2', '756a9cf0-d1c8-11ea-8bcd-5978552eafd2'),
('8adc37c0-e6fe-11ea-b1c3-a5d2ac233773', '8a8b40c0-e6fe-11ea-bf3d-efdb742af30e', '756a9cf0-d1c8-11ea-8bcd-5978552eafd2'),
('8db04460-e634-11ea-b25e-4b12030ff9f1', '8d8aab70-e634-11ea-8466-1d348a1ba6f8', '756a9cf0-d1c8-11ea-8bcd-5978552eafd2'),
('9517d9b0-04e6-11eb-89d4-b729da52cf60', '94ee3d70-04e6-11eb-9d4d-a37ad12a3233', '756a9cf0-d1c8-11ea-8bcd-5978552eafd2'),
('979a8400-155a-11eb-ad4d-4fe01497bf00', '2d680d90-f6b6-11ea-9adf-2d0095245638', '756a9cf0-d1c8-11ea-8bcd-5978552eafd2'),
('97b15630-e636-11ea-978b-7b4d9dd70fa0', '978c8f70-e636-11ea-8177-1dac144af755', '756a9cf0-d1c8-11ea-8bcd-5978552eafd2'),
('9d47fcc0-f76e-11ea-a39e-875cb38c7ceb', '7c5c52a0-f398-11ea-a95b-6b4ae21cb01c', '756a9cf0-d1c8-11ea-8bcd-5978552eafd2'),
('9fc23400-eeeb-11ea-a14f-6f182eb01078', '9f99af90-eeeb-11ea-a115-5f551e806882', '68abdea0-413e-11ea-a5e6-3b1bbba2e0a5'),
('a116fe20-244c-11eb-bc1d-ad5ffdb22902', 'a0b437d0-244c-11eb-9526-7339d410af96', '756a9cf0-d1c8-11ea-8bcd-5978552eafd2'),
('b6bf4360-f398-11ea-809b-8d0e685d83c0', '8615f8e0-f398-11ea-8132-d9bae08593fb', '756a9cf0-d1c8-11ea-8bcd-5978552eafd2'),
('bbc55bc0-40a2-11eb-ba0c-6d5e42efc281', 'bb454b20-40a2-11eb-bb57-af43847718f8', '756a9cf0-d1c8-11ea-8bcd-5978552eafd2'),
('bcd00e00-e635-11ea-a6f5-25eadb9fc0b9', 'bc795880-e635-11ea-be56-8f17f99a07f5', '756a9cf0-d1c8-11ea-8bcd-5978552eafd2'),
('c32c9c60-dbf6-11ea-8b5b-5f14ad3db5a7', 'c32ba4b0-dbf6-11ea-afda-f92b6b778efa', '68abdea0-413e-11ea-a5e6-3b1bbba2e0a5'),
('c517e9d0-e62a-11ea-aa36-fd7b6fcc12bb', 'c4b67c20-e62a-11ea-b25a-21d54df1ffe8', '68abdea0-413e-11ea-a5e6-3b1bbba2e0a5'),
('cb3fd510-fdd5-11ea-a58b-03103f37234c', 'caf06540-fdd5-11ea-b36a-cf61f3069d0c', '756a9cf0-d1c8-11ea-8bcd-5978552eafd2'),
('ccef6410-e3d4-11ea-b363-0b3a11f1559e', 'ccca9020-e3d4-11ea-989f-4d72c1b30119', '68abdea0-413e-11ea-a5e6-3b1bbba2e0a5'),
('cf1ebe30-fdd6-11ea-ac81-2fd3f54ff757', 'caf06540-fdd5-11ea-b36a-cf61f3069d0c', '68abdf10-413e-11ea-bf89-819337ccb3c6'),
('d3f7fb60-e629-11ea-92d2-b9e4a0e94b32', '4bcf3120-dd7f-11ea-8faa-1d2b499dd852', '756a9cf0-d1c8-11ea-8bcd-5978552eafd2'),
('d6cc7840-e704-11ea-8a5f-bbe53d7590a2', 'd6702450-e704-11ea-b7e0-9736cca40d1a', '756a9cf0-d1c8-11ea-8bcd-5978552eafd2'),
('d86720a0-f76d-11ea-945a-4d3efdd6acb6', 'd83f1500-f76d-11ea-8c6e-dfd8eccc8961', '756a9cf0-d1c8-11ea-8bcd-5978552eafd2'),
('f3c687c0-147d-11eb-8567-85789d792cbd', 'f3735ce0-147d-11eb-9c7c-cff7e16355d2', '756a9cf0-d1c8-11ea-8bcd-5978552eafd2'),
('f6e4da50-e6fe-11ea-b717-5dff03e48b2d', 'f6b31730-e6fe-11ea-b53c-1568fc8f26b7', '756a9cf0-d1c8-11ea-8bcd-5978552eafd2'),
('f8b8d320-12fb-11eb-a44a-251e6e7083b7', 'f82a90f0-12fb-11eb-805b-aba75e68abe4', '756a9cf0-d1c8-11ea-8bcd-5978552eafd2'),
('fda60c00-f468-11ea-8cb6-d377d548f793', 'fd51ba40-f468-11ea-9e9c-a5f509883a2f', '756a9cf0-d1c8-11ea-8bcd-5978552eafd2');

-- --------------------------------------------------------

--
-- Table structure for table `elysium_invoices`
--

CREATE TABLE `elysium_invoices` (
  `id` varchar(36) NOT NULL DEFAULT '',
  `client_id` varchar(36) DEFAULT NULL,
  `credit_card_id` varchar(36) DEFAULT NULL,
  `sent_date` timestamp NULL DEFAULT CURRENT_TIMESTAMP,
  `due_date` timestamp NULL DEFAULT NULL,
  `amount` decimal(10,2) DEFAULT '0.00',
  `retainer_amount_required` decimal(10,2) DEFAULT '0.00',
  `amount_paid` decimal(10,2) DEFAULT '0.00',
  `schedule_type` varchar(40) DEFAULT NULL,
  `is_autopay` tinyint(1) DEFAULT NULL,
  `is_paused` tinyint(1) DEFAULT NULL,
  `is_manual` tinyint(1) DEFAULT NULL,
  `created_at` timestamp NULL DEFAULT NULL,
  `updated_at` timestamp NULL DEFAULT NULL
) ENGINE=InnoDB DEFAULT CHARSET=utf8;

--
-- Dumping data for table `elysium_invoices`
--

INSERT INTO `elysium_invoices` (`id`, `client_id`, `credit_card_id`, `sent_date`, `due_date`, `amount`, `retainer_amount_required`, `amount_paid`, `schedule_type`, `is_autopay`, `is_paused`, `is_manual`, `created_at`, `updated_at`) VALUES
('02e34b40-f2c5-11ea-93bc-ab430699b442', '71d382e0-e61c-11ea-be80-75599b977cf5', NULL, '2020-09-09 17:50:55', NULL, '0.00', '0.00', '0.00', NULL, NULL, NULL, NULL, '2020-09-09 17:50:55', '2020-09-09 17:50:55');

-- --------------------------------------------------------

--
-- Table structure for table `elysium_invoice_daily_report`
--

CREATE TABLE `elysium_invoice_daily_report` (
  `id` int(11) UNSIGNED NOT NULL
) ENGINE=InnoDB DEFAULT CHARSET=utf8;

-- --------------------------------------------------------

--
-- Table structure for table `elysium_note_logs`
--

CREATE TABLE `elysium_note_logs` (
  `id` varchar(36) COLLATE utf8mb4_unicode_ci NOT NULL DEFAULT '',
  `resource_id` varchar(36) COLLATE utf8mb4_unicode_ci DEFAULT NULL,
  `team_id` varchar(36) COLLATE utf8mb4_unicode_ci DEFAULT NULL,
  `created_by_user_id` varchar(36) COLLATE utf8mb4_unicode_ci DEFAULT NULL,
  `date` datetime DEFAULT NULL,
  `time` varchar(5) COLLATE utf8mb4_unicode_ci DEFAULT NULL,
  `description` varchar(255) COLLATE utf8mb4_unicode_ci DEFAULT NULL,
  `notes` longtext COLLATE utf8mb4_unicode_ci,
  `created_at` timestamp NULL DEFAULT NULL,
  `updated_at` timestamp NULL DEFAULT NULL
) ENGINE=InnoDB DEFAULT CHARSET=utf8mb4 COLLATE=utf8mb4_unicode_ci;

--
-- Dumping data for table `elysium_note_logs`
--

INSERT INTO `elysium_note_logs` (`id`, `resource_id`, `team_id`, `created_by_user_id`, `date`, `time`, `description`, `notes`, `created_at`, `updated_at`) VALUES
('1551dad0-e626-11ea-a442-819800c837e6', '71d382e0-e61c-11ea-be80-75599b977cf5', '22fa8820-d368-11ea-a881-1b09638c8955', '756a9cf0-d1c8-11ea-8bcd-5978552eafd2', '2020-08-24 00:00:00', '09:21', 'Blah Blah Blah', 'Sed lectus vestibulum mattis ullamcorper velit sed ullamcorper morbi tincidunt. Magna ac placerat vestibulum lectus mauris ultrices eros in cursus. Mattis pellentesque id nibh tortor id aliquet lectus.', '2020-08-24 16:23:02', '2020-08-24 16:23:02'),
('22ae9210-bfc2-11ea-84d1-99569f12b176', '57ba3ed0-b670-11ea-a0e5-0bb9ae0611bb', '67d48f00-8402-11ea-8ecf-9768206307a8', '0ca74190-3e38-11ea-90c8-9973184d37ee', '2020-07-06 00:00:00', '12:51', 'FFF', 'FFF', '2020-07-06 12:51:51', '2020-07-06 12:51:51'),
('31e94e00-e626-11ea-9b33-779ed529c17f', '71d382e0-e61c-11ea-be80-75599b977cf5', '22fa8820-d368-11ea-a881-1b09638c8955', '756a9cf0-d1c8-11ea-8bcd-5978552eafd2', '2020-08-25 00:00:00', '11:35', 'Mauris vitae ultricies leo', 'Sed lectus vestibulum mattis ullamcorper velit sed ullamcorper morbi tincidunt. Magna ac placerat vestibulum lectus mauris ultrices eros in cursus. Mattis pellentesque id nibh tortor id aliquet lectus. In fermentum et sollicitudin ac orci phasellus egestas tellus rutrum. Lectus mauris ultrices eros in cursus turpis massa tincidunt dui. Ligula ullamcorper malesuada proin libero nunc consequat interdum. Sed libero enim sed faucibus turpis in eu mi bibendum. Aliquam nulla facilisi cras fermentum.', '2020-08-24 16:23:50', '2020-08-24 16:23:50'),
('32eac160-db1d-11ea-a526-af1272641a6c', '6e938e70-d5a7-11ea-9542-c5790c564cfc', '67d48f00-8402-11ea-8ecf-9768206307a8', '756a9cf0-d1c8-11ea-8bcd-5978552eafd2', '2020-08-10 00:00:00', '08:20', 'Client wants to handle things himself', 'Before moving forward with formal legal intervention, Client has decided to try to resolve the issue himself.', '2020-08-10 08:21:44', '2020-08-10 08:21:44'),
('39170010-dbeb-11ea-87fa-c521c401e749', '2b2e2d10-d735-11ea-948a-e9e8fc73d8ac', '0d3be480-1c4c-11ea-aa03-a120a2cb7873', '68abdea0-413e-11ea-a5e6-3b1bbba2e0a5', '2020-08-11 00:00:00', '09:55', 'Amet mattis vulputate enim nulla aliquet. Lacus sed viverra tellus in hac habitasse platea.', 'Aliquam malesuada bibendum arcu vitae elementum curabitur vitae nunc sed. Suspendisse sed nisi lacus sed viverra tellus in hac. In iaculis nunc sed augue lacus viverra vitae congue. Sed velit dignissim sodales ut eu sem integer vitae justo. Cras sed felis eget velit aliquet sagittis. Sit amet commodo nulla facilisi nullam vehicula ipsum. Bibendum neque egestas congue quisque. Nisi est sit amet facilisis.\n\nInterdum velit euismod in pellentesque massa placerat. Sit amet justo donec enim diam vulputate ut pharetra. Eu feugiat pretium nibh ipsum consequat nisl. Urna neque viverra justo nec ultrices. Commodo nulla facilisi nullam vehicula ipsum a arcu. Integer enim neque volutpat ac tincidunt vitae semper. \n\nMi tempus imperdiet nulla malesuada pellentesque elit eget. Ut placerat orci nulla pellentesque dignissim enim sit. Diam vel quam elementum pulvinar etiam non quam.', '2020-08-11 08:56:30', '2020-08-11 08:56:30'),
('753dcf10-0743-11eb-9df7-dfe3bbcce2a4', 'aceadf50-f788-11ea-b7f7-ffd0750036ec', '0d3be480-1c4c-11ea-aa03-a120a2cb7873', '756a9cf0-d1c8-11ea-8bcd-5978552eafd2', '2020-10-05 00:00:00', '12:45', 'Cell No. for Opposing Counsel', 'Opposing Counsel\'s Cell No.: (949) 555-1212', '2020-10-05 12:46:27', '2020-10-05 12:46:27'),
('8792a7b0-40a2-11eb-bdcf-b7973fb5979d', 'b2038cd0-1479-11eb-a8d2-bf6cd3a1a414', '0d3be480-1c4c-11ea-aa03-a120a2cb7873', '756a9cf0-d1c8-11ea-8bcd-5978552eafd2', '2020-12-17 00:00:00', '11:58', 'People to Depose', 'Et sollicitudin ac orci phasellus egestas tellus rutrum tellus pellentesque. Nunc aliquet bibendum enim facilisis. Odio pellentesque diam volutpat commodo sed. Congue quisque egestas diam in arcu. Lacus suspendisse faucibus interdum posuere lorem ipsum. Semper viverra nam libero justo laoreet sit amet cursus sit. Id eu nisl nunc mi ipsum faucibus vitae. Enim lobortis scelerisque fermentum dui. Quis blandit turpis cursus in. Eu mi bibendum neque egestas congue quisque. Nunc mattis enim ut tellus elementum sagittis vitae et. Pellentesque massa placerat duis ultricies lacus sed turpis tincidunt id. Tellus mauris a diam maecenas sed enim ut. Urna nec tincidunt praesent semper feugiat nibh sed pulvinar proin. In metus vulputate eu scelerisque felis imperdiet proin. Velit laoreet id donec ultrices tincidunt arcu non. Integer eget aliquet nibh praesent tristique magna sit amet purus.', '2020-12-17 12:00:36', '2020-12-17 12:00:36'),
('937e7b00-195d-11eb-b815-6b0ca3b21b11', '6cb768b0-f394-11ea-b967-59f498933d6b', '22fa8820-d368-11ea-a881-1b09638c8955', '756a9cf0-d1c8-11ea-8bcd-5978552eafd2', '2020-10-28 00:00:00', '13:36', 'Commodo Viverra Maecenas Accumsan Lacus vel Facilisis', 'Mi ipsum faucibus vitae aliquet. Vulputate mi sit amet mauris commodo quis imperdiet massa tincidunt. A diam sollicitudin tempor id. Malesuada nunc vel risus commodo viverra maecenas accumsan. Egestas diam in arcu cursus euismod quis. Ullamcorper malesuada proin libero nunc consequat interdum varius sit amet. Vulputate eu scelerisque felis imperdiet proin fermentum leo. Eget gravida cum sociis natoque penatibus et magnis. Viverra orci sagittis eu volutpat odio facilisis mauris sit. Facilisis mauris sit amet massa. Consectetur adipiscing elit pellentesque habitant morbi tristique senectus.', '2020-10-28 13:38:46', '2020-10-28 13:38:46'),
('d992bd20-0d88-11eb-849e-7ff9fac083f5', '735a00d0-d36d-11ea-a5a7-3dc1a1fc4a60', '0d3be480-1c4c-11ea-aa03-a120a2cb7873', '756a9cf0-d1c8-11ea-8bcd-5978552eafd2', '2020-08-19 00:00:00', '12:11', 'Do Blah Blah Blah', 'Handle Blah Blah Blah.\n\nNisl vel pretium lectus quam id leo in vitae. Sem et tortor consequat id porta nibh venenatis cras sed.', '2020-10-13 12:18:18', '2020-10-13 12:18:18'),
('daf6a480-195d-11eb-9298-392e0dcf1224', '6cb768b0-f394-11ea-b967-59f498933d6b', '22fa8820-d368-11ea-a881-1b09638c8955', '68abdf10-413e-11ea-bf89-819337ccb3c6', '2020-10-22 00:00:00', '16:21', 'Amet Pttitor Eget Diolor Mesa Tuk Kim', 'Malesuada fames ac turpis egestas maecenas pharetra convallis posuere. Tincidunt vitae semper quis lectus nulla at volutpat diam ut. In est ante in nibh mauris. Pharetra magna ac placerat vestibulum lectus mauris ultrices. Tincidunt eget nullam non nisi est sit amet facilisis magna. Non pulvinar neque laoreet suspendisse interdum. Interdum velit euismod in pellentesque massa placerat duis ultricies lacus. Elementum facilisis leo vel fringilla est ullamcorper eget. Semper viverra nam libero justo laoreet. Sed augue lacus viverra vitae congue eu consequat. Lorem mollis aliquam ut porttitor leo a diam sollicitudin. A condimentum vitae sapien pellentesque habitant morbi tristique. Elit ullamcorper dignissim cras tincidunt lobortis feugiat vivamus at augue. At volutpat diam ut venenatis. Odio aenean sed adipiscing diam donec adipiscing tristique risus nec.\n\n Tellus mauris a diam maecenas sed enim. Massa vitae tortor condimentum lacinia quis. Aliquam malesuada bibendum arcu vitae elementum curabitur vitae nunc. \n\nEt tortor consequat id porta nibh venenatis cras sed felis. Quisque egestas diam in arcu cursus euismod quis.', '2020-10-28 13:40:46', '2020-10-28 13:40:46'),
('e67bf600-0d85-11eb-b6ae-ebcdc38437c7', '735a00d0-d36d-11ea-a5a7-3dc1a1fc4a60', '0d3be480-1c4c-11ea-aa03-a120a2cb7873', '756a9cf0-d1c8-11ea-8bcd-5978552eafd2', '2020-10-13 00:00:00', '11:00', 'Snippets on Blah and Blah', 'Luctus accumsan tortor posuere ac ut. Pharetra sit amet aliquam id diam maecenas. Scelerisque fermentum dui faucibus in ornare quam. Metus aliquam eleifend mi in nulla posuere sollicitudin aliquam ultrices. Nisl vel pretium lectus quam id leo in vitae. Sem et tortor consequat id porta nibh venenatis cras sed.\n\nVitae semper quis lectus nulla at volutpat diam ut. Purus non enim praesent elementum facilisis leo vel fringilla est. Habitant morbi tristique senectus et netus et malesuada fames ac. Nisl rhoncus mattis rhoncus urna neque. Sed adipiscing diam donec adipiscing. Molestie a iaculis at erat pellentesque. Massa enim nec dui nunc mattis enim. Egestas pretium aenean pharetra magna ac placerat. In ante metus dictum at tempor commodo ullamcorper a. A scelerisque purus semper eget duis at tellus. \n\nPorttitor lacus luctus accumsan tortor. Dictum non consectetur a erat nam at lectus urna duis. Ultrices vitae auctor eu augue ut. Orci a scelerisque purus semper eget. Tempor orci eu lobortis elementum nibh. Eu tincidunt tortor aliquam nulla facilisi cras fermentum odio eu. Integer quis auctor elit sed vulputate.', '2020-10-13 11:57:11', '2020-10-13 11:57:11');

-- --------------------------------------------------------

--
-- Table structure for table `elysium_note_log_reads`
--

CREATE TABLE `elysium_note_log_reads` (
  `id` varchar(36) COLLATE utf8mb4_unicode_ci NOT NULL DEFAULT '',
  `task_log_id` varchar(36) COLLATE utf8mb4_unicode_ci DEFAULT NULL,
  `user_id` varchar(36) COLLATE utf8mb4_unicode_ci DEFAULT NULL
) ENGINE=InnoDB DEFAULT CHARSET=utf8mb4 COLLATE=utf8mb4_unicode_ci;

--
-- Dumping data for table `elysium_note_log_reads`
--

INSERT INTO `elysium_note_log_reads` (`id`, `task_log_id`, `user_id`) VALUES
('1552ce90-e626-11ea-a8cf-5744b4a851c0', '1551dad0-e626-11ea-a442-819800c837e6', '756a9cf0-d1c8-11ea-8bcd-5978552eafd2'),
('22af3a20-bfc2-11ea-8ed7-4f04cf3627df', '22ae9210-bfc2-11ea-84d1-99569f12b176', '0ca74190-3e38-11ea-90c8-9973184d37ee'),
('31ea1f70-e626-11ea-9a11-45f97b8be6d8', '31e94e00-e626-11ea-9b33-779ed529c17f', '756a9cf0-d1c8-11ea-8bcd-5978552eafd2'),
('32eb6c50-db1d-11ea-a1e9-95d213abeb72', '32eac160-db1d-11ea-a526-af1272641a6c', '756a9cf0-d1c8-11ea-8bcd-5978552eafd2'),
('3917b270-dbeb-11ea-a388-8f6b5a68cdcb', '39170010-dbeb-11ea-87fa-c521c401e749', '68abdea0-413e-11ea-a5e6-3b1bbba2e0a5'),
('4e70f1d0-dcb0-11ea-b58d-c7a8a1d25d89', '39170010-dbeb-11ea-87fa-c521c401e749', '756a9cf0-d1c8-11ea-8bcd-5978552eafd2'),
('585f5da0-f76f-11ea-a7f4-cd093924fc01', '39170010-dbeb-11ea-87fa-c521c401e749', '68abda60-413e-11ea-8fcb-d940f1b7ffa6'),
('753e97a0-0743-11eb-98f9-171b9c3cff3d', '753dcf10-0743-11eb-9df7-dfe3bbcce2a4', '756a9cf0-d1c8-11ea-8bcd-5978552eafd2'),
('8793a500-40a2-11eb-9845-6fd0d2ff1936', '8792a7b0-40a2-11eb-bdcf-b7973fb5979d', '756a9cf0-d1c8-11ea-8bcd-5978552eafd2'),
('937f1910-195d-11eb-bad3-6157ae4eaa18', '937e7b00-195d-11eb-b815-6b0ca3b21b11', '756a9cf0-d1c8-11ea-8bcd-5978552eafd2'),
('d9933a60-0d88-11eb-b7b7-75f8a5492de4', 'd992bd20-0d88-11eb-849e-7ff9fac083f5', '756a9cf0-d1c8-11ea-8bcd-5978552eafd2'),
('daf73c70-195d-11eb-b74c-5753d14ac39c', 'daf6a480-195d-11eb-9298-392e0dcf1224', '68abdf10-413e-11ea-bf89-819337ccb3c6'),
('e67cae40-0d85-11eb-8431-23e73bcf274a', 'e67bf600-0d85-11eb-b6ae-ebcdc38437c7', '756a9cf0-d1c8-11ea-8bcd-5978552eafd2');

-- --------------------------------------------------------

--
-- Table structure for table `elysium_reports_one_hour`
--

CREATE TABLE `elysium_reports_one_hour` (
  `id` varchar(36) NOT NULL DEFAULT '',
  `date` date DEFAULT NULL,
  `uq` int(11) DEFAULT NULL,
  `lm` int(11) DEFAULT NULL,
  `mcb` int(11) DEFAULT NULL,
  `converted` int(11) DEFAULT NULL,
  `created_at` timestamp NULL DEFAULT NULL,
  `updated_at` timestamp NULL DEFAULT NULL
) ENGINE=InnoDB DEFAULT CHARSET=utf8;

-- --------------------------------------------------------

--
-- Table structure for table `elysium_reports_retention`
--

CREATE TABLE `elysium_reports_retention` (
  `id` varchar(36) NOT NULL DEFAULT '',
  `date` date DEFAULT NULL,
  `pre_lit` int(11) DEFAULT NULL,
  `lit` int(11) DEFAULT NULL,
  `gen_corp` int(11) DEFAULT NULL,
  `created_at` timestamp NULL DEFAULT NULL,
  `updated_at` timestamp NULL DEFAULT NULL
) ENGINE=InnoDB DEFAULT CHARSET=utf8;

-- --------------------------------------------------------

--
-- Table structure for table `elysium_task_logs`
--

CREATE TABLE `elysium_task_logs` (
  `id` varchar(36) COLLATE utf8mb4_unicode_ci NOT NULL DEFAULT '',
  `resource_id` varchar(36) COLLATE utf8mb4_unicode_ci DEFAULT NULL,
  `created_by_user_id` varchar(36) COLLATE utf8mb4_unicode_ci DEFAULT NULL,
  `assigned_to_user_id` varchar(36) COLLATE utf8mb4_unicode_ci DEFAULT NULL,
  `task_name` varchar(255) COLLATE utf8mb4_unicode_ci DEFAULT NULL,
  `description` longtext COLLATE utf8mb4_unicode_ci,
  `time_estimated` varchar(5) COLLATE utf8mb4_unicode_ci DEFAULT NULL,
  `due_date` datetime DEFAULT NULL,
  `is_completed` tinyint(4) DEFAULT NULL,
  `created_at` timestamp NULL DEFAULT NULL,
  `updated_at` timestamp NULL DEFAULT NULL
) ENGINE=InnoDB DEFAULT CHARSET=utf8mb4 COLLATE=utf8mb4_unicode_ci;

--
-- Dumping data for table `elysium_task_logs`
--

INSERT INTO `elysium_task_logs` (`id`, `resource_id`, `created_by_user_id`, `assigned_to_user_id`, `task_name`, `description`, `time_estimated`, `due_date`, `is_completed`, `created_at`, `updated_at`) VALUES
('0168ddf0-dd84-11ea-94c6-212ed700a398', '2b2e2d10-d735-11ea-948a-e9e8fc73d8ac', '756a9cf0-d1c8-11ea-8bcd-5978552eafd2', '68abdf10-413e-11ea-bf89-819337ccb3c6', 'Complete Objections to Notice of Depo (7.29.20)', 'Complete the objections that we discussed to the Notice of Deposition of Bob Smith dated 7/29/20 propounded by Defendant.', '05:30', '2020-09-03 00:00:00', 0, '2020-08-13 09:42:41', '2020-09-04 17:45:46'),
('0ae47fd0-40a3-11eb-9667-db172b5cc69d', 'b2038cd0-1479-11eb-a8d2-bf6cd3a1a414', '756a9cf0-d1c8-11ea-8bcd-5978552eafd2', '68abdf10-413e-11ea-bf89-819337ccb3c6', 'IC Agreement', 'Et sollicitudin ac orci phasellus egestas tellus rutrum tellus pellentesque. Nunc aliquet bibendum enim facilisis. Odio pellentesque diam volutpat commodo sed. Congue quisque egestas diam in arcu. Lacus suspendisse faucibus interdum posuere lorem ipsum. Semper viverra nam libero justo laoreet sit amet cursus sit. Id eu nisl nunc mi ipsum faucibus vitae. Enim lobortis scelerisque fermentum dui. Quis blandit turpis cursus in. Eu mi bibendum neque egestas congue quisque. Nunc mattis enim ut tellus elementum sagittis vitae et. Pellentesque massa placerat duis ultricies lacus sed turpis tincidunt id. Tellus mauris a diam maecenas sed enim ut. Urna nec tincidunt praesent semper feugiat nibh sed pulvinar proin. In metus vulputate eu scelerisque felis imperdiet proin. Velit laoreet id donec ultrices tincidunt arcu non. Integer eget aliquet nibh praesent tristique magna sit amet purus.', '06:50', '2020-12-25 00:00:00', 0, '2020-12-17 12:04:17', '2020-12-17 12:04:17'),
('0b3ee0c0-12fe-11eb-9a59-bde048d9bacf', '0a1a4510-08c7-11eb-bd22-3395430fbfaa', '756a9cf0-d1c8-11ea-8bcd-5978552eafd2', '68abd6a0-413e-11ea-bc4e-818c36d37590', 'Conduct Research on Opposing Water Intrusion Expert (Gerald Roberts)', 'Review opposition\'s water intrusion expert\'s CV, experience, etc., and prepare an inter-office memo re same.', '01:75', '2021-01-05 00:00:00', 0, '2020-10-20 10:59:48', '2020-11-05 10:32:32'),
('0b7017b0-1243-11eb-8503-5f4175f0c562', '2a808c60-eee9-11ea-bba5-3194efd957d2', '756a9cf0-d1c8-11ea-8bcd-5978552eafd2', '68abdf10-413e-11ea-bf89-819337ccb3c6', 'Find Case Authority for Use in Anti-SLAPP', 'Conduct legal research re proposition that blah blah blah will trigger anti-SLAPP protection.', '03:50', '2020-10-21 00:00:00', 1, '2020-10-19 12:41:12', '2020-10-19 12:46:39'),
('0e226150-e3d5-11ea-9180-b76732f78604', '76c6cb00-e3d0-11ea-bf9c-0bcbd16f059b', '68abdea0-413e-11ea-a5e6-3b1bbba2e0a5', '68abdf10-413e-11ea-bf89-819337ccb3c6', 'Draft \"Facts\" Section of Complaint', 'blah blah', '06:30', '2020-08-31 00:00:00', 1, '2020-08-21 17:37:59', '2020-08-21 17:39:04'),
('128a7390-f398-11ea-a365-39a1ad8aa4f2', '2b2e2d10-d735-11ea-948a-e9e8fc73d8ac', '68abda60-413e-11ea-8fcb-d940f1b7ffa6', '68abd990-413e-11ea-a32e-d1d5362e3b7d', 'Research X, Y, and Z', 'Blahy Bloah Blah Blah.', '02:00', '2020-09-14 00:00:00', 1, '2020-09-10 19:01:45', '2020-09-10 19:02:54'),
('17c58580-eed6-11ea-896f-190f53feab17', '1690d120-d359-11ea-ab7c-ab2e693f4de7', '756a9cf0-d1c8-11ea-8bcd-5978552eafd2', '68abdf10-413e-11ea-bf89-819337ccb3c6', 'Accumsan lacus vel facilisis o', 'Pharetra magna ac placerat vestibulum lectus mauris ultrices', '01:50', '2020-09-08 00:00:00', 1, '2020-09-04 17:43:07', '2020-10-28 13:34:59'),
('2994fc50-e3cf-11ea-8034-8973ea84bb47', '922ccc40-e311-11ea-b682-1fcc912022d8', '756a9cf0-d1c8-11ea-8bcd-5978552eafd2', '68abdf10-413e-11ea-bf89-819337ccb3c6', 'Draft “Facts Section” for Complaint', 'Draft “Facts Section” for Complaint', '06:30', '2020-08-31 00:00:00', 1, '2020-08-21 16:55:48', '2020-08-21 16:56:44'),
('2b05a560-13e2-11eb-a25d-45c09d6ab779', 'aafb58b0-d36e-11ea-9a78-f3634ef4d283', '756a9cf0-d1c8-11ea-8bcd-5978552eafd2', '68abd990-413e-11ea-a32e-d1d5362e3b7d', 'Conduct Legal Research re Exceptions to Attorneys\' Fees in Anti-SLAPP', 'Conduct research on the Shelby case and how it pertains to Client\'s anti-SLAPP.', '08:50', '2020-10-23 00:00:00', 0, '2020-10-21 14:12:47', '2020-10-21 14:12:47'),
('36886fd0-13e1-11eb-8608-ddb93db16051', 'e7e6c620-e24a-11ea-a109-d109e3cdf5f1', '756a9cf0-d1c8-11ea-8bcd-5978552eafd2', '68abd5a0-413e-11ea-9326-7b3c689c909b', 'Attend Site Inspection', 'Attend site inspection set for tomorrow with expert.', '03:25', '2020-10-22 00:00:00', 1, '2020-10-21 14:05:56', '2020-10-27 10:47:36'),
('3a121420-195d-11eb-a94a-e3ba94e7e12a', '1690d120-d359-11ea-ab7c-ab2e693f4de7', '756a9cf0-d1c8-11ea-8bcd-5978552eafd2', '68abdff0-413e-11ea-b7f9-13134fe8934e', 'Attend CMC Hearing in PD\'s Place', 'Attend CMC Hearing. PD can\'t make it.', '02:00', '2020-10-30 00:00:00', 0, '2020-10-28 13:36:16', '2020-10-28 13:36:16'),
('3a2e0190-25e0-11eb-8354-63edc2adc64d', '71d382e0-e61c-11ea-be80-75599b977cf5', '756a9cf0-d1c8-11ea-8bcd-5978552eafd2', '68abdf10-413e-11ea-bf89-819337ccb3c6', 'Research ABCD', 'Blah Blah Blah', '02:50', '2020-11-16 00:00:00', 0, '2020-11-13 10:44:14', '2020-11-13 10:44:14'),
('3dac6fd0-eed6-11ea-8293-89cfb615c9a8', '1690d120-d359-11ea-ab7c-ab2e693f4de7', '756a9cf0-d1c8-11ea-8bcd-5978552eafd2', '68abdbb0-413e-11ea-935a-596bbfe66c28', 'Odio aenean sed adipiscing diam donec adipiscing tristique risus nec', 'A condimentum vitae sapien pellentesque habitant morbi tristique.', '02:00', '2020-09-10 00:00:00', 1, '2020-09-04 17:44:11', '2020-10-28 13:35:19'),
('47072170-12fe-11eb-a083-3d820d8864ab', '91597f70-e7bb-11ea-b8cc-df787fe0261c', '756a9cf0-d1c8-11ea-8bcd-5978552eafd2', '68abd7f0-413e-11ea-bbe3-692f45a27448', 'Research Opposing Water Intrusion Expert (Gerald Roberts)', 'Review Gerald Robert\'s (opposing water intrusion expert) CV, experience, etc. and then prepare detailed inter-office memorandum re same.', '01:75', '2020-10-22 00:00:00', 1, '2020-10-20 11:01:28', '2020-10-28 13:01:21'),
('49558b10-195c-11eb-91ec-1908363df0de', '6cb768b0-f394-11ea-b967-59f498933d6b', '756a9cf0-d1c8-11ea-8bcd-5978552eafd2', '68abdf10-413e-11ea-bf89-819337ccb3c6', 'Prepare Exhibit Book for Johnson Deposition', 'Speak with GS and then prepare exhibit book in Johnson deposition.', '02:50', '2020-10-30 00:00:00', 0, '2020-10-28 13:29:32', '2020-10-28 13:29:32'),
('4c8fcee0-12fd-11eb-adef-5f22f43d452c', '2a808c60-eee9-11ea-bba5-3194efd957d2', '756a9cf0-d1c8-11ea-8bcd-5978552eafd2', '68abda60-413e-11ea-8fcb-d940f1b7ffa6', 'Update LADD to Reflect Issues Raised at Client\'s Deposition', 'Update the LADD to address more specifically the standing issues raised at Client\'s deposition.', '03:25', '2020-10-22 00:00:00', 1, '2020-10-20 10:54:28', '2020-10-28 13:18:02'),
('4dd868f0-195e-11eb-9c6c-fb039a2476cf', 'b2038cd0-1479-11eb-a8d2-bf6cd3a1a414', '756a9cf0-d1c8-11ea-8bcd-5978552eafd2', '68abd780-413e-11ea-9c59-a1d0df74dec6', 'Speak with Client About HIs Changes to Petition', 'Call Client and discuss his suggested revisions to the draft Petition.', '01:00', '2020-10-29 00:00:00', 0, '2020-10-28 13:43:58', '2020-10-28 13:43:58'),
('568b1a10-e626-11ea-861f-afddb5c8377d', '71d382e0-e61c-11ea-be80-75599b977cf5', '756a9cf0-d1c8-11ea-8bcd-5978552eafd2', '68abdf10-413e-11ea-bf89-819337ccb3c6', 'Research 998 ABC', 'Prepare internal memo re 998 ABC.', '02:30', '2020-09-04 00:00:00', 1, '2020-08-24 16:24:52', '2020-10-22 13:52:16'),
('5ba45e00-1558-11eb-8959-395abb38976a', 'e92bca50-154e-11eb-9aa2-b16d060c8c4e', '756a9cf0-d1c8-11ea-8bcd-5978552eafd2', '68abdf10-413e-11ea-bf89-819337ccb3c6', 'Prepare BPP Docs', 'Prepare BPP Docs.', '01:50', '2020-10-30 00:00:00', 0, '2020-10-23 10:51:20', '2020-10-23 10:51:20'),
('60b7da70-12fa-11eb-876a-e7455e304ddb', 'aceadf50-f788-11ea-b7f7-ffd0750036ec', '756a9cf0-d1c8-11ea-8bcd-5978552eafd2', '68abdf10-413e-11ea-bf89-819337ccb3c6', 'Attend Site Inspection', 'Attend the site inspection with Client\'s retained water intrusion expert (John Fielding) scheduled for next Wednesday.', '04:50', '2020-10-28 00:00:00', 0, '2020-10-20 10:33:33', '2020-10-20 10:33:33'),
('64fb7dd0-12fb-11eb-a4fa-05c45c7ab8b1', '6cb768b0-f394-11ea-b967-59f498933d6b', '756a9cf0-d1c8-11ea-8bcd-5978552eafd2', '68abd6a0-413e-11ea-bc4e-818c36d37590', 'Conduct Research', 'Conduct legal research re use of lorem ipsum in the blah blahs of lorem manipulsusm. Then prepare inter-office memo re same.', '04:50', '2020-10-21 00:00:00', 1, '2020-10-20 10:40:50', '2020-10-28 13:21:39'),
('7141ed90-244b-11eb-863f-c79c9aff55b5', 'e7e6c620-e24a-11ea-a109-d109e3cdf5f1', '756a9cf0-d1c8-11ea-8bcd-5978552eafd2', '68abdf10-413e-11ea-bf89-819337ccb3c6', 'Research ABC', 'Blah Blah', '04:00', '2020-11-13 00:00:00', 1, '2020-11-11 10:26:40', '2020-11-11 10:30:04'),
('7820d200-2e90-11eb-b371-17b79c316916', 'b2038cd0-1479-11eb-a8d2-bf6cd3a1a414', '756a9cf0-d1c8-11ea-8bcd-5978552eafd2', '68abdf10-413e-11ea-bf89-819337ccb3c6', 'Draft RFAs', 'Draft RFAs', '05:50', '2020-11-27 00:00:00', 0, '2020-11-24 12:05:59', '2020-11-24 12:05:59'),
('860a2620-14a1-11eb-9a34-257d01e2dc1b', 'aceadf50-f788-11ea-b7f7-ffd0750036ec', '756a9cf0-d1c8-11ea-8bcd-5978552eafd2', '68abdf10-413e-11ea-bf89-819337ccb3c6', 'Conduct Research re Dynamex Case', 'Prepare inter-office memorandum re whether Dynamex holding is retroactive.', '30:0', '2020-10-23 00:00:00', 1, '2020-10-22 13:02:33', '2020-10-28 12:48:39'),
('8ad05ba0-eed4-11ea-be8b-27424b5807b5', '1ee56f70-dcd1-11ea-baff-eb67a3a3f339', '756a9cf0-d1c8-11ea-8bcd-5978552eafd2', '68abdff0-413e-11ea-b7f9-13134fe8934e', 'Settlement Dispute Research', 'Research this and that.', '02:00', '2020-09-04 00:00:00', 1, '2020-09-04 17:32:01', '2020-10-28 13:07:32'),
('8d30a640-1307-11eb-8271-5be2b0f2b68c', '0e6375e0-fdbf-11ea-8952-51672bfd15cd', '756a9cf0-d1c8-11ea-8bcd-5978552eafd2', '68abd7f0-413e-11ea-bbe3-692f45a27448', 'Research Trademarks Referenced in Cease and Desist Letter', 'Conduct research on the various trademarks held by Rhino referenced in cease and desist letter from Rhino.', '02:00', '2020-10-21 00:00:00', 0, '2020-10-20 12:07:51', '2020-10-20 12:07:51'),
('93605c40-eed5-11ea-9f68-7bfc4cd5fd55', '1690d120-d359-11ea-ab7c-ab2e693f4de7', '756a9cf0-d1c8-11ea-8bcd-5978552eafd2', '68abe0d0-413e-11ea-aeea-41c8ad41d36f', 'Massa tincidunt dui ut ornare lectus sit amet', 'In est ante in nibh mauris. Pharetra magna ac placerat vestibulum lectus mauris ultrices. Tincidunt eget nullam non nisi est sit amet facilisis magna. Non pulvinar neque laoreet suspendisse interdum. Interdum velit euismod in pellentesque massa placerat duis ultricies lacus.', '03:00', '2020-09-07 00:00:00', 1, '2020-09-04 17:39:25', '2020-10-28 13:35:36'),
('98851920-1244-11eb-ae51-5dacad9b21df', 'f2efbe30-d810-11ea-aead-e39550994302', '756a9cf0-d1c8-11ea-8bcd-5978552eafd2', '68abd780-413e-11ea-9c59-a1d0df74dec6', 'Get Caught Up re Blah Blah Blah Site Inspection', 'Review pertinent parts of Client\'s file in anticipation of appearing at site inspection.', '01:50', '2020-10-20 00:00:00', 0, '2020-10-19 12:52:19', '2020-10-19 12:52:19'),
('ae44fd70-195b-11eb-be60-dbd834b06007', '6cb768b0-f394-11ea-b967-59f498933d6b', '756a9cf0-d1c8-11ea-8bcd-5978552eafd2', '68abdf10-413e-11ea-bf89-819337ccb3c6', 'Take Deposition of Larry Byrd', 'Take Larry Byrd\'s deposition. See outline notes in Atty-Client.', '08:00', '2020-11-04 00:00:00', 0, '2020-10-28 13:25:12', '2020-10-28 13:25:12'),
('af3019c0-147e-11eb-aea9-cfd895e8a32e', 'b2038cd0-1479-11eb-a8d2-bf6cd3a1a4XX', '756a9cf0-d1c8-11ea-8bcd-5978552eafd2', '993e5360-d674-11ea-9f58-773694061717', 'Site Inspection', 'Attend *****', '04:00', '2020-10-26 00:00:00', 0, '2020-10-22 08:53:10', '2020-10-22 08:53:10'),
('b1f70150-12fa-11eb-8619-83ffbab5fe0b', 'aceadf50-f788-11ea-b7f7-ffd0750036ec', '756a9cf0-d1c8-11ea-8bcd-5978552eafd2', '68abd5a0-413e-11ea-9326-7b3c689c909b', 'Conduct Research', 'Research Davis-Stirling to find case law supporting proposition that blah blah blah lorme ipsum genuflect.', '01:50', '2020-10-21 00:00:00', 1, '2020-10-20 10:35:50', '2020-10-28 12:47:59'),
('b242b0d0-12fd-11eb-8900-43082a940dbe', '0a1a4510-08c7-11eb-bd22-3395430fbfaa', '756a9cf0-d1c8-11ea-8bcd-5978552eafd2', '68abe0d0-413e-11ea-aeea-41c8ad41d36f', 'Attend Site Inspection with Client', 'Attend site inspection with Client and answer questions posed by Client.', '04:00', '2020-10-23 00:00:00', 1, '2020-10-20 10:57:19', '2020-11-05 10:32:07'),
('b38e2550-13d7-11eb-b5ef-35e0e6fd463c', '2b2e2d10-d735-11ea-948a-e9e8fc73d8ac', '756a9cf0-d1c8-11ea-8bcd-5978552eafd2', '68abd6a0-413e-11ea-bc4e-818c36d37590', 'Attend Site Inspection with Experts', 'Attend site inspection set for tomorrow with all experts.', '06:50', '2020-10-22 00:00:00', 0, '2020-10-21 12:57:51', '2020-10-21 12:57:51'),
('b97224f0-187c-11eb-9ed5-3f4e49992472', 'e7e6c620-e24a-11ea-a109-d109e3cdf5f1', '756a9cf0-d1c8-11ea-8bcd-5978552eafd2', '68abdf10-413e-11ea-bf89-819337ccb3c6', 'Attend 3rd Party Deposition', 'Attend third party deposition (of Bill Johnson) to monitor. No need to ask questions unless you feel cross-complainant\'s counsel missed anything.', '07:00', '2020-10-28 00:00:00', 0, '2020-10-27 10:49:13', '2020-10-27 10:49:13'),
('c2c024f0-eed3-11ea-960e-95c34dd1e944', 'aafb58b0-d36e-11ea-9a78-f3634ef4d283', '756a9cf0-d1c8-11ea-8bcd-5978552eafd2', '68abdd00-413e-11ea-9bf1-a95997ed4e53', 'Research 998 Issue', 'Research 998 issue and then prepare inter-office memo re same. Will be converted to letter to Client, so please proof.', '01:50', '2020-09-07 00:00:00', 1, '2020-09-04 17:26:26', '2020-10-02 12:33:46'),
('cd14e760-13e2-11eb-aba8-f3eca35b349c', 'aafb58b0-d36e-11ea-9a78-f3634ef4d283', '756a9cf0-d1c8-11ea-8bcd-5978552eafd2', '68abd990-413e-11ea-a32e-d1d5362e3b7d', 'Conduct Legal Research re Exceptions to Attorneys\' Fees in Anti-SLAPP', 'Conduct research on the Shelby case and how it pertains to Client\'s anti-SLAPP.', '08:50', '2020-10-23 00:00:00', 1, '2020-10-21 14:17:18', '2020-10-23 11:14:10'),
('cec1e0d0-195c-11eb-aa99-4fdc5ecc4f39', 'e7e6c620-e24a-11ea-a109-d109e3cdf5f1', '756a9cf0-d1c8-11ea-8bcd-5978552eafd2', '68abdff0-413e-11ea-b7f9-13134fe8934e', 'Attend Hearing on Demurrer and Motion to Strike', 'Speak with PD and then attend the hearing on the Demurrer and Motion to Strike. PD has to appear at a deposition that day.', '03:00', '2020-11-05 00:00:00', 0, '2020-10-28 13:33:16', '2020-10-28 13:33:16'),
('de46a060-1493-11eb-853b-3569451d28e6', 'aafb58b0-d36e-11ea-9a78-f3634ef4d283', '756a9cf0-d1c8-11ea-8bcd-5978552eafd2', '68abd7f0-413e-11ea-bbe3-692f45a27448', 'Review Responses to Set 2 of Discovery', 'Review responses to Set 2 of discovery. \nNote helpful responses, and determine whether meet and confer is necessary. \nPrepare email to Client re same.', '07:50', '2020-10-28 00:00:00', 1, '2020-10-22 11:24:48', '2020-10-23 11:13:54'),
('de5d3e00-dc07-11ea-924e-cdd2e2e957ad', '2b2e2d10-d735-11ea-948a-e9e8fc73d8ac', '68abdea0-413e-11ea-a5e6-3b1bbba2e0a5', '68abdf10-413e-11ea-bf89-819337ccb3c6', 'Research 998 Issue', 'Odio ut sem nulla pharetra diam sit amet nisl. In eu mi bibendum neque. Lorem ipsum dolor sit amet consectetur adipiscing elit ut aliquam. Augue interdum velit euismod in pellentesque massa placerat duis ultricies. Purus viverra accumsan in nisl nisi scelerisque. Vivamus at augue eget arcu dictum varius duis at. Turpis cursus in hac habitasse platea dictumst quisque. Lobortis scelerisque fermentum dui faucibus in ornare quam. Gravida dictum fusce ut placerat orci nulla. Nulla malesuada pellentesque elit eget gravida.', '02:00', '2020-08-11 00:00:00', 1, '2020-08-11 12:21:34', '2020-08-13 09:05:59'),
('e09fa4f0-dc08-11ea-a800-cbea4d56febf', '2b2e2d10-d735-11ea-948a-e9e8fc73d8ac', '68abdea0-413e-11ea-a5e6-3b1bbba2e0a5', '68abdff0-413e-11ea-b7f9-13134fe8934e', 'Complete Deposition Notes for John Smith', 'Vitae semper quis lectus nulla at volutpat diam ut. Purus non enim praesent elementum facilisis leo vel fringilla est. Habitant morbi tristique senectus et netus et malesuada fames ac. Nisl rhoncus mattis rhoncus urna neque. Sed adipiscing diam donec adipiscing. Molestie a iaculis at erat pellentesque. Massa enim nec dui nunc mattis enim. Egestas pretium aenean pharetra magna ac placerat. In ante metus dictum at tempor commodo ullamcorper a. A scelerisque purus semper eget duis at tellus. Porttitor lacus luctus accumsan tortor. Dictum non consectetur a erat nam at lectus urna duis.', '06:00', '2020-08-12 00:00:00', 0, '2020-08-11 12:28:47', '2020-08-13 09:06:19'),
('e2a956c0-0d87-11eb-94df-07b201d5785f', '735a00d0-d36d-11ea-a5a7-3dc1a1fc4a60', '756a9cf0-d1c8-11ea-8bcd-5978552eafd2', '68abd780-413e-11ea-9c59-a1d0df74dec6', 'Site Inspection', 'Go to Client\'s property to conduct site inspection. Take photos of blah blah blah so we can analyze Client\'s concerns.', '06:50', '2020-10-16 00:00:00', 1, '2020-10-13 12:11:23', '2020-10-22 13:44:06'),
('e5679840-f83a-11ea-96e7-715792f3cb80', '2b2e2d10-d735-11ea-948a-e9e8fc73d8ac', '756a9cf0-d1c8-11ea-8bcd-5978552eafd2', '68abd5a0-413e-11ea-9326-7b3c689c909b', 'Legal Research re 998', 'Blah Blah.', '05:00', '2020-09-21 00:00:00', 0, '2020-09-16 09:37:22', '2020-09-16 09:37:22'),
('e81d94e0-eeeb-11ea-8a29-61af462555fd', '2a808c60-eee9-11ea-bba5-3194efd957d2', '68abdea0-413e-11ea-a5e6-3b1bbba2e0a5', '68abdf10-413e-11ea-bf89-819337ccb3c6', 'Draft “Facts Section” for Complaint', 'Draft “Facts Section” for Complaint', '06:30', '2020-09-18 00:00:00', 1, '2020-09-04 20:19:16', '2020-09-04 20:20:07'),
('eb83f3d0-149e-11eb-a85a-e554d12cd9ed', 'aceadf50-f788-11ea-b7f7-ffd0750036ec', '756a9cf0-d1c8-11ea-8bcd-5978552eafd2', '68abd990-413e-11ea-a32e-d1d5362e3b7d', 'Review Draft Complaint', 'Review draft Complaint prepared by DC and then file when ready.', '03:00', '2020-10-26 00:00:00', 1, '2020-10-22 12:43:55', '2020-10-28 12:47:34'),
('eb896e30-0d7d-11eb-8ded-e38f055b6ccb', '735a00d0-d36d-11ea-a5a7-3dc1a1fc4a60', '756a9cf0-d1c8-11ea-8bcd-5978552eafd2', '68abdf10-413e-11ea-bf89-819337ccb3c6', 'Complete LADD', 'LADD needs to be completed based on new information received from Client.', '03:00', '2020-10-14 00:00:00', 1, '2020-10-13 11:00:03', '2020-10-22 13:44:26'),
('ffe19be0-1243-11eb-a796-ed508bd9b682', '2a808c60-eee9-11ea-bba5-3194efd957d2', '756a9cf0-d1c8-11ea-8bcd-5978552eafd2', '68abdf10-413e-11ea-bf89-819337ccb3c6', 'Research Elements of 496 Claim', 'Prepare an Internal Office Memorandum re Nisl rhoncus mattis rhoncus urna neque. Be sure to Massa enim nec dui nunc mattis enim. Egestas pretium aenean pharetra magna ac placerat. In ante metus dictum at tempor commodo ullamcorper a. A scelerisque purus semper eget duis at tellus.', '03:50', '2020-10-20 00:00:00', 1, '2020-10-19 12:48:03', '2020-10-28 13:18:18');

-- --------------------------------------------------------

--
-- Table structure for table `elysium_task_log_reads`
--

CREATE TABLE `elysium_task_log_reads` (
  `id` varchar(36) COLLATE utf8mb4_unicode_ci NOT NULL DEFAULT '',
  `task_log_id` varchar(36) COLLATE utf8mb4_unicode_ci DEFAULT NULL,
  `user_id` varchar(36) COLLATE utf8mb4_unicode_ci DEFAULT NULL
) ENGINE=InnoDB DEFAULT CHARSET=utf8mb4 COLLATE=utf8mb4_unicode_ci;

--
-- Dumping data for table `elysium_task_log_reads`
--

INSERT INTO `elysium_task_log_reads` (`id`, `task_log_id`, `user_id`) VALUES
('01785e70-dd84-11ea-a697-1994bf3fefaa', '0168ddf0-dd84-11ea-94c6-212ed700a398', '756a9cf0-d1c8-11ea-8bcd-5978552eafd2'),
('067e67b0-195f-11eb-b4fd-abf88b616da5', '06580060-195f-11eb-8f0c-8729edc611d2', '756a9cf0-d1c8-11ea-8bcd-5978552eafd2'),
('0b06be30-40a3-11eb-acaf-9fc2081e4e85', '0ae47fd0-40a3-11eb-9667-db172b5cc69d', '756a9cf0-d1c8-11ea-8bcd-5978552eafd2'),
('0b3f6b40-12fe-11eb-a671-e191ae00e411', '0b3ee0c0-12fe-11eb-9a59-bde048d9bacf', '756a9cf0-d1c8-11ea-8bcd-5978552eafd2'),
('0b71d0d0-1243-11eb-8d49-8db8baf50083', '0b7017b0-1243-11eb-8503-5f4175f0c562', '756a9cf0-d1c8-11ea-8bcd-5978552eafd2'),
('0e230d20-e3d5-11ea-a7c1-95953d169410', '0e226150-e3d5-11ea-9180-b76732f78604', '68abdea0-413e-11ea-a5e6-3b1bbba2e0a5'),
('128b2430-f398-11ea-81b5-ebcade2870f3', '128a7390-f398-11ea-a365-39a1ad8aa4f2', '68abda60-413e-11ea-8fcb-d940f1b7ffa6'),
('13f3cb80-dc06-11ea-be28-2f81a0d30889', '13f31b30-dc06-11ea-869a-6d1cbdf00643', '68abdea0-413e-11ea-a5e6-3b1bbba2e0a5'),
('17c5e7d0-eed6-11ea-a6f7-2965d2d7a682', '17c58580-eed6-11ea-896f-190f53feab17', '756a9cf0-d1c8-11ea-8bcd-5978552eafd2'),
('1e230670-1958-11eb-9788-d9dd287ec907', '1dd832f0-1958-11eb-b36e-e1dbb8ec333f', '756a9cf0-d1c8-11ea-8bcd-5978552eafd2'),
('2995c1b0-e3cf-11ea-b012-05b29bb7a76f', '2994fc50-e3cf-11ea-8034-8973ea84bb47', '756a9cf0-d1c8-11ea-8bcd-5978552eafd2'),
('301aa8e0-1957-11eb-874a-2d6e709c9f89', '2fcea8e0-1957-11eb-9215-21eda93087a4', '756a9cf0-d1c8-11ea-8bcd-5978552eafd2'),
('338a10a0-149e-11eb-9638-a76c04d4d6af', '3341ea50-149e-11eb-91c6-71f605b58227', '0ca74190-3e38-11ea-90c8-9973184d37ee'),
('36d389b0-13e1-11eb-be4e-6d98b3220dbd', '36886fd0-13e1-11eb-8608-ddb93db16051', '756a9cf0-d1c8-11ea-8bcd-5978552eafd2'),
('3a3b33b0-195d-11eb-86ac-0df91c5f6218', '3a121420-195d-11eb-a94a-e3ba94e7e12a', '756a9cf0-d1c8-11ea-8bcd-5978552eafd2'),
('3abb41e0-25e0-11eb-ba56-5db8aef06cdf', '3a2e0190-25e0-11eb-8354-63edc2adc64d', '756a9cf0-d1c8-11ea-8bcd-5978552eafd2'),
('3d03c5e0-1953-11eb-81ec-a978024eda89', '3cd66f80-1953-11eb-9b31-b51a8319dc5a', '756a9cf0-d1c8-11ea-8bcd-5978552eafd2'),
('3dacf6f0-eed6-11ea-9c56-af8060002ee8', '3dac6fd0-eed6-11ea-8293-89cfb615c9a8', '756a9cf0-d1c8-11ea-8bcd-5978552eafd2'),
('466665e0-f83b-11ea-b062-69db65dddf7d', '128a7390-f398-11ea-a365-39a1ad8aa4f2', '756a9cf0-d1c8-11ea-8bcd-5978552eafd2'),
('4707e010-12fe-11eb-80a6-89dd728698ee', '47072170-12fe-11eb-a083-3d820d8864ab', '756a9cf0-d1c8-11ea-8bcd-5978552eafd2'),
('497c1550-195c-11eb-84b4-53cf5e1c666e', '49558b10-195c-11eb-91ec-1908363df0de', '756a9cf0-d1c8-11ea-8bcd-5978552eafd2'),
('4c907e00-12fd-11eb-ae07-9b27660411a0', '4c8fcee0-12fd-11eb-adef-5f22f43d452c', '756a9cf0-d1c8-11ea-8bcd-5978552eafd2'),
('4dfd6490-195e-11eb-97b0-895461019076', '4dd868f0-195e-11eb-9c6c-fb039a2476cf', '756a9cf0-d1c8-11ea-8bcd-5978552eafd2'),
('523be1b0-f20d-11ea-a85f-49ed209a679b', 'e81d94e0-eeeb-11ea-8a29-61af462555fd', '756a9cf0-d1c8-11ea-8bcd-5978552eafd2'),
('5608b3c0-195b-11eb-907e-53a28cf5e359', '55a7a650-195b-11eb-bade-ab2dba662ac4', '756a9cf0-d1c8-11ea-8bcd-5978552eafd2'),
('568bf550-e626-11ea-b733-93755f701379', '568b1a10-e626-11ea-861f-afddb5c8377d', '756a9cf0-d1c8-11ea-8bcd-5978552eafd2'),
('5be7c0e0-1558-11eb-9d86-21353d07ff72', '5ba45e00-1558-11eb-8959-395abb38976a', '756a9cf0-d1c8-11ea-8bcd-5978552eafd2'),
('60b867e0-12fa-11eb-9f66-e92f863611b0', '60b7da70-12fa-11eb-876a-e7455e304ddb', '756a9cf0-d1c8-11ea-8bcd-5978552eafd2'),
('64fc0da0-12fb-11eb-8999-8378cc4dc175', '64fb7dd0-12fb-11eb-a4fa-05c45c7ab8b1', '756a9cf0-d1c8-11ea-8bcd-5978552eafd2'),
('66253110-155b-11eb-9ac7-e59653c0748d', 'd97535c0-1493-11eb-9edc-2bd1832d26d4', '756a9cf0-d1c8-11ea-8bcd-5978552eafd2'),
('6fd06490-155b-11eb-a1dd-473d69e67587', 'dc4b7bd0-1493-11eb-9987-e729e45df5bf', '756a9cf0-d1c8-11ea-8bcd-5978552eafd2'),
('7190a2b0-244b-11eb-bd7b-3bdd9b40ef5e', '7141ed90-244b-11eb-863f-c79c9aff55b5', '756a9cf0-d1c8-11ea-8bcd-5978552eafd2'),
('76440600-1958-11eb-9b85-b36456e6da3f', '760ea590-1958-11eb-bc8a-2ff354d904e7', '756a9cf0-d1c8-11ea-8bcd-5978552eafd2'),
('78491630-2e90-11eb-87a4-ed14f6098498', '7820d200-2e90-11eb-b371-17b79c316916', '756a9cf0-d1c8-11ea-8bcd-5978552eafd2'),
('789e0c70-155b-11eb-a503-031eac4880f5', 'dd64d900-1493-11eb-b145-2d71b533501a', '756a9cf0-d1c8-11ea-8bcd-5978552eafd2'),
('812ea6f0-155b-11eb-8586-59ffc3696ead', 'de46a060-1493-11eb-853b-3569451d28e6', '756a9cf0-d1c8-11ea-8bcd-5978552eafd2'),
('868bd760-14a1-11eb-a7bc-59e6e1341fc6', '860a2620-14a1-11eb-9a34-257d01e2dc1b', '756a9cf0-d1c8-11ea-8bcd-5978552eafd2'),
('8ad0f2e0-eed4-11ea-bc90-dbc39d5666e3', '8ad05ba0-eed4-11ea-be8b-27424b5807b5', '756a9cf0-d1c8-11ea-8bcd-5978552eafd2'),
('8ad289e0-155b-11eb-b5fc-29e96ad4474d', 'cd14e760-13e2-11eb-aba8-f3eca35b349c', '756a9cf0-d1c8-11ea-8bcd-5978552eafd2'),
('8c483320-1957-11eb-b370-6fcb7963cfa1', '8bf226e0-1957-11eb-adfd-6d0e094accac', '756a9cf0-d1c8-11ea-8bcd-5978552eafd2'),
('8d315680-1307-11eb-a541-3dc6c31a152b', '8d30a640-1307-11eb-8271-5be2b0f2b68c', '756a9cf0-d1c8-11ea-8bcd-5978552eafd2'),
('9360f360-eed5-11ea-89ec-0da5d98303b4', '93605c40-eed5-11ea-9f68-7bfc4cd5fd55', '756a9cf0-d1c8-11ea-8bcd-5978552eafd2'),
('9885abd0-1244-11eb-8103-f50977dc0c19', '98851920-1244-11eb-ae51-5dacad9b21df', '756a9cf0-d1c8-11ea-8bcd-5978552eafd2'),
('9b861af0-1958-11eb-a6b5-8b8abee53949', '9b3b40a0-1958-11eb-aa93-218d762f5393', '756a9cf0-d1c8-11ea-8bcd-5978552eafd2'),
('9bfccf50-eed9-11ea-be39-59d2b810fde3', 'e09fa4f0-dc08-11ea-a800-cbea4d56febf', '756a9cf0-d1c8-11ea-8bcd-5978552eafd2'),
('a9318140-eed9-11ea-9bf3-97977d339598', 'de5d3e00-dc07-11ea-924e-cdd2e2e957ad', '756a9cf0-d1c8-11ea-8bcd-5978552eafd2'),
('aea65f60-195b-11eb-a8a6-9fa21b44aba6', 'ae44fd70-195b-11eb-be60-dbd834b06007', '756a9cf0-d1c8-11ea-8bcd-5978552eafd2'),
('b1f78c60-12fa-11eb-b712-f7c4b089474a', 'b1f70150-12fa-11eb-8619-83ffbab5fe0b', '756a9cf0-d1c8-11ea-8bcd-5978552eafd2'),
('b24347b0-12fd-11eb-8aa4-cd444316abb9', 'b242b0d0-12fd-11eb-8900-43082a940dbe', '756a9cf0-d1c8-11ea-8bcd-5978552eafd2'),
('b38ebef0-13d7-11eb-a5f2-4bd4dbdecf90', 'b38e2550-13d7-11eb-b5ef-35e0e6fd463c', '756a9cf0-d1c8-11ea-8bcd-5978552eafd2'),
('b6cb2be0-1956-11eb-8183-9bd6b9e2f809', 'b671a680-1956-11eb-9da1-31c1cfd788c0', '756a9cf0-d1c8-11ea-8bcd-5978552eafd2'),
('b8ee0d40-1952-11eb-9c4e-cb1c7282a658', 'b86cf490-1952-11eb-b764-b742c86d83b8', '756a9cf0-d1c8-11ea-8bcd-5978552eafd2'),
('b9dde700-187c-11eb-b0f2-e71edfdb5311', 'b97224f0-187c-11eb-9ed5-3f4e49992472', '756a9cf0-d1c8-11ea-8bcd-5978552eafd2'),
('c2c0e280-eed3-11ea-8379-ffe253cb3adf', 'c2c024f0-eed3-11ea-960e-95c34dd1e944', '756a9cf0-d1c8-11ea-8bcd-5978552eafd2'),
('cd9d3eb0-1888-11eb-8102-83a05f33ef39', 'cd092320-1888-11eb-b687-3d4db8da2d18', '756a9cf0-d1c8-11ea-8bcd-5978552eafd2'),
('cf3868e0-195c-11eb-9551-3b82a8ddfae3', 'cec1e0d0-195c-11eb-aa99-4fdc5ecc4f39', '756a9cf0-d1c8-11ea-8bcd-5978552eafd2'),
('de5dc750-dc07-11ea-8de4-3b82a6b04d09', 'de5d3e00-dc07-11ea-924e-cdd2e2e957ad', '68abdea0-413e-11ea-a5e6-3b1bbba2e0a5'),
('e0a050a0-dc08-11ea-b48f-29b747b990c3', 'e09fa4f0-dc08-11ea-a800-cbea4d56febf', '68abdea0-413e-11ea-a5e6-3b1bbba2e0a5'),
('e2a9eb60-0d87-11eb-924b-2f57bc834cbb', 'e2a956c0-0d87-11eb-94df-07b201d5785f', '756a9cf0-d1c8-11ea-8bcd-5978552eafd2'),
('e56812c0-f83a-11ea-98e7-87ce2e198a04', 'e5679840-f83a-11ea-96e7-715792f3cb80', '756a9cf0-d1c8-11ea-8bcd-5978552eafd2'),
('e58daa00-195a-11eb-bcc1-67815d8a28a0', 'e56898a0-195a-11eb-8a94-df3c8e294e8d', '756a9cf0-d1c8-11ea-8bcd-5978552eafd2'),
('e72e5aa0-1958-11eb-a5b8-e321701ec302', 'e6f00c30-1958-11eb-9988-c783365e6129', '756a9cf0-d1c8-11ea-8bcd-5978552eafd2'),
('e81e0cc0-eeeb-11ea-b452-53b85b073bf1', 'e81d94e0-eeeb-11ea-8a29-61af462555fd', '68abdea0-413e-11ea-a5e6-3b1bbba2e0a5'),
('eb8a0d90-0d7d-11eb-b9f9-256055c976fa', 'eb896e30-0d7d-11eb-8ded-e38f055b6ccb', '756a9cf0-d1c8-11ea-8bcd-5978552eafd2'),
('ebd31220-149e-11eb-b719-d5044628583a', 'eb83f3d0-149e-11eb-a85a-e554d12cd9ed', '756a9cf0-d1c8-11ea-8bcd-5978552eafd2'),
('ffe224d0-1243-11eb-82c0-73781bbd714f', 'ffe19be0-1243-11eb-a796-ed508bd9b682', '756a9cf0-d1c8-11ea-8bcd-5978552eafd2');

-- --------------------------------------------------------

--
-- Table structure for table `elysium_telephone_logs`
--

CREATE TABLE `elysium_telephone_logs` (
  `id` varchar(36) COLLATE utf8mb4_unicode_ci NOT NULL DEFAULT '',
  `operative` varchar(36) COLLATE utf8mb4_unicode_ci DEFAULT NULL,
  `resource_id` varchar(36) COLLATE utf8mb4_unicode_ci DEFAULT NULL,
  `created_by_user_id` varchar(36) COLLATE utf8mb4_unicode_ci DEFAULT NULL,
  `email_sent` enum('yes','no') COLLATE utf8mb4_unicode_ci DEFAULT NULL,
  `date` datetime DEFAULT NULL,
  `time` varchar(5) COLLATE utf8mb4_unicode_ci DEFAULT NULL,
  `description` varchar(255) COLLATE utf8mb4_unicode_ci DEFAULT NULL,
  `contact` varchar(255) COLLATE utf8mb4_unicode_ci DEFAULT NULL,
  `comments` longtext COLLATE utf8mb4_unicode_ci,
  `created_at` timestamp NULL DEFAULT NULL,
  `updated_at` timestamp NULL DEFAULT NULL,
  `date_conf_email_sent_or_received` date DEFAULT NULL
) ENGINE=InnoDB DEFAULT CHARSET=utf8mb4 COLLATE=utf8mb4_unicode_ci;

--
-- Dumping data for table `elysium_telephone_logs`
--

INSERT INTO `elysium_telephone_logs` (`id`, `operative`, `resource_id`, `created_by_user_id`, `email_sent`, `date`, `time`, `description`, `contact`, `comments`, `created_at`, `updated_at`, `date_conf_email_sent_or_received`) VALUES
('08f65be0-bfc2-11ea-8ca0-f178fbd9df79', '0ca74190-3e38-11ea-90c8-9973184d37ee', '57ba3ed0-b670-11ea-a0e5-0bb9ae0611bb', '0ca74190-3e38-11ea-90c8-9973184d37ee', 'yes', '2020-07-06 00:00:00', '12:50', 'CALLED', 'JOHN SMITH', '...', '2020-07-06 12:51:08', '2020-07-06 12:51:08', NULL),
('0b3e30c0-dbeb-11ea-919f-35774bc2f17b', '68abdea0-413e-11ea-a5e6-3b1bbba2e0a5', '2b2e2d10-d735-11ea-948a-e9e8fc73d8ac', '68abdea0-413e-11ea-a5e6-3b1bbba2e0a5', 'yes', '2020-08-11 00:00:00', '08:54', 'Auctor elit sed vulputate mi sit amet mauris commodo.', 'PD', 'Nec nam aliquam sem et tortor consequat id porta nibh. Urna duis convallis convallis tellus id interdum velit laoreet id. Tortor id aliquet lectus proin nibh nisl condimentum id. Sed blandit libero volutpat sed cras. At augue eget arcu dictum. Pellentesque habitant morbi tristique senectus et. Aenean pharetra magna ac placerat vestibulum lectus mauris. Ut venenatis tellus in metus vulputate eu scelerisque felis. Dui accumsan sit amet nulla facilisi morbi tempus iaculis urna. Mauris a diam maecenas sed enim ut sem. Id nibh tortor id aliquet lectus proin nibh nisl. Ac turpis egestas maecenas pharetra convallis posuere morbi leo urna. Ultricies integer quis auctor elit sed vulputate mi sit.\n\nQuis auctor elit sed vulputate. Et tortor consequat id porta nibh venenatis cras sed felis. Laoreet non curabitur gravida arcu ac tortor. Mattis pellentesque id nibh tortor id aliquet. Pretium vulputate sapien nec sagittis aliquam malesuada bibendum. Ac auctor augue mauris augue neque gravida in fermentum et.', '2020-08-11 08:55:14', '2020-08-11 08:55:14', NULL),
('1392c230-1494-11eb-ba7e-bb99e6b6e488', '756a9cf0-d1c8-11ea-8bcd-5978552eafd2', 'aafb58b0-d36e-11ea-9a78-f3634ef4d283', '756a9cf0-d1c8-11ea-8bcd-5978552eafd2', 'yes', '2020-10-22 00:00:00', '11:14', 'Conferred re Settlement Offer', 'Client', 'Discussed settlement offer that came in today ($575,000). Client will counter at $625,000, provided that no confidentiality provision is necessary.', '2020-10-22 11:26:18', '2020-10-22 11:26:18', '2020-10-22'),
('20df6d10-12f6-11eb-a70f-e93e0e324aa8', '756a9cf0-d1c8-11ea-8bcd-5978552eafd2', '6cb768b0-f394-11ea-b967-59f498933d6b', '756a9cf0-d1c8-11ea-8bcd-5978552eafd2', 'yes', '2020-10-20 00:00:00', '09:58', 'Confirmed Site Inspection Date and Time', 'Bill Smith (Construction Expert)', 'Discussed site inspection scheduled for next week and confirmed date and time.', '2020-10-20 10:03:08', '2020-10-20 10:03:08', NULL),
('22ead540-244c-11eb-a18a-c19fd9c90fc2', '756a9cf0-d1c8-11ea-8bcd-5978552eafd2', 'e7e6c620-e24a-11ea-a109-d109e3cdf5f1', '756a9cf0-d1c8-11ea-8bcd-5978552eafd2', 'yes', '2020-11-11 00:00:00', '10:30', 'Discuss 998', 'Client', 'Blah Blah', '2020-11-11 10:31:38', '2020-11-11 10:31:38', '2020-11-11'),
('37a3d350-dbec-11ea-abfe-95c414b69487', '68abdea0-413e-11ea-a5e6-3b1bbba2e0a5', '2b2e2d10-d735-11ea-948a-e9e8fc73d8ac', '68abdea0-413e-11ea-a5e6-3b1bbba2e0a5', 'no', '2020-08-10 00:00:00', '07:56', 'Sed lectus vestibulum mattis ullamcorper velit sed ullamcorper morbi tincidunt.', 'PD', 'Sem et tortor consequat id. Id leo in vitae turpis massa sed. Vitae et leo duis ut. Sagittis purus sit amet volutpat consequat mauris nunc. Tempor orci eu lobortis elementum. Tincidunt vitae semper quis lectus nulla at. Erat pellentesque adipiscing commodo elit at imperdiet dui. Morbi tristique senectus et netus et malesuada fames.', '2020-08-11 09:03:38', '2020-08-11 09:03:38', NULL),
('49044520-40a2-11eb-a88a-c94b16ea8230', '756a9cf0-d1c8-11ea-8bcd-5978552eafd2', 'b2038cd0-1479-11eb-a8d2-bf6cd3a1a414', '756a9cf0-d1c8-11ea-8bcd-5978552eafd2', 'yes', '2020-12-17 00:00:00', '11:54', '998 Offer', 'Eram', 'Et sollicitudin ac orci phasellus egestas tellus rutrum tellus pellentesque. Nunc aliquet bibendum enim facilisis. Odio pellentesque diam volutpat commodo sed. Congue quisque egestas diam in arcu. Lacus suspendisse faucibus interdum posuere lorem ipsum. Semper viverra nam libero justo laoreet sit amet cursus sit. Id eu nisl nunc mi ipsum faucibus vitae. Enim lobortis scelerisque fermentum dui. Quis blandit turpis cursus in. Eu mi bibendum neque egestas congue quisque. Nunc mattis enim ut tellus elementum sagittis vitae et. Pellentesque massa placerat duis ultricies lacus sed turpis tincidunt id. Tellus mauris a diam maecenas sed enim ut. Urna nec tincidunt praesent semper feugiat nibh sed pulvinar proin. In metus vulputate eu scelerisque felis imperdiet proin. Velit laoreet id donec ultrices tincidunt arcu non. Integer eget aliquet nibh praesent tristique magna sit amet purus.', '2020-12-17 11:58:51', '2020-12-17 11:58:51', '2020-12-17'),
('58258760-1307-11eb-9441-2d294ed19537', '756a9cf0-d1c8-11ea-8bcd-5978552eafd2', '0e6375e0-fdbf-11ea-8952-51672bfd15cd', '756a9cf0-d1c8-11ea-8bcd-5978552eafd2', 'yes', '2020-09-23 00:00:00', '11:32', 'Confirmed Extension to Respond to Cease and Desist', 'Paul Severson, Esq.', 'Spoke with Rhino\'s attorney re extension to arbitrary deadline stated in Rhino\'s cease and desist letter. New deadline is 10/30/20.', '2020-10-20 12:06:22', '2020-10-20 12:06:22', NULL),
('70ffb770-f770-11ea-af64-f3f0084b4285', '756a9cf0-d1c8-11ea-8bcd-5978552eafd2', '6cb768b0-f394-11ea-b967-59f498933d6b', '756a9cf0-d1c8-11ea-8bcd-5978552eafd2', 'yes', '2020-09-15 00:00:00', '09:27', 'Confirmed pre-hearing meeting with Client for tomorrow', 'Peter Quill', 'Just confirmed that Client would come for a meeting tomorrow morning before the hearing.', '2020-09-15 09:28:09', '2020-09-15 09:28:09', NULL),
('75caa5d0-12f6-11eb-aa51-21c7da127249', '756a9cf0-d1c8-11ea-8bcd-5978552eafd2', '6cb768b0-f394-11ea-b967-59f498933d6b', '756a9cf0-d1c8-11ea-8bcd-5978552eafd2', 'yes', '2020-10-02 00:00:00', '08:35', 'Confirmed Rates and Expertise in Anticipation of Retention', 'Bill Smith (Construction Expert)', 'Discussed Bill\'s rates and CV and retaining him to act as expert in Client\'s case.', '2020-10-20 10:05:31', '2020-10-20 10:05:31', NULL),
('8d48e270-12f7-11eb-89d2-ad641c7fabcc', '756a9cf0-d1c8-11ea-8bcd-5978552eafd2', '6cb768b0-f394-11ea-b967-59f498933d6b', '756a9cf0-d1c8-11ea-8bcd-5978552eafd2', 'no', '2020-10-20 00:00:00', '11:05', 'Filled Client in on Confirmation From Expert (Bill Smith)', 'Peter Quill', 'Brief call with Client re Bill Smith\'s confirmation to appear at site inspection scheduled for next week.', '2020-10-20 10:13:20', '2020-10-22 08:44:38', '1969-12-31'),
('90369f10-14a6-11eb-958b-f138fb4b5c94', '756a9cf0-d1c8-11ea-8bcd-5978552eafd2', 'b2038cd0-1479-11eb-a8d2-bf6cd3a1a414', '756a9cf0-d1c8-11ea-8bcd-5978552eafd2', 'yes', '2020-10-22 00:00:00', '13:34', 'Potential Expert', 'Bill Paxton', 'Inquired about hiring Bill as water intrusion expert.', '2020-10-22 13:38:38', '2020-10-22 13:38:38', '2020-10-22'),
('9450d160-0802-11eb-9298-3b4775d67fcd', '756a9cf0-d1c8-11ea-8bcd-5978552eafd2', 'affca420-f6b4-11ea-a71c-3762f8f6810e', '756a9cf0-d1c8-11ea-8bcd-5978552eafd2', 'yes', '2020-10-06 00:00:00', '11:33', 'Discussed Potential Settlement', 'Bob Smith', 'Discussed potential settlement with third party involvement.', '2020-10-06 11:34:33', '2020-10-06 11:34:33', NULL),
('94f8b700-dbec-11ea-881d-63df427fe9df', '68abdea0-413e-11ea-a5e6-3b1bbba2e0a5', '2b2e2d10-d735-11ea-948a-e9e8fc73d8ac', '68abdea0-413e-11ea-a5e6-3b1bbba2e0a5', 'yes', '2020-08-06 00:00:00', '11:03', 'Mollis nunc sed id semper risus in hendrerit gravida rutrum.', 'PD', 'Purus ut faucibus pulvinar elementum integer enim neque volutpat ac. Porttitor eget dolor morbi non arcu. Penatibus et magnis dis parturient montes. In vitae turpis massa sed elementum tempus egestas. Quis ipsum suspendisse ultrices gravida dictum fusce ut placerat. In fermentum posuere urna nec. Feugiat sed lectus vestibulum mattis ullamcorper. Lacus viverra vitae congue eu consequat ac felis. Donec et odio pellentesque diam volutpat commodo sed egestas egestas.', '2020-08-11 09:06:14', '2020-08-11 09:06:14', NULL),
('9e051fd0-f83a-11ea-bd37-fd29a672045f', '756a9cf0-d1c8-11ea-8bcd-5978552eafd2', 'aceadf50-f788-11ea-b7f7-ffd0750036ec', '756a9cf0-d1c8-11ea-8bcd-5978552eafd2', 'yes', '2020-09-16 00:00:00', '09:31', 'Discussed Settlement Options', 'Client', 'Discussed settlement.', '2020-09-16 09:35:23', '2020-09-16 09:35:23', NULL),
('b3566f80-f46d-11ea-807b-a1633028e57a', '756a9cf0-d1c8-11ea-8bcd-5978552eafd2', '8589d140-d8c0-11ea-b685-4b1e909fb7fa', '756a9cf0-d1c8-11ea-8bcd-5978552eafd2', NULL, '2020-09-11 00:00:00', '13:08', 'Designating Him as Expert Witness', 'Sam Wilson', 'Spoke with Sam Wilson (714.555.6677) about Client designating him as a structural engineering expert witness.', '2020-09-11 20:30:58', '2020-09-11 20:30:58', NULL),
('b3a47220-195e-11eb-99dc-09648bb6ec94', '756a9cf0-d1c8-11ea-8bcd-5978552eafd2', '1690d120-d359-11ea-ab7c-ab2e693f4de7', '756a9cf0-d1c8-11ea-8bcd-5978552eafd2', 'yes', '2020-10-28 00:00:00', '13:45', 'Conferred re Potential Settlement and Attending Mediation', 'Client', 'Elit duis tristique sollicitudin nibh sit amet commodo nulla. Purus sit amet volutpat consequat mauris nunc congue nisi vitae. Commodo viverra maecenas accumsan lacus vel facilisis. Elementum eu facilisis sed odio morbi quis commodo odio. Sed adipiscing diam donec adipiscing tristique risus nec feugiat. Arcu dui vivamus arcu felis.', '2020-10-28 13:46:49', '2020-10-28 13:46:49', '2020-10-28'),
('d43b17f0-2e76-11eb-9a24-53b60bb59d02', '756a9cf0-d1c8-11ea-8bcd-5978552eafd2', '2a808c60-eee9-11ea-bba5-3194efd957d2', '756a9cf0-d1c8-11ea-8bcd-5978552eafd2', 'yes', '2020-11-24 00:00:00', '09:01', 'Discussed Potential Settlement', 'Client', 'Talked with Client about recent offer and whether to counter or wait for mediation scheduled for a few weeks after the Thanksgiving holiday. \n\nClient instructed us to wait and not counteroffer now.', '2020-11-24 09:02:26', '2020-11-24 09:02:26', '2020-11-24'),
('df6a2ca0-195e-11eb-ad58-d7579d5bfe24', '756a9cf0-d1c8-11ea-8bcd-5978552eafd2', '1690d120-d359-11ea-ab7c-ab2e693f4de7', '756a9cf0-d1c8-11ea-8bcd-5978552eafd2', 'yes', '2020-08-28 00:00:00', '15:47', 'Confirmed Revisions to Complaint', 'Client', 'Tincidunt ornare massa eget egestas purus viverra accumsan. Tempus egestas sed sed risus pretium quam vulputate dignissim. At volutpat diam ut venenatis tellus in. Pretium aenean pharetra magna ac placerat vestibulum lectus. Purus gravida quis blandit turpis cursus in. Sed blandit libero volutpat sed cras ornare. Vel orci porta non pulvinar neque laoreet suspendisse interdum consectetur.', '2020-10-28 13:48:03', '2020-10-28 13:48:03', '2020-08-31'),
('e6f20100-d742-11ea-95a5-035b90a33453', '756a9cf0-d1c8-11ea-8bcd-5978552eafd2', '6e938e70-d5a7-11ea-9542-c5790c564cfc', '756a9cf0-d1c8-11ea-8bcd-5978552eafd2', 'yes', '2020-08-03 00:00:00', '10:38', 'Telephone Call with Client re Settlement', 'Sara Etemadi', 'We discussed 998 Offer that came in. Explained pros and cons. \n\nVitae semper quis lectus nulla at volutpat diam ut. Purus non enim praesent elementum facilisis leo vel fringilla est. Habitant morbi tristique senectus et netus et malesuada fames ac. Nisl rhoncus mattis rhoncus urna neque. Sed adipiscing diam donec adipiscing. Molestie a iaculis at erat pellentesque. Massa enim nec dui nunc mattis enim. Egestas pretium aenean pharetra magna ac placerat. In ante metus dictum at tempor commodo ullamcorper a. A scelerisque purus semper eget duis at tellus. Porttitor lacus luctus accumsan tortor. Dictum non consectetur a erat nam at lectus urna duis. Ultrices vitae auctor eu augue ut. Orci a scelerisque purus semper eget. Tempor orci eu lobortis elementum nibh. Eu tincidunt tortor aliquam nulla facilisi cras fermentum odio eu. Integer quis auctor elit sed vulputate. Viverra ipsum nunc aliquet bibendum enim facilisis gravida neque. Nunc congue nisi vitae suscipit tellus mauris a.\n\nOdio ut sem nulla pharetra diam sit amet nisl. In eu mi bibendum neque. Lorem ipsum dolor sit amet consectetur adipiscing elit ut aliquam. Augue interdum velit euismod in pellentesque massa placerat duis ultricies. Purus viverra accumsan in nisl nisi scelerisque. Vivamus at augue eget arcu dictum varius duis at. Turpis cursus in hac habitasse platea dictumst quisque. Lobortis scelerisque fermentum dui faucibus in ornare quam. Gravida dictum fusce ut placerat orci nulla. Nulla malesuada pellentesque elit eget gravida. Lectus urna duis convallis convallis tellus id interdum velit laoreet. Pulvinar sapien et ligula ullamcorper. Faucibus a pellentesque sit amet porttitor eget dolor morbi non. Imperdiet dui accumsan sit amet nulla facilisi morbi tempus iaculis.\n\nElit duis tristique sollicitudin nibh sit amet commodo nulla. Purus sit amet volutpat consequat mauris nunc congue nisi vitae. Commodo viverra maecenas accumsan lacus vel facilisis. Elementum eu facilisis sed odio morbi quis commodo odio. Sed adipiscing diam donec adipiscing tristique risus nec feugiat. Arcu dui vivamus arcu felis. Commodo quis imperdiet massa tincidunt nunc pulvinar sapien et. Mi ipsum faucibus vitae aliquet. Vulputate mi sit amet mauris commodo quis imperdiet massa tincidunt. A diam sollicitudin tempor id. Malesuada nunc vel risus commodo viverra maecenas accumsan. Egestas diam in arcu cursus euismod quis. Ullamcorper malesuada proin libero nunc consequat interdum varius sit amet. Vulputate eu scelerisque felis imperdiet proin fermentum leo. Eget gravida cum sociis natoque penatibus et magnis. Viverra orci sagittis eu volutpat odio facilisis mauris sit. Facilisis mauris sit amet massa. Consectetur adipiscing elit pellentesque habitant morbi tristique senectus.\n\nVitae et leo duis ut diam quam nulla. Malesuada fames ac turpis egestas integer eget aliquet nibh. In egestas erat imperdiet sed euismod nisi. Velit dignissim sodales ut eu sem integer vitae justo eget. Etiam dignissim diam quis enim lobortis. Tristique sollicitudin nibh sit amet commodo nulla facilisi nullam. Eget sit amet tellus cras adipiscing. Eu feugiat pretium nibh ipsum. Sollicitudin ac orci phasellus egestas tellus rutrum. Varius morbi enim nunc faucibus.', '2020-08-05 10:41:33', '2020-08-05 10:41:33', NULL),
('ed00e3b0-e623-11ea-b173-b9eaa4524e9e', '993e5360-d674-11ea-9f58-773694061717', '71d382e0-e61c-11ea-be80-75599b977cf5', '993e5360-d674-11ea-9f58-773694061717', 'yes', '2020-08-24 00:00:00', '09:06', 'Discussed Options re Responses', 'Steven Strange', 'Diam vel quam elementum pulvinar etiam non quam. Morbi quis commodo odio aenean sed adipiscing. Mauris vitae ultricies leo integer malesuada nunc vel risus. Massa placerat duis ultricies lacus sed turpis tincidunt. A erat nam at lectus urna duis convallis convallis. Montes nascetur ridiculus mus mauris vitae. Mi sit amet mauris commodo quis imperdiet massa tincidunt nunc. Proin sed libero enim sed faucibus turpis. Blandit turpis cursus in hac habitasse platea. Convallis a cras semper auctor neque vitae tempus.\n\nMorbi blandit cursus risus at ultrices mi. Quis imperdiet massa tincidunt nunc pulvinar sapien et. Ac tincidunt vitae semper quis lectus. Eget sit amet tellus cras adipiscing enim eu turpis egestas. Vitae et leo duis ut diam quam nulla porttitor massa. Neque egestas congue quisque egestas. Orci phasellus egestas tellus rutrum tellus pellentesque eu tincidunt. Viverra justo nec ultrices dui sapien eget. Vitae tortor condimentum lacinia quis. Quis imperdiet massa tincidunt nunc pulvinar sapien et ligula ullamcorper.', '2020-08-24 16:07:36', '2020-08-24 16:07:36', NULL),
('f386eef0-2e91-11eb-9e6a-39040a528462', '756a9cf0-d1c8-11ea-8bcd-5978552eafd2', 'e7e6c620-e24a-11ea-a109-d109e3cdf5f1', '756a9cf0-d1c8-11ea-8bcd-5978552eafd2', 'yes', '2020-11-24 00:00:00', '12:11', 'Discussed Whether to go to Mediation', 'Client', 'None.', '2020-11-24 12:16:35', '2020-11-24 12:16:35', '2020-11-24'),
('fd12a730-0d7b-11eb-80b9-6fe997d052cd', '756a9cf0-d1c8-11ea-8bcd-5978552eafd2', '735a00d0-d36d-11ea-a5a7-3dc1a1fc4a60', '756a9cf0-d1c8-11ea-8bcd-5978552eafd2', 'yes', '2020-10-01 00:00:00', '10:44', 'Discussed Status of LADD', 'Client', 'Porttitor lacus luctus accumsan tortor. Dictum non consectetur a erat nam at lectus urna duis. Ultrices vitae auctor eu augue ut. Orci a scelerisque purus semper eget. Tempor orci eu lobortis elementum nibh. Eu tincidunt tortor aliquam nulla facilisi cras fermentum odio eu. Integer quis auctor elit sed vulputate.', '2020-10-13 10:46:14', '2020-10-13 10:46:14', NULL);

-- --------------------------------------------------------

--
-- Table structure for table `elysium_telephone_log_reads`
--

CREATE TABLE `elysium_telephone_log_reads` (
  `id` varchar(36) COLLATE utf8mb4_unicode_ci NOT NULL DEFAULT '',
  `telephone_log_id` varchar(36) COLLATE utf8mb4_unicode_ci DEFAULT NULL,
  `user_id` varchar(36) COLLATE utf8mb4_unicode_ci DEFAULT NULL
) ENGINE=InnoDB DEFAULT CHARSET=utf8mb4 COLLATE=utf8mb4_unicode_ci;

--
-- Dumping data for table `elysium_telephone_log_reads`
--

INSERT INTO `elysium_telephone_log_reads` (`id`, `telephone_log_id`, `user_id`) VALUES
('08f71090-bfc2-11ea-bad1-a9b314d1bf46', '08f65be0-bfc2-11ea-8ca0-f178fbd9df79', '0ca74190-3e38-11ea-90c8-9973184d37ee'),
('0b3ebb50-dbeb-11ea-8280-a3ff42a0353c', '0b3e30c0-dbeb-11ea-919f-35774bc2f17b', '68abdea0-413e-11ea-a5e6-3b1bbba2e0a5'),
('13934c50-1494-11eb-b23f-b5b1a7bf3271', '1392c230-1494-11eb-ba7e-bb99e6b6e488', '756a9cf0-d1c8-11ea-8bcd-5978552eafd2'),
('20dfeea0-12f6-11eb-b4a0-739a9839e8d4', '20df6d10-12f6-11eb-a70f-e93e0e324aa8', '756a9cf0-d1c8-11ea-8bcd-5978552eafd2'),
('22eb5d80-244c-11eb-b071-c5e0ba32289f', '22ead540-244c-11eb-a18a-c19fd9c90fc2', '756a9cf0-d1c8-11ea-8bcd-5978552eafd2'),
('37236110-dcb0-11ea-95f5-9b4641f92f2e', '0b3e30c0-dbeb-11ea-919f-35774bc2f17b', '756a9cf0-d1c8-11ea-8bcd-5978552eafd2'),
('37a44960-dbec-11ea-939c-b5caaec2f975', '37a3d350-dbec-11ea-abfe-95c414b69487', '68abdea0-413e-11ea-a5e6-3b1bbba2e0a5'),
('4904e950-40a2-11eb-b355-3f2f1e326cec', '49044520-40a2-11eb-a88a-c94b16ea8230', '756a9cf0-d1c8-11ea-8bcd-5978552eafd2'),
('4a7dad00-dcb0-11ea-9c13-13a2ee3c49f0', '37a3d350-dbec-11ea-abfe-95c414b69487', '756a9cf0-d1c8-11ea-8bcd-5978552eafd2'),
('4bc63e10-dcb0-11ea-a1c6-7f7f9778e696', '94f8b700-dbec-11ea-881d-63df427fe9df', '756a9cf0-d1c8-11ea-8bcd-5978552eafd2'),
('582611b0-1307-11eb-be46-e5afb0605cd8', '58258760-1307-11eb-9441-2d294ed19537', '756a9cf0-d1c8-11ea-8bcd-5978552eafd2'),
('71004030-f770-11ea-bff5-fd59147efe2a', '70ffb770-f770-11ea-af64-f3f0084b4285', '756a9cf0-d1c8-11ea-8bcd-5978552eafd2'),
('75cb3a40-12f6-11eb-9558-bf9e2fa5c83d', '75caa5d0-12f6-11eb-aa51-21c7da127249', '756a9cf0-d1c8-11ea-8bcd-5978552eafd2'),
('8d4958a0-12f7-11eb-802c-4d77e20e7ddf', '8d48e270-12f7-11eb-89d2-ad641c7fabcc', '756a9cf0-d1c8-11ea-8bcd-5978552eafd2'),
('90376130-14a6-11eb-a667-439119d7f791', '90369f10-14a6-11eb-958b-f138fb4b5c94', '756a9cf0-d1c8-11ea-8bcd-5978552eafd2'),
('94516640-0802-11eb-9835-dde44a6c099f', '9450d160-0802-11eb-9298-3b4775d67fcd', '756a9cf0-d1c8-11ea-8bcd-5978552eafd2'),
('94f93670-dbec-11ea-9aaf-83cb87af370a', '94f8b700-dbec-11ea-881d-63df427fe9df', '68abdea0-413e-11ea-a5e6-3b1bbba2e0a5'),
('9e05a100-f83a-11ea-93d2-7f257ab52a16', '9e051fd0-f83a-11ea-bd37-fd29a672045f', '756a9cf0-d1c8-11ea-8bcd-5978552eafd2'),
('b356fa60-f46d-11ea-80ba-298f4e4a9168', 'b3566f80-f46d-11ea-807b-a1633028e57a', '756a9cf0-d1c8-11ea-8bcd-5978552eafd2'),
('b3a50180-195e-11eb-9eef-73e3ea483fbe', 'b3a47220-195e-11eb-99dc-09648bb6ec94', '756a9cf0-d1c8-11ea-8bcd-5978552eafd2'),
('d43bbcf0-2e76-11eb-b686-cbca1eb43bf8', 'd43b17f0-2e76-11eb-9a24-53b60bb59d02', '756a9cf0-d1c8-11ea-8bcd-5978552eafd2'),
('df6af190-195e-11eb-b59d-47209c4a9bf0', 'df6a2ca0-195e-11eb-ad58-d7579d5bfe24', '756a9cf0-d1c8-11ea-8bcd-5978552eafd2'),
('e6f2bec0-d742-11ea-a6a3-05a016e7ad40', 'e6f20100-d742-11ea-95a5-035b90a33453', '756a9cf0-d1c8-11ea-8bcd-5978552eafd2'),
('ed0222a0-e623-11ea-9346-bf4b94e543b7', 'ed00e3b0-e623-11ea-b173-b9eaa4524e9e', '993e5360-d674-11ea-9f58-773694061717'),
('f387f090-2e91-11eb-a226-dd86df82d2d8', 'f386eef0-2e91-11eb-9e6a-39040a528462', '756a9cf0-d1c8-11ea-8bcd-5978552eafd2'),
('fd136a20-0d7b-11eb-badc-c3e65d3809fc', 'fd12a730-0d7b-11eb-80b9-6fe997d052cd', '756a9cf0-d1c8-11ea-8bcd-5978552eafd2');

-- --------------------------------------------------------

--
-- Table structure for table `elysium_trial_retainers`
--

CREATE TABLE `elysium_trial_retainers` (
  `id` varchar(36) NOT NULL DEFAULT '',
  `client_id` varchar(36) DEFAULT NULL,
  `amount` decimal(10,2) DEFAULT NULL,
  `requested_at` timestamp NULL DEFAULT CURRENT_TIMESTAMP,
  `status` varchar(40) DEFAULT 'Open',
  `created_at` timestamp NULL DEFAULT NULL,
  `updated_at` timestamp NULL DEFAULT NULL,
  `amount_requested` decimal(8,2) DEFAULT NULL,
  `amount_received` tinyint(4) DEFAULT NULL
) ENGINE=InnoDB DEFAULT CHARSET=utf8;

--
-- Dumping data for table `elysium_trial_retainers`
--

INSERT INTO `elysium_trial_retainers` (`id`, `client_id`, `amount`, `requested_at`, `status`, `created_at`, `updated_at`, `amount_requested`, `amount_received`) VALUES
('185e93a0-f2c3-11ea-a67c-590e8b29b089', '71d382e0-e61c-11ea-be80-75599b977cf5', '50000.00', '2020-09-09 17:37:12', 'Open', '2020-09-09 00:00:00', '2020-10-23 11:20:31', '0.00', NULL),
('ea6da9f0-0a6a-11eb-86da-03b4f3017dd8', 'aceadf50-f788-11ea-b7f7-ffd0750036ec', '75000.00', '2020-10-09 20:06:28', 'Open', '2020-10-09 13:06:28', '2020-10-09 13:07:36', NULL, NULL);

-- --------------------------------------------------------

--
-- Table structure for table `failed_jobs`
--

CREATE TABLE `failed_jobs` (
  `id` bigint(20) UNSIGNED NOT NULL,
  `connection` text COLLATE utf8mb4_unicode_ci NOT NULL,
  `queue` text COLLATE utf8mb4_unicode_ci NOT NULL,
  `payload` longtext COLLATE utf8mb4_unicode_ci NOT NULL,
  `exception` longtext COLLATE utf8mb4_unicode_ci NOT NULL,
  `failed_at` timestamp NOT NULL DEFAULT CURRENT_TIMESTAMP
) ENGINE=InnoDB DEFAULT CHARSET=utf8mb4 COLLATE=utf8mb4_unicode_ci;

-- --------------------------------------------------------

--
-- Table structure for table `jobs`
--

CREATE TABLE `jobs` (
  `id` bigint(20) UNSIGNED NOT NULL,
  `queue` varchar(255) COLLATE utf8mb4_unicode_ci NOT NULL,
  `payload` longtext COLLATE utf8mb4_unicode_ci NOT NULL,
  `attempts` tinyint(3) UNSIGNED NOT NULL,
  `reserved_at` int(10) UNSIGNED DEFAULT NULL,
  `available_at` int(10) UNSIGNED NOT NULL,
  `created_at` int(10) UNSIGNED NOT NULL
) ENGINE=InnoDB DEFAULT CHARSET=utf8mb4 COLLATE=utf8mb4_unicode_ci;

-- --------------------------------------------------------

--
-- Table structure for table `mail_templates`
--

CREATE TABLE `mail_templates` (
  `id` varchar(36) NOT NULL DEFAULT '',
  `process_id` varchar(36) DEFAULT NULL,
  `to` text,
  `cc` text,
  `bcc` text,
  `subject` varchar(191) DEFAULT NULL,
  `body` text,
  `bytelaunchNotes` varchar(191) DEFAULT NULL,
  `trigger_type` varchar(191) DEFAULT NULL,
  `created_at` timestamp NULL DEFAULT NULL,
  `updated_at` timestamp NULL DEFAULT NULL
) ENGINE=InnoDB DEFAULT CHARSET=utf8mb4;

--
-- Dumping data for table `mail_templates`
--

INSERT INTO `mail_templates` (`id`, `process_id`, `to`, `cc`, `bcc`, `subject`, `body`, `bytelaunchNotes`, `trigger_type`, `created_at`, `updated_at`) VALUES
('151d6170-5e52-11ea-bd4c-ff9babeddb48', 'b4450e70-5e51-11ea-999a-41eb6c80c0ff', '[\"BeforeUpdate:TeamMembers\",\"TeamMembers\",\"User:Jacquelyn Bosco\",\"User:Julia Melnick\",\"User:Phil Garcia\",\"Team:OVERWATCH\"]', '[]', '[]', '{{ name }} / NOTICE - Lead Attorney on Case Has Changed', 'Folks,\r\n\r\nPlease note that the lead attorney handling the {{ name }} matter has changed. \r\n\r\nThe new lead is **{{ lead_attorney_id|user_name }}**.\r\n\r\n—	E.', '✅', NULL, '2020-03-04 19:55:22', '2020-09-02 18:28:04'),
('1565f040-0a55-11eb-859f-45efbfdb35bf', '85b89260-0a54-11eb-bde7-07fdb5fe6f99', '[\"TeamLead\",\"User:Michael Kushner\"]', '[]', '[]', '{{ name }} / REMINDER – Do You Want to Demand an Exchange of Experts?', 'It is now **100 days before trial** in the {{ name }} case. \r\n\r\nThis is just a reminder that if you think you may want to consider demanding an expert witness exchange, now is the time to get that process moving. \r\n\r\nThanks :)\r\n\r\n— E.', NULL, NULL, '2020-10-09 10:30:11', '2020-10-09 10:30:11'),
('1f609b20-5e53-11ea-a3a6-f7942831d155', '13e5bcc0-5e53-11ea-88a3-dd36ba3420f7', '[\"TeamLead\",\"User:Jacquelyn Bosco\",\"User:Julia Melnick\",\"Team:OVERWATCH\"]', '[]', '[]', '{{ name }} / OVERDUE - Preliminary Analysis Not Complete Yet', 'Folks,\r\n\r\nYou\'re receiving this email because the deadline to complete the Preliminary Analysis in the {{ name }} case has passed. \r\n\r\nPlease either complete the Preliminary Analysis immediately, or create a Task Log regarding its completion, along with a new due date. \r\n\r\nThank you :) \r\n\r\n—	E.', '✅', NULL, '2020-03-04 20:02:48', '2020-10-20 13:16:18'),
('20103940-ed3e-11ea-965b-75b892f07bf4', 'b46b2350-ed3d-11ea-93ca-2f751e411d3b', '[\"Team:HAMMER\",\"User:Michael Kushner\"]', '[]', '[]', '{{ name }} / NOTICE - Final Confidential Mediation Brief Sent to Client', 'Team Hammer,\r\n\r\nIt appears that the Confidential Mediation Brief in the {{ name }} case was completed and sent to Client.\r\n\r\nAfter confirming that the brief was indeed sent, if appropriate, please prepare and send an invoice to Client.\r\n\r\nThank you : )\r\n\r\n— E.', NULL, NULL, '2020-09-02 17:02:46', '2020-09-09 15:53:47'),
('2aaf3fe0-ee1b-11ea-8fd8-89869a84889c', '6d118960-ee1a-11ea-a030-a7e8f59e118f', '[\"TeamMembers\",\"User:Jacquelyn Bosco\",\"User:Julia Melnick\"]', '[]', '[]', '{{ name }} / OVERDUE NOTICE - Failure to Update Client re Results of Preliminary Analysis', 'Folks,\r\n\r\nYou\'re receiving this email because the deadline to update Client regarding the results of the completed Preliminary Analysis in the {{ name }} case has passed. \r\n\r\nPlease be sure to provide Client with a detailed update of the results of the Preliminary Analysis ASAP. If, for some reason, doing so is not practical, then after discussing the matter with {{ team_id|team_lead_name }}, please create a Task Log regarding that update email, along with a new due date. \r\n\r\nThank you :) \r\n\r\n—	E.', NULL, NULL, '2020-09-03 19:25:03', '2020-09-08 19:53:51'),
('2b5c8cd0-5e50-11ea-8107-f5dd4a8959af', 'e9a5ad30-5e4f-11ea-ac18-dd12afd47cca', '[\"TeamLead\",\"User:Jacquelyn Bosco\",\"User:Michael Kushner\"]', '[]', '[]', '{{ name }}  / OVERDUE NOTICE – LADD Has Not been Sent to Client', 'Folks,\r\n\r\nYou\'re receiving this email because the deadline to send the completed LADD to Client in the {{ name }} case has passed.   \r\n\r\n*Please follow up to make sure the LADD is emailed to Client ASAP. Alternatively, if you need more time, please create a Task Log for the LADD\'s delivery to Client and log the new due date*.\r\n\r\nThank you : )\r\n\r\n—	E.', '✅', NULL, '2020-03-04 19:41:40', '2020-09-09 20:14:06'),
('2dc1d5e0-0fe3-11eb-9027-75beb2d38c02', 'd8cdada0-0fe1-11eb-917a-b17032870354', '[\"TeamLead\",\"User:Michael Kushner\"]', '[]', '[]', '{{ name }} / REMINDER – Need to Complete Witness Examination Outlines', 'Folks,\r\n\r\nIt is now **30 days before trial** in the {{ name }} case, and you haven\'t completed all of the witness examination outlines. \r\n\r\nPlease get those done ASAP.\r\n\r\nThanks :)\r\n\r\n— E.', NULL, NULL, '2020-10-16 12:09:56', '2020-10-16 12:09:56'),
('2f247c70-f2d9-11ea-8201-5bb356b933b9', 'd51644d0-f2d7-11ea-aa82-3d56fbf594fd', '[\"TeamLead\",\"User:Jacquelyn Bosco\",\"User:Paul Deese\",\"Team:OVERWATCH\"]', '[]', '[]', '{{ name }} / ALERT – Despite An Earlier Notice, the LADD Has Still Not been Sent to Client', 'Folks,\r\n\r\nThis is actually the **SECOND NOTICE** you\'ve received regarding the missed deadline to send the completed LADD to Client in the {{ name }} case. In fact, over 30 *business* days have passed since Client retained the Firm. \r\n\r\nPlease follow up immediately to make sure that the LADD is emailed to Client. Alternatively, if you need more time, please create a Task Log for the LADD\'s delivery to Client and log the new due date. \r\n\r\nThank you : )\r\n\r\n— E.', NULL, NULL, '2020-09-09 20:15:20', '2020-09-09 20:21:49'),
('30619da0-1fa3-11eb-857f-692def754b15', 'b48c5300-130e-11eb-a861-55cf3760f0b3', '[\"User:Michael Kushner\"]', '[]', '[]', '{{ name }} / FOLLOW-UP REQUEST - Signed Conflict Waiver Not Received', 'Folks, \r\n\r\n A Conflict Waiver was recently sent out in the {{ name }} case. Please check with the attorney who prepared and sent the Conflict Waiver,  \r\n and then depending upon how that conversation goes, follow up with {{ name }}.\r\n\r\n Thank you : )\r\n\r\n —	E.', NULL, NULL, '2020-11-05 12:12:11', '2020-11-05 12:12:11'),
('39db2ac0-5e54-11ea-abb4-33c8be2a7187', '1c73daa0-5e54-11ea-80ee-43ad5314b030', '[\"TeamLead\",\"Team:HAMMER\",\"User:Paul Deese\",\"User:Sarah Lee\",\"User:Jacquelyn Bosco\",\"User:Michael Kushner\"]', '[]', '[]', '{{ name }} / FOLLOW-UP REQUEST - File Remains in Pre-Lit Even Though Meeting With Litigation Occurred 10 Days Ago', 'Folks,\r\n\r\nAlthough the pre-litigation and litigation teams met with {{ name }} 10 days ago regarding whether to transfer the case to litigation, the file still remains in Pre-Lit. \r\n\r\nPlease coordinate with each other and then reach out to Client ASAP to determine whether Client wishes to proceed with litigation or close out the file.\r\n\r\nThanks :)\r\n\r\n—	E.', '✅ Add Fee Agreement Preparation Department ([\"HAMMER\",\"Team\",\"Valkyrie\",\"Fee Agreement Preparation Department\"])', NULL, '2020-03-04 20:10:42', '2020-09-09 17:05:23'),
('39e94660-1235-11eb-8a5b-8ff45b1542f6', 'f948e360-1234-11eb-a9ad-f1185a8c808e', '[\"TeamLead\",\"User:Michael Kushner\"]', '[]', '[]', '{{ name }} / ALERT - It Is 60 Days Before Trial and Intended Nonparty Depositions Have Not Been Completed', 'Folks,\r\n\r\nTrial is scheduled to start in **60 days** in the {{ name }} case, and you haven\'t yet taken all of the non-party depositions you indicated you wanted to take.  \r\n\r\nIf you have, in fact, completed all the intended non-party depositions, please update the Discovery Tab to reflect that fact. Otherwise, now is the time to take those depositions.\r\n\r\nThank you : )\r\n\r\n—	E.', NULL, NULL, '2020-10-19 11:02:17', '2020-10-19 11:02:17'),
('3ae46770-5e4f-11ea-a768-79761610cbd5', '0e56a5a0-5e4f-11ea-990b-7555593a8c9f', '[\"User:Michael Kushner\",\"TeamLead\",\"User:Jacquelyn Bosco\",\"User:Julia Melnick\"]', '[]', '[]', '{{ resource_id|client_name }} / OVERDUE NOTICE – Completion Date for Task Missed', 'Folks,\r\n\r\nYou\'re receiving this email because a task deadline was missed in the {{ resource_id|client_name }} case. \r\n\r\nSpecifically, the Task Log indicates that the following task was not completed by the {{ due_date }} deadline:\r\n\r\n> **\"{{ task_name }}**.\"\r\n\r\nPlease follow up right now to ensure that: (i) this task is completed immediately, or alternatively, that an extension is granted; and (ii) the Task Log is updated to reflect the new date. \r\n\r\nThank you :) \r\n\r\n—	E.', '✅', NULL, '2020-03-04 19:34:57', '2020-09-11 17:15:45'),
('3dd550b0-0fe5-11eb-9cfd-df1435994130', 'f45a16a0-0fe4-11eb-9a54-4155fc042710', '[\"TeamLead\",\"User:Michael Kushner\"]', '[]', '[]', '{{ name }} / REMINDER – Need to Complete Witness List', 'Folks,\r\n\r\nIt is now **14 days before trial** in the {{ name }} case, and you haven\'t completed the Witness List. \r\n\r\nMake sure you get this filed on time.\r\n\r\nThanks :)\r\n\r\n— E.', NULL, NULL, '2020-10-16 12:24:42', '2020-10-16 12:24:42'),
('3def0190-5e4d-11ea-891f-e5de09311b92', 'd3d8c260-5e4c-11ea-bf73-73c95b78fd67', '[\"TeamLead\",\"User:Jacquelyn Bosco\",\"User:Julia Melnick\",\"User:Michael Kushner\",\"Client\"]', '[]', '[]', '{{ name }} / ALERT - Client Has NOT Been Contacted in Writing in the Prior 10 Business Days', '{# endDate and startDate are strings or DateTime objects #}\r\n{% set difference = date(client_last_contacted_date).diff(date()) %}\r\n{% set leftDays = difference.days %}\r\n\r\nFolks,\r\n\r\nAs you know, the Firm requires that each active Client be updated in writing at least once every 10 business days (even if it\'s only to say \"Nothing is happening now, but I wanted to reach out to you anyway\").\r\n\r\nYou\'re receiving this email because it has been {{ leftDays }} days since the Firm has communicated with {{ name }} in writing about the case.\r\n\r\nPlease coordinate with each other to make sure that an attorney from {{ team_name }} updates Client in writing ASAP. \r\n\r\nThank you : )\r\n\r\n—	E.', '✅', NULL, '2020-03-04 19:20:43', '2020-10-22 13:27:23'),
('4422bd10-5e50-11ea-ad54-47b933d667a3', '39fb9210-5e50-11ea-afab-49d84384b161', '[\"TeamLead\",\"User:Michael Kushner\"]', '[]', '[]', '{{ name }} / REMINDER - Don\'t Forget to Propound First Round of Discovery', 'Hey,\r\n\r\nThis is just a reminder to send out the first round of discovery in the {{ name }} case. \r\n\r\n*If there\'s a strategic reason to hold off, please be sure to create a Task Log reflecting a new due date to propound the discovery*.  \r\n\r\nThanks :)\r\n\r\n— E.', '✅', NULL, '2020-03-04 19:42:22', '2020-09-14 12:52:59'),
('4655ce30-5e55-11ea-957a-b99b4b70db67', '0439a360-5e55-11ea-a3c5-33e97bb89179', '[\"User:Michael Kushner\"]', '[]', '[]', '{{ client_id|client_name }} / NOTICE - Credit Card Expiration', 'Phil,\r\n\r\nThe credit card we have on file for {{ client_id|client_name }} (ending in {{ last_4 }}) expires in 30 days. \r\n\r\nPlease contact Sarah Lee to determine whether you should reach out to this Client to obtain an updated Credit Card Authorization Form.\r\n \r\nThank you :)\r\n\r\n— E.', NULL, NULL, '2020-03-04 20:18:13', '2020-11-24 11:06:09'),
('4727dbf0-5e53-11ea-a09c-1396391e432e', '371f7450-5e53-11ea-9c27-efb34d19460c', '[\"TeamLead\",\"User:Jacquelyn Bosco\",\"User:Julia Melnick\",\"User:Sarah Lee\",\"User:Michael Kushner\"]', '[]', '[]', '{{ name }} / OVERDUE / SECOND NOTICE – Preliminary Analysis Has Not Been Completed', 'Folks,\r\n\r\nThis is the **SECOND NOTICE** regarding completion of the Preliminary Analysis in the {{ name }} case. \r\n\r\nPlease either complete it immediately, or *after discussing the matter amongst each other*, create a Task Log regarding its completion, along with a new due date. \r\n\r\nThank you :) \r\n\r\n—	E.', '✅', NULL, '2020-03-04 20:03:55', '2020-09-08 19:35:04'),
('55d6b2b0-f2dc-11ea-a6d4-c34f1c59f7b6', 'ae1b4010-f2db-11ea-be89-ad5c7561f430', '[\"User:Phil Garcia\"]', '[]', '[]', '{{ name }} / NOTICE - LADD was Sent to Client', 'Phil,\r\n\r\n{{ team_id|team_name }} has sent Client the completed LADD. \r\n\r\nIf appropriate under the circumstances, please prepare/send Client an invoice.\r\n\r\nThank you :)\r\n\r\n— E.', NULL, NULL, '2020-09-09 20:37:53', '2020-09-09 20:37:53'),
('565e8200-0fe1-11eb-bd1b-53aff4a4eb66', 'd40ec3a0-0fe0-11eb-9f6d-cdefa81371e1', '[\"TeamLead\",\"User:Michael Kushner\"]', '[]', '[]', '{{ name }} / REMINDER – Need to Complete Page Line Summaries of All Depositions', 'Folks,\r\n\r\nIt is now **30 days before trial** in the {{ name }} case, and you have not yet completed page line summaries of the depositions. \r\n\r\nThese are important, so get to it.\r\n\r\nThanks :)\r\n\r\n— E.', NULL, NULL, '2020-10-16 11:56:45', '2020-10-16 12:13:40'),
('641e89e0-5e53-11ea-9d49-a93c5d0e9004', '548f9da0-5e53-11ea-8cba-7d719c03621a', '[\"User:Phil Garcia\",\"TeamLead\",\"User:Michael Kushner\"]', '[]', '[]', '{{ name }} / NOTICE - Client was Updated re Preliminary Analysis', 'Folks,\r\n\r\n{{ team_id|team_name }} has updated Client re the results of the Preliminary Analysis. \r\n\r\n**Phil, if appropriate under the circumstances, please prepare/send Client an invoice.** \r\n\r\nThank you :)\r\n\r\n—	E.', '✅', NULL, '2020-03-04 20:04:44', '2020-09-15 10:02:05'),
('7378c470-5e4c-11ea-865f-cd50c39d5ea3', 'f1bae8e0-5e48-11ea-bc42-03ce5299cf15', '[\"User:Julia Melnick\",\"User:Kelci Shokoufi\",\"User:Michael Kushner\"]', '[]', '[]', '{{ name }} / FOLLOW-UP REQUEST - Signed Fee Agreement Not Received', 'Folks, \r\n\r\nA Fee Agreement was recently sent to {{ name }}. Please check with the attorney who prepared and sent the Fee Agreement, and then depending upon how that conversation goes, follow up with {{ name }}. \r\n\r\nThank you : )\r\n\r\n—	E.', '✅❗Need to define JB and Fee Agreement Dep', NULL, '2020-03-04 19:15:03', '2020-09-16 09:19:55'),
('8be8fb60-5e4d-11ea-b3aa-79758eda0574', '4db6c540-5e4d-11ea-85da-33c9c3d3da34', '[\"User:Phil Garcia\",\"User:Sarah Lee\",\"TeamLead\",\"User:Michael Kushner\"]', '[]', '[]', '{{ name }} / NOTICE – Initial Request for Trial Retainer Needs to Go Out to Client', 'Folks,\r\n\r\nIt is now 100 days before trial in the {{ name }} case. At this time, the litigation team anticipates that the trial will last {{ trial_length }} days. \r\n\r\n*Phil, please reach out to the the Team Lead and Sarah Lee to determine the trial retainer amount. Once we\'ve settled upon that number, send an email to Client to request the trial retainer*.  \r\n\r\nThanks :) \r\n\r\n— E.', '✅', NULL, '2020-03-04 19:22:54', '2020-09-09 17:11:38'),
('90255ca0-5e53-11ea-95a6-6b2eb29b9b84', '80be9b80-5e53-11ea-8bda-c51e1b7be460', '[\"TeamLead\",\"User:Jacquelyn Bosco\",\"User:Julia Melnick\",\"User:Michael Kushner\"]', '[]', '[]', '{{ name }} / OVERDUE NOTICE - Client Has Not Yet Received the Draft Demand/ADR Letter', 'Folks,\r\n\r\nYou\'re receiving this email because Client in the {{ name }} case hasn\'t received a draft version of the Demand/ADR Letter. \r\n\r\nIf no such letter is necessary in this case (i.e., \"N/A\" was clicked), then you can disregard this email. If, however, a Demand/ADR Letter is going out, then please follow up on this immediately to ensure that things are kept on track. \r\n\r\nThank you : )\r\n\r\n—	E.', '✅', NULL, '2020-03-04 20:05:58', '2020-09-09 19:45:14'),
('95b3f0f0-5e54-11ea-ac57-69dfe70d25eb', '66e7c270-5e54-11ea-b9f7-f78a328932ae', '[\"Team:HAMMER\",\"TeamMembers\",\"User:Jacquelyn Bosco\",\"User:Julia Melnick\",\"User:Michael Kushner\"]', '[]', '[]', '{{ name }} / ALERT - Client\'s Billing Status Has Changed', 'Folks,\r\n\r\nPlease note that Client\'s Billing Status in the {{ name }} case has changed. Client\'s billing status is now: ***{{ authorization }}***. \r\n\r\nAs you may recall:\r\n\r\n>*If Client\'s billing status is \"**Good**,\" it means that there are no issues, and to work the case as you see fit.*\r\n\r\n> *If Client\'s billing status reads \"**Warning**,\" it means that there are some issues concerning billing and/or ability to pay, and therefore extra attention should be paid to keep billing to a minimum.*\r\n\r\n> *If Client\'s billing status reads \"**Alert**,\" it means that there are serious issues with this Client, and you are to only perform work that is legally or ethically required unless you obtain prior partner-level approval.*\r\n\r\nPlease tailor your work/billing in this matter accordingly.\r\n\r\nIf you have any questions or concerns regarding this change in status, see team HAMMER.\r\n\r\nThank you :)\r\n\r\n—	E.', NULL, NULL, '2020-03-04 20:13:17', '2020-10-20 13:06:00'),
('989a7db0-5e4f-11ea-a0fc-9356b5eef48b', '7dd51040-5e4f-11ea-a920-c57dc91aa519', '[\"TeamLead\",\"User:Jacquelyn Bosco\",\"User:Julia Melnick\"]', '[]', '[]', '{{ name }} / OVERDUE NOTICE – Client Has NOT Received \"Client Intro Letter\"', 'Folks,\r\n\r\nYou\'re receiving this email because the deadline to send Client in the {{ name }} case the \"Client Intro Letter\" has passed. \r\n\r\nPlease follow up to ensure that the letter goes out immediately. \r\n\r\nThank you : )\r\n\r\n—	E.', '✅', NULL, '2020-03-04 19:37:34', '2020-09-02 16:18:42'),
('9a0e86d0-e7cd-11ea-878e-cff9307ed600', '201daa40-e7cd-11ea-ba2b-c5b5cac931c5', '[\"User:Michael Kushner\",\"TeamLead\",\"User:Phil Garcia\",\"User:Sarah Lee\"]', '[]', '[]', '{{ name }} – SECOND REMINDER - Trial Retainer Needed ASAP', 'Folks,\r\n\r\n**This is the second reminder regarding obtaining a trial retainer in the {{ name }} case.**\r\n\r\nPlease coordinate with each other immediately to address this issue.\r\n\r\nThank you : )\r\n\r\n— E.', NULL, NULL, '2020-08-26 18:54:42', '2020-08-26 19:54:05'),
('9c3359c0-f6c3-11ea-981f-13fa4b2d7611', '2ef4fe60-f6c3-11ea-8b7c-4bb8271233a7', '[\"TeamLead\",\"User:Paul Deese\",\"User:Michael Kushner\"]', '[]', '[]', '{{ name }} / OVERDUE NOTICE - Failure to Propound 1st Round of Discovery', 'Folks,\r\n\r\nYou\'re receiving this email because the deadline to serve the 1st round of discovery on the opposing side(s) passed over two weeks ago, and nothing was done. *This is the second notice regarding this issue.*\r\n\r\n**Please get that discovery out ASAP.**\r\n\r\nIf, however, doing so is not practical, then after discussing the matter between the two of you, please be sure to create a Task Log reflecting a new due date to propound the discovery.  \r\n\r\nThank you :) \r\n\r\n—	E.', NULL, NULL, '2020-09-14 12:50:58', '2020-09-14 12:53:59'),
('9e7f1da0-e7d8-11ea-a6f8-15ae9db4fe64', '2ae5e180-e7d8-11ea-b03f-6dc8a528b7e7', '[\"TeamLead\",\"User:Phil Garcia\",\"User:Sarah Lee\",\"User:Paul Deese\",\"User:Michael Kushner\"]', '[]', '[]', '{{ name }} – SECOND REMINDER /  ACTION REQUIRED - Trial Retainer Needed ASAP', 'Folks,\r\n\r\n**This is the SECOND reminder (and now THIRD REQUEST) regarding obtaining a trial retainer in the {{ name }} case**. \r\n\r\nPlease coordinate with each other immediately to resolve this matter.\r\n\r\nThank you : )\r\n\r\n— E.', NULL, NULL, '2020-08-26 20:13:34', '2020-08-26 20:15:23'),
('a488e0f0-5e4e-11ea-9774-7fccb7a25272', '21db7680-5e4e-11ea-aa79-8f31a615dce9', '[\"Team:OVERWATCH\",\"Team:VALKYRIE\",\"TeamMembers\",\"User:Michael Kushner\"]', '[]', '[]', '{{ resource_id|client_name }} / FIRE ALERT - Fire Log Was Created', 'Folks,\r\n\r\nA fire has been activated in the **{{ resource_id|client_name }}** case. \r\n\r\nThe details of the fire entered into the Fire Log are as follows:\r\n\r\n>**Date:** *{{ date }}*\r\n\r\n>**Type:** *{{ fire_type }}*\r\n\r\n>**Description:** *{{ description }}*\r\n\r\nPlease seek immediate resolution of this fire and then update the Fire Log accordingly. \r\n\r\nThank you :)\r\n\r\n—	E.', '✅', NULL, '2020-03-04 19:30:44', '2020-09-23 12:59:42'),
('a81498e0-5e53-11ea-9a9a-a96ba3bdcd1a', '9f897670-5e53-11ea-becb-cb50afa9c385', '[\"User:Phil Garcia\",\"User:Michael Kushner\"]', '[]', '[]', '{{ name }} / NOTICE - Final ADR Letter(s) Sent to Client', 'Phil,\r\n\r\nBADGER has sent Client in the {{ name }} case a copy of the final ADR/Demand letter prepared on Client\'s behalf. \r\n\r\nPlease check with Dominic re Client\'s temperament and then invoice accordingly.\r\n\r\nThank you :)\r\n\r\n—	E.', '✅', NULL, '2020-03-04 20:06:38', '2020-09-14 11:33:51'),
('ab44e380-0fe4-11eb-8981-19cb2d01e17e', '57d00c00-0fe4-11eb-a9a4-b337bbdf35a7', '[\"TeamLead\",\"User:Michael Kushner\"]', '[]', '[]', '{{ name }} / REMINDER – Need to Complete Exhibit List', 'Folks,\r\n\r\nIt is now **14 days before trial** in the {{ name }} case, and you haven\'t completed the Exhibit List. \r\n\r\nCheck with the local \"local\" rules to be sure you get this filed on time.\r\n\r\nThanks :)\r\n\r\n— E.', NULL, NULL, '2020-10-16 12:20:36', '2020-10-16 12:20:36'),
('ac077180-f908-11ea-a7ee-532a1b8181c2', 'ffcadb60-f907-11ea-82a4-a958e4fa84c3', '[\"TeamMembers\",\"User:Michael Kushner\"]', '[]', '[]', '{{ name }} / REMINDER - Make Sure You\'ve Completed the Checklist of Tasks Contained in the \"Trial Prep\" Tab', 'Folks,\r\n\r\nIt is now **14 days before trial** in the {{ name }} case, and one or more critical tasks in the *Trial Prep* tab have not been completed. \r\n\r\nNow is the time to make sure that the *Trial Prep* tab is colored GREEN by completing the remaining tasks and updating the CxM accordingly. \r\n\r\nThanks :)\r\n\r\n— E.', NULL, NULL, '2020-09-17 10:10:22', '2020-10-16 12:00:58'),
('b4794290-5e4d-11ea-aaa6-a916c806367b', '98a10bb0-5e4d-11ea-b079-91ab825a2afc', '[\"TeamMembers\",\"User:Paul Deese\"]', '[]', '[]', '{{ name }} / REMINDER  - Propound Final Round of Discovery ASAP Because Trial is in 90 days', 'Folks,\r\n\r\nWe are now 90 days out from trial in the {{ name }} case.\r\n\r\nIf you have not already done so, please propound the final round of discovery ASAP. \r\n\r\n*And don\'t forget to create a Task Log for completion of this project.*\r\n\r\nThanks :)\r\n\r\n— E.', '✅', NULL, '2020-03-04 19:24:02', '2020-09-09 16:50:57'),
('b9645880-5e4f-11ea-b2e4-57d8d6e4afef', 'a82f8c40-5e4f-11ea-901d-a79fc5c63ba3', '[\"TeamLead\",\"User:Jacquelyn Bosco\",\"User:Julia Melnick\"]', '[]', '[]', '{{ name }} / OVERDUE NOTICE - The Deadline to Commence the Preliminary Analysis Has Passed', 'Folks,\r\n\r\nYou\'re receiving this email because the deadline to commence preparation of the Preliminary Analysis in the {{ name }} case has passed. \r\n\r\nPlease get started ASAP so that you hit the completion deadline. \r\n\r\nThank you : )\r\n\r\n\r\n—	E.', '✅', NULL, '2020-03-04 19:38:29', '2020-09-02 16:10:22'),
('ba9098a0-5e50-11ea-a7fe-354d4a040876', '5d2801d0-5e50-11ea-a2af-894ca7f8018f', '[\"BeforeUpdate:TeamMembers\",\"TeamMembers\",\"User:Jacquelyn Bosco\",\"User:Julia Melnick\",\"User:Phil Garcia\",\"User:Michael Kushner\"]', '[]', '[]', '{{ name }} / NOTICE - Client Being Transferred', 'Folks,\r\n\r\nPlease note that the {{ name }} matter was transferred from {{ original[\'team_id\']|team_name }} to {{ team_id|team_name }} for the following reason:\r\n\r\n >*{{ reason_for_transfer }}*\r\n \r\nPlease proceed as necessary. \r\n\r\nThank you :)\r\n\r\n— E.', '✅', NULL, '2020-03-04 19:45:40', '2020-08-26 17:56:25'),
('be067f20-5e54-11ea-b7e0-6bcdf0234308', 'b37a4290-5e54-11ea-9222-3769fd9855ce', '[\"User:Michael Kushner\",\"TeamLead\",\"User:Phil Garcia\"]', '[]', '[]', '{{ name }} – FIRST REMINDER - Trial Retainer Needed ASAP', 'Folks,\r\n\r\nDespite previously requesting a trial retainer from {{ name }}, the Firm has yet to receive it.\r\n\r\nIt is critical that the Firm receives the trial retainer from this Client. \r\n\r\nPlease coordinate with each other on how to best follow up with {{ name }} so that the Firm can quickly secure the trial retainer. .\r\n\r\nThank you : )\r\n\r\n— E.', NULL, NULL, '2020-03-04 20:14:24', '2020-08-26 19:44:22'),
('be95b680-0a50-11eb-b567-251d846041c7', '63451900-0a50-11eb-992d-c7ac4203be0e', '[\"TeamLead\",\"User:Michael Kushner\"]', '[]', '[]', '{{ name }} / REMINDER – Do You Want to Designate an Expert?', 'Folks,\r\n\r\nIt is now **100 days before trial** in the {{ name }} case. \r\n\r\nThis is just a reminder that if you intend upon designating one or more experts, now is a good time to get that process moving. \r\n\r\nThanks :)\r\n\r\n— E.', NULL, NULL, '2020-10-09 09:59:07', '2020-10-09 10:27:39'),
('c4fc9650-5e52-11ea-9c43-e3931e1deed9', 'adda7f30-5e52-11ea-bcf5-21f446801f32', '[\"TeamLead\",\"User:Jacquelyn Bosco\",\"User:Julia Melnick\"]', '[]', '[]', '{{ name}} / OVERDUE NOTICE - Pre-Lit Has Missed the Deadline to Send Out a Notice of Representation', 'Folks,\r\n\r\nYou\'re receiving this email because the deadline to send out a Notice of Representation letter in the {{ name }} case has passed.\r\n\r\nPlease follow up to ensure that the letter goes out ASAP.\r\n\r\nThank you :)\r\n\r\n—	E.', '✅', NULL, '2020-03-04 20:00:17', '2020-10-20 12:51:31'),
('c5c7aeb0-5e53-11ea-9d1e-67fab561e40c', 'b183d4f0-5e53-11ea-9e31-97928afc6543', '[\"TeamMembers\",\"User:Michael Kushner\"]', '[]', '[]', '{{ name }} / REMINDER - Send Completed Confidential Mediation Brief to Client', 'Folks,\r\n\r\nNow that {{ team_name }} has finalized the Confidential Mediation Brief in the {{ name }} case, please send it to Client *immediately* so that Team Hammer can invoice Client for the work.  \r\n\r\nThank you :)\r\n\r\n— E.', '✅', NULL, '2020-03-04 20:07:28', '2020-09-09 15:41:28'),
('c806c070-1243-11eb-9d47-af5237e50fdf', 'b549baf0-1243-11eb-a5b4-cdeb9555cae7', '[\"User:Michael Kushner\",\"Task:Assignee\"]', '[]', '[]', '{{ resource_id|client_name }} / NOTICE – Task Assigned', '{{ assigned_to_user_id|user_name }},\r\n\r\nYou\'re receiving this email because {{ created_by_user_id|user_name }} assigned a task to you in the {{ resource_id|client_name }} case.\r\n\r\nThe details of the task are as follows:\r\n\r\n>***Description***: *{{ description }}*\r\n\r\nThe task should be completed by *{{ due_date }}*, and it should take you no longer than *{{ time_estimated }}* hours to complete.\r\n\r\nIf you have any questions, inquire with {{ created_by_user_id|user_name }}.\r\n\r\nThank you :)\r\n\r\n— E', NULL, NULL, '2020-10-19 12:46:29', '2020-10-23 11:08:26'),
('cab80ed0-e7d6-11ea-a753-37f687f72694', 'b24f3560-e7d5-11ea-bc52-7d03f276bd1e', '[\"TeamLead\",\"User:Phil Garcia\",\"User:Paul Deese\",\"Team:OVERWATCH\"]', '[]', '[]', '{{ name }} – THIRD REMINDER / URGENT ACTION REQUIRED - Trial Retainer Needed ASAP', 'Folks,\r\n\r\n**This is the THIRD reminder (and now FOURTH request) regarding obtaining a trial retainer in the {{ name }} case. Because the trial date is only 30 days away, this matter is URGENT.**. \r\n\r\n*At this point, it\'s reasonable to assume that Client is unable or unwilling to tender the trial retainer to the Firm*.\r\n\r\nTeam OVERWATCH has been copied on this email. Please coordinate with OVERWATCH immediately to resolve this matter.\r\n\r\nThank you : )\r\n\r\n— E.', NULL, NULL, '2020-08-26 20:00:29', '2020-09-09 15:58:58'),
('d0b7e0b0-5e4d-11ea-828c-8dca35a2e62f', 'c469d330-5e4d-11ea-8596-4b1f08bfa73f', '[\"TeamMembers\",\"User:Jacquelyn Bosco\",\"User:Julia Melnick\",\"User:Phil Garcia\",\"User:Sarah Lee\",\"User:Michael Kushner\"]', '[]', '[]', '{{ name }} - CASE SETTLED - Move Forward to Close Out Client File', 'Folks,\r\n\r\nThe {{ name }} case appears to have been settled. \r\n\r\nAfter conferring with each other, please take care of tying up loose ends to prepare the case for closing (e.g., preparing final invoice, providing signed settlement documents, etc.).\r\n\r\nGreat job {{ team_id|team_name }}! \r\n\r\n—	E.', '✅', NULL, '2020-03-04 19:24:49', '2020-08-26 18:05:20'),
('d62f8070-1242-11eb-a8b6-a52b87f64aff', '09ccb0c0-1241-11eb-9079-039c36e7c256', '[\"User:Michael Kushner\"]', '[]', '[]', '{{ resource_id_|client_name }} / NOTICE – Task Assigned to You', '&^%,\r\n\r\nYou\'re receiving this email because {{ assigned_to_user_id|user_name }} assigned a task to you in the {{ resource_id|client_name }} case.\r\n\r\nThe details of the task are as follows:\r\n\r\n>***Task Name***:  *{{ task_name ))*\r\n\r\n>***Description***: *{{ description }}*\r\n\r\nThe task should be completed by *{{ due_date }}*, and it should take you no longer than {{ time_estimated }} hours to complete.\r\n\r\nIf you have any questions, inquire with {{ assigned_to_user }}.\r\n\r\nThank you :)\r\n\r\n— E.', NULL, NULL, '2020-10-19 12:39:43', '2020-10-19 12:40:01'),
('daca12f0-5e4f-11ea-b679-9fff7bd1da1b', 'cddf8830-5e4f-11ea-ad1b-4fa39fc79633', '[\"TeamLead\",\"User:Jacquelyn Bosco\",\"User:Michael Kushner\"]', '[]', '[]', '{{ name }} / OVERDUE NOTICE - LADD Has Not Been Completed', 'Folks,\r\n\r\nYou\'re receiving this email because the deadline to complete the LADD in the {{ name }} case has passed.  \r\n\r\nPlease follow up to make sure the LADD is completed ASAP. Alternatively, if you need more time to complete the LADD, please create a Task Log for the LADD\'s completion and log the new due date.\r\n\r\nThank you : )\r\n\r\n—	E.', '✅', NULL, '2020-03-04 19:39:25', '2020-08-26 17:42:11'),
('df7af9f0-0809-11eb-b15a-7b6a6e535172', '1bc38c20-0809-11eb-bed4-7f13753633a1', '[\"TeamLead\",\"User:Michael Kushner\",\"User:Jacquelyn Bosco\"]', '[]', '[]', '{{ name }} / ALERT - It Is 60 Days Before Trial and Intended Party Depositions Have Not Been Completed', 'Folks,\r\n\r\nTrial is scheduled to start in **60 days** in the {{ name }} case, and you haven\'t yet taken the depositions of all the parties you indicated you wanted to take.  \r\n\r\nIf you have, in fact, completed all the intended party depositions, please update the Discovery Tab to reflect that fact. Otherwise, now is the time to take those depositions.\r\n\r\nThank you : )\r\n\r\n—	E.', NULL, NULL, '2020-10-06 12:26:46', '2020-10-19 10:57:30'),
('dfb286c0-5e50-11ea-8336-c17239320475', 'ca66e480-5e50-11ea-a581-6196c047b14b', '[\"TeamMembers\",\"User:Michael Kushner\"]', '[]', '[]', '{{ resource_id|client_name }} / NOTICE - Client\'s Case Was Transferred', 'Folks,\r\n\r\n{{ resource_id|client_name }} has been transferred from {{ original[\'team_id\']|team_name }} to {{ team_id|team_name }} for the following reason:\r\n\r\n >*{{ reason_for_transfer }}*\r\n \r\nPlease proceed accordingly. \r\n\r\nThank you :)\r\n\r\n— E.', '✅ ❗ Don\'t send on PC Convert', NULL, '2020-03-04 19:46:43', '2020-08-25 19:42:30'),
('dfd26350-0a59-11eb-9d33-b55d3ec4f677', '52723370-0a59-11eb-b671-43bd332d07b8', '[\"TeamLead\",\"User:Michael Kushner\"]', '[]', '[]', '{{ name }} / ALERT – You Have Not Received All the Documents Demanded', 'Folks,\r\n\r\nIt is now **90 days before trial** in the {{ name }} case, and we haven\'t received all the documents previously demanded.\r\n\r\nIf it\'s too late to proceed with a motion to compel, then now is the time to consider requesting the documents via an alternative method (e.g., deposition document demand).\r\n\r\nThanks :)\r\n\r\n— E.', NULL, NULL, '2020-10-09 11:04:28', '2020-10-09 11:05:27'),
('e15a3970-5e53-11ea-b875-b128da9b2124', 'd56b5b70-5e53-11ea-9a65-e7fb9bfac5f2', '[\"User:Phil Garcia\",\"User:Michael Kushner\"]', '[]', '[]', '{{ name }} / NOTICE - Client Attended Mediation - Please Follow Up', 'Phil,\r\n\r\nBADGER attended and completed Mediation in the {{ name }} case.\r\n\r\nPlease connect with them and invoice accordingly.  \r\n\r\nThank you : )\r\n\r\n— E.', '✅', NULL, '2020-03-04 20:08:14', '2020-08-26 18:28:52'),
('e3422870-5e51-11ea-a3a7-595ac5b7838a', '52050eb0-5e51-11ea-b566-ed1bb8b8c062', '[\"User:Phil Garcia\",\"TeamMembers\",\"User:Jacquelyn Bosco\",\"User:Julia Melnick\",\"User:Sarah Lee\",\"User:Michael Kushner\"]', '[]', '[]', '{{ name }} / DEACTIVATION ALERT – Client was Deactivated', 'Folks,\r\n\r\nThe {{ name }} case has been **DEACTIVATED** for the following reason:\r\n\r\n>{{ reason_for_deactivate }}\r\n\r\nYou can view Client\'s CxM file by going to \"Clients\" and toggling the \"Active\" / \"Inactive\" list. \r\n\r\nThank you : )\r\n\r\n—	E.', '✅ ❗Need to attach case file (PDF)', NULL, '2020-03-04 19:53:58', '2020-10-13 10:22:34'),
('e3bb8f00-ed3a-11ea-8490-a36c2b75fc1e', '34f8ea20-ed3a-11ea-aaa5-b9f7477ef18b', '[\"TeamLead\",\"User:Jacquelyn Bosco\",\"User:Julia Melnick\",\"User:Sarah Lee\"]', '[]', '[]', '{{ name }} / OVERDUE / SECOND NOTICE - Commence the Preliminary Analysis ASAP', 'Folks,\r\n\r\nThis is the **SECOND NOTICE** regarding the missed deadline to *commence* the Preliminary Analysis in the {{ name }} case. \r\n\r\nThe completion deadline is fast approaching. Please get started ASAP so that you can meet that completion deadline. \r\n\r\nThank you : )\r\n\r\n\r\n—	E.', NULL, NULL, '2020-09-02 16:39:37', '2020-09-08 19:40:43'),
('e59634b0-f6a8-11ea-aedf-f3181f405934', '5c80c210-f6a8-11ea-9540-7753cb5c0640', '[\"User:Michael Kushner\",\"Team:MARVEL\",\"User:Intake Attorney\",\"Team:VALKYRIE\"]', '[]', '[]', '{{ name }} / OFFBOARDED PC ALERT – PC Has Been Offboarded', 'Folks,\r\n\r\n{{ name }}, a PC, has been **OFFBOARDED**. \r\n\r\nIf {{ name }} calls the Firm again, the call should be routed to Renee. Do NOT engage with this individual other than to transfer the call to Renee.\r\n\r\nThank you : )\r\n\r\n— E.', NULL, NULL, '2020-09-14 16:39:45', '2020-09-14 17:01:46'),
('e6b2d2d0-1555-11eb-91f3-cba4c162b931', '983ee910-1554-11eb-ad23-ff9a87377d68', '[\"User:Michael Kushner\"]', '[]', '[]', '{{ name }} / NOTICE – SOI Must be Filed with Secretary of State Within Next 30 Days', 'Jarvis:\r\n\r\nJust a reminder that the Statement of Information for {{ name }} must be filed within the next 30 days. \r\n\r\nThanks :)\r\n\r\n— E.', NULL, NULL, '2020-10-23 10:33:45', '2020-10-23 10:33:45'),
('f3375200-5e52-11ea-9670-89703926ceec', 'de5d6d10-5e52-11ea-8cda-af5d4bce50af', '[\"TeamLead\",\"User:Jacquelyn Bosco\",\"User:Michael Kushner\",\"User:James Decker\"]', '[]', '[]', '{{ name }} / OVERDUE NOTICE - Deadline to Commence the LADD Has Passed', 'Folks,\r\n\r\nYou\'re receiving this email because the deadline to *commence* the LADD in the {{ name }} case has passed. \r\n\r\nPlease follow up to make sure that commencement of the LADD occurs ASAP so that it can in turn be finished by the completion deadline. \r\n\r\nThank you : )\r\n\r\n—	E.', '✅', NULL, '2020-03-04 20:01:34', '2020-09-02 16:03:28'),
('f5bd3f70-5e4e-11ea-85fd-5dc00c2d69aa', 'c5977a60-5e4e-11ea-884c-43a7fbe8f61b', '[\"Team:VALKYRIE\",\"Team:OVERWATCH\",\"TeamLead\"]', '[]', '[]', '{{ resource_id|client_name }} - Fire Has Been Resolved (Log Was Updated As Well)', 'Folks,\r\n\r\nAs you know, {{ resource_id|client[\'team_id\']|team_name }} recently logged a \"fire\" in the {{ resource_id|client_name }} case. Fortunately, that fire has been resolved as follows: \r\n\r\n>**Resolution Details:** *{{ resolution }}*\r\n \r\nGood work {{ resource_id|client[\'team_id\']|team_name }}. \r\n\r\n—	E.', '✅', NULL, '2020-03-04 19:33:01', '2020-09-15 09:17:35'),
('f5c35880-5e54-11ea-9b5c-e19f30c6e061', 'd37fd640-5e54-11ea-ab77-abcd63a157b0', '[\"User:Phil Garcia\",\"TeamLead\"]', '[]', '[]', '{{ name }} / FOLLOW-UP REQUEST - The Firm Has Not Received Client\'s Trial Retainer', 'Folks,\r\n\r\nDespite previously requesting a trial retainer from {{ name }}, the Firm has yet to receive it.\r\n\r\nIt is critical that the Firm receives the trial retainer from this Client. \r\n\r\nPlease follow up with {{ name }} and secure the trial retainer ASAP, and then update the system accordingly.\r\n\r\nThank you : )\r\n\r\n— E.', NULL, NULL, '2020-03-04 20:15:58', '2020-08-18 16:03:55'),
('f9fd3650-5e53-11ea-92c7-678e0aae1373', 'eb44ca10-5e53-11ea-a91e-57a89751a0c6', '[\"User:Phil Garcia\",\"TeamLead\",\"User:Jacquelyn Bosco\",\"User:Michael Kushner\"]', '[]', '[]', '{{ name}} / NOTICE - Litigation Meeting (to determine if Pre-Lit Client will transfer to Lit) was Completed', 'Folks,\r\n\r\nTeam BADGER and a litigation team member met with {{ name }} to discuss whether Client was interested in moving forward with litigation. \r\n\r\nPlease connect with the appropriate individuals and move forward accordingly (e.g., generate and send litigation Fee Agreement and/or Conflict Waiver, close out Client\'s account, etc.).  \r\n\r\nThank you : ) \r\n\r\n—	E.', '✅', NULL, '2020-03-04 20:08:55', '2020-09-15 10:07:18');

-- --------------------------------------------------------

--
-- Table structure for table `migrations`
--

CREATE TABLE `migrations` (
  `id` int(10) UNSIGNED NOT NULL,
  `migration` varchar(255) COLLATE utf8mb4_unicode_ci NOT NULL,
  `batch` int(11) NOT NULL
) ENGINE=InnoDB DEFAULT CHARSET=utf8mb4 COLLATE=utf8mb4_unicode_ci;

--
-- Dumping data for table `migrations`
--

INSERT INTO `migrations` (`id`, `migration`, `batch`) VALUES
(1, '2014_10_12_000000_create_users_table', 1),
(2, '2014_10_12_100000_create_password_resets_table', 1),
(3, '2018_01_01_000000_create_action_events_table', 1),
(4, '2019_05_10_000000_add_fields_to_action_events_table', 1),
(5, '2019_08_19_000000_create_failed_jobs_table', 1),
(6, '2019_11_26_170154_create_jobs_table', 1),
(7, '2019_12_30_000000_alter_tables_to_support_uuids', 1),
(8, '2020_01_23_231933_create_elysium_core_tables', 1),
(9, '2020_01_27_201106_create_elysium_note_log_tables', 1),
(10, '2020_01_27_201106_create_elysium_task_log_tables', 1),
(11, '2020_02_04_173526_create_gates_table', 1),
(12, '2020_02_04_194225_create_elysium_telephone_log_tables', 1),
(13, '2020_02_05_171654_create_elysium_fire_log_tables', 1),
(14, '2020_04_20_110252_add_last_login_at_to_users_table', 2),
(15, '2020_04_20_110256_add_last_login_ip_to_users_table', 2),
(16, '2020_09_24_053801_add_fire_type_other_reason_to_elysium_fire_logs_table', 3),
(17, '2020_09_24_215837_add_email_sent_to_elysium_fire_logs_table', 4),
(18, '2020_09_25_043226_add_completion_date_to_elysium_clients_table', 5),
(19, '2020_09_25_053331_add_matter_to_elysium_clients_table', 6),
(20, '2020_09_25_065413_add_has_current_proof_of_service_and_current_proof_of_service_and_has_local_rules_and_local_rules_and_has_local_local_rules_and_local_local_rules_and_jury_trial_and_court_trial_to_elysium_clients_table', 7),
(21, '2020_10_01_002929_add_discovery_to_elysium_clients_table', 8),
(22, '2020_10_01_025614_add_trial_prep_to_elysium_clients_table', 9),
(23, '2020_10_01_043358_add_jury_trial_court_trial_to_elysium_clients_table', 10),
(24, '2020_10_01_225100_add_address_to_elysium_clients_table', 11),
(25, '2020_10_01_054724_add_post_trial_court_to_elysium_clients_table', 12),
(26, '2020_10_06_020755_add_trans_scope_of_rep_and_trans_entity_type_and_trans_soi_deadline_and_elysium_clients_table', 13),
(27, '2020_10_06_044124_add_transactional_fields_elysium_clients_table', 14),
(28, '2020_10_18_000000_add_fields_to_elysium_trial_retainers_table', 15),
(29, '2020_10_18_110547_add_field_to_telephone_log', 16);

-- --------------------------------------------------------

--
-- Table structure for table `nova_settings`
--

CREATE TABLE `nova_settings` (
  `key` varchar(255) COLLATE utf8mb4_unicode_ci NOT NULL,
  `value` varchar(8192) COLLATE utf8mb4_unicode_ci DEFAULT NULL
) ENGINE=InnoDB DEFAULT CHARSET=utf8mb4 COLLATE=utf8mb4_unicode_ci;

--
-- Dumping data for table `nova_settings`
--

INSERT INTO `nova_settings` (`key`, `value`) VALUES
('cc&rs', '0'),
('consultation_fees', '400.00'),
('show_completion_date', '1'),
('show_dd_ladd_commenced_date', '1'),
('show_dd_ladd_completed_date', '1'),
('show_dd_ladd_sent_to_client_date', '1'),
('show_docs_ccrs', '1'),
('show_litigation', '1'),
('show_offboard_button', '1'),
('show_prelitigation', '1'),
('show_transactional', '1'),
('show_transactions', '0');

-- --------------------------------------------------------

--
-- Table structure for table `password_resets`
--

CREATE TABLE `password_resets` (
  `email` varchar(255) COLLATE utf8mb4_unicode_ci NOT NULL,
  `token` varchar(255) COLLATE utf8mb4_unicode_ci NOT NULL,
  `created_at` timestamp NULL DEFAULT NULL
) ENGINE=InnoDB DEFAULT CHARSET=utf8mb4 COLLATE=utf8mb4_unicode_ci;

-- --------------------------------------------------------

--
-- Table structure for table `processes`
--

CREATE TABLE `processes` (
  `id` varchar(36) NOT NULL DEFAULT '',
  `name` varchar(191) DEFAULT NULL,
  `trigger_model` text,
  `trigger_type` varchar(191) DEFAULT NULL,
  `field_updated` varchar(191) DEFAULT NULL,
  `ignore_if_field_has_value` text,
  `scope` varchar(191) DEFAULT NULL,
  `scope_arguments` text,
  `get_records_function` varchar(191) DEFAULT NULL,
  `cron` varchar(191) DEFAULT NULL,
  `field_test` varchar(191) DEFAULT NULL,
  `internal_status` varchar(40) DEFAULT NULL,
  `is_active` tinyint(1) DEFAULT '1',
  `created_at` timestamp NULL DEFAULT NULL,
  `updated_at` timestamp NULL DEFAULT NULL
) ENGINE=InnoDB DEFAULT CHARSET=utf8mb4;

--
-- Dumping data for table `processes`
--

INSERT INTO `processes` (`id`, `name`, `trigger_model`, `trigger_type`, `field_updated`, `ignore_if_field_has_value`, `scope`, `scope_arguments`, `get_records_function`, `cron`, `field_test`, `internal_status`, `is_active`, `created_at`, `updated_at`) VALUES
('0439a360-5e55-11ea-a3c5-33e97bb89179', 'Client Credit Card Expires In One Month (All)', '[\"Bytelaunch\\\\ElysiumCore\\\\Models\\\\CreditCard\"]', 'Time-based', NULL, NULL, '[\"days\"]', '[[\"now\",30,\"expiration_date\"]]', NULL, '0 7 * * *', NULL, NULL, 1, '2020-03-04 20:16:22', '2020-11-24 11:06:51'),
('0e56a5a0-5e4f-11ea-990b-7555593a8c9f', 'Task Deadline Missed (All)', '[\"Bytelaunch\\\\TaskLog\\\\Models\\\\TaskLog\"]', 'Time-based', NULL, NULL, '[\"overdue\"]', '[[]]', 'getRecordsOverdue(TaskLog, due_date)', '0 8 * * *', NULL, '✅', 1, '2020-03-04 19:33:42', '2020-09-11 17:15:11'),
('13e5bcc0-5e53-11ea-88a3-dd36ba3420f7', 'Failure to Click “Prelim Analysis Completed” Within 15 Business Days Of Retention (Pre-Lit)', '[\"Bytelaunch\\\\ElysiumCore\\\\Models\\\\ElysiumClient\", \"Bytelaunch\\\\ElysiumCore\\\\Models\\\\ElysiumClient\\\\PotentialClient\",\"Bytelaunch\\\\ElysiumCore\\\\Models\\\\ElysiumClient\\\\PreLitigationClient\", \"Bytelaunch\\\\ElysiumCore\\\\Models\\\\ElysiumClient\\\\LitigationClient\"]', 'Time-based', NULL, NULL, '[\"businessDays\", \"notAcknowledged\"]', '[[\"date_retained\",\"=\",16],[\"prelim_analysis_completed_date\"]]', NULL, '0 8 * * *', NULL, '✅ dd_analysis_completed_date ?', 1, '2020-03-04 20:02:29', '2020-09-10 16:39:47'),
('1bc38c20-0809-11eb-bed4-7f13753633a1', 'Failure to Take All Planned Party Depositions Within 60 Days Of Trial (Lit)', '[\"Bytelaunch\\\\ElysiumCore\\\\Models\\\\ElysiumClient\",\"Bytelaunch\\\\ElysiumCore\\\\Models\\\\ElysiumClient\\\\PotentialClient\",\"Bytelaunch\\\\ElysiumCore\\\\Models\\\\ElysiumClient\\\\PreLitigationClient\",\"Bytelaunch\\\\ElysiumCore\\\\Models\\\\ElysiumClient\\\\LitigationClient\"]', 'Time-based', NULL, NULL, '[\"days\",\"testConditionNull\"]', '[[\"now\",60,\"trial_date\"],[\"discovery_deposition_all_planned_completed\",\"!=\",1]]', NULL, '0 8 * * *', NULL, NULL, 1, '2020-10-06 12:21:17', '2020-10-19 10:54:47'),
('1c73daa0-5e54-11ea-80ee-43ad5314b030', 'File Remains On The Pre-Litigation List 10 Days After Litigation Meeting (Pre-Lit)', '[\"Bytelaunch\\\\ElysiumCore\\\\Models\\\\ElysiumClient\", \"Bytelaunch\\\\ElysiumCore\\\\Models\\\\ElysiumClient\\\\PotentialClient\",\"Bytelaunch\\\\ElysiumCore\\\\Models\\\\ElysiumClient\\\\PreLitigationClient\", \"Bytelaunch\\\\ElysiumCore\\\\Models\\\\ElysiumClient\\\\LitigationClient\"]', 'Time-based', NULL, NULL, '[\"days\"]', '[[\"litigation_meeting_completed_date\", 10, \"now\"]]', '-- custom', '0 8 * * *', NULL, '✅', 1, '2020-03-04 20:09:53', '2020-09-09 16:56:22'),
('21db7680-5e4e-11ea-aa79-8f31a615dce9', 'Fire Log Was Activated (All)', '[\"Bytelaunch\\\\FireLog\\\\Models\\\\FireLog\"]', 'Record Created', NULL, NULL, NULL, NULL, NULL, NULL, NULL, '✅', 1, '2020-03-04 19:27:05', '2020-08-17 17:50:49'),
('2ae5e180-e7d8-11ea-b03f-6dc8a528b7e7', 'Trial Retainer Follow-Up - 20 Day Reminder (Lit)', NULL, 'Time-based', NULL, NULL, '[\"days\"]', '[[\"now\",80,\"trial_date\"]]', NULL, '0 7 * * *', NULL, NULL, 1, '2020-08-26 20:10:20', '2020-09-09 17:19:28'),
('2ef4fe60-f6c3-11ea-8b7c-4bb8271233a7', '1st Round of Discovery – It Has Been 35 Days Since “First Pleading Filed With Court” Button Was Pressed And No Discovery Has Been Propounded (Lit)', '[\"Bytelaunch\\\\ElysiumCore\\\\Models\\\\ElysiumClient\",\"Bytelaunch\\\\ElysiumCore\\\\Models\\\\ElysiumClient\\\\PotentialClient\",\"Bytelaunch\\\\ElysiumCore\\\\Models\\\\ElysiumClient\\\\PreLitigationClient\",\"Bytelaunch\\\\ElysiumCore\\\\Models\\\\ElysiumClient\\\\LitigationClient\"]', 'Time-based', NULL, NULL, '[\"days\",\"notAcknowledged\"]', '[[\"first_filing_pleading_date\",35,\"now\"],[\"discovery_propounded_set_1_date\"]]', NULL, '0 8 * * *', NULL, NULL, 1, '2020-09-14 12:47:55', '2020-09-14 13:31:31'),
('34f8ea20-ed3a-11ea-aaa5-b9f7477ef18b', 'Failure To Click “Prelim Analysis Commenced” Button Within 5 Business Days of Retention (Pre-Lit)', '[\"Bytelaunch\\\\ElysiumCore\\\\Models\\\\ElysiumClient\",\"Bytelaunch\\\\ElysiumCore\\\\Models\\\\ElysiumClient\\\\PotentialClient\",\"Bytelaunch\\\\ElysiumCore\\\\Models\\\\ElysiumClient\\\\PreLitigationClient\",\"Bytelaunch\\\\ElysiumCore\\\\Models\\\\ElysiumClient\\\\LitigationClient\"]', 'Time-based', NULL, NULL, '[\"businessDays\",\"notAcknowledged\"]', '[[\"date_retained\",\"=\",6],[\"prelim_analysis_commenced_date\"]]', NULL, '0 8 * * *', NULL, NULL, 1, '2020-09-02 16:34:44', '2020-09-08 19:36:46'),
('371f7450-5e53-11ea-9c27-efb34d19460c', 'Failure to Click “Prelim Analysis Completed” Within 10 Business Days Of Retention (Pre-Lit)', '[\"Bytelaunch\\\\ElysiumCore\\\\Models\\\\ElysiumClient\", \"Bytelaunch\\\\ElysiumCore\\\\Models\\\\ElysiumClient\\\\PotentialClient\",\"Bytelaunch\\\\ElysiumCore\\\\Models\\\\ElysiumClient\\\\PreLitigationClient\", \"Bytelaunch\\\\ElysiumCore\\\\Models\\\\ElysiumClient\\\\LitigationClient\"]', 'Time-based', NULL, NULL, '[\"businessDays\", \"notAcknowledged\"]', '[[\"date_retained\",\"=\",11],[\"prelim_analysis_completed_date\"]]', NULL, '0 8 * * *', NULL, '✅', 1, '2020-03-04 20:03:28', '2020-09-08 19:31:08'),
('39fb9210-5e50-11ea-afab-49d84384b161', '1st Round of Discovery Reminder – It Has Been 20 Days Since “First Pleading Filed With Court” Button Was Pressed (Lit)', '[\"Bytelaunch\\\\ElysiumCore\\\\Models\\\\ElysiumClient\", \"Bytelaunch\\\\ElysiumCore\\\\Models\\\\ElysiumClient\\\\PotentialClient\",\"Bytelaunch\\\\ElysiumCore\\\\Models\\\\ElysiumClient\\\\PreLitigationClient\", \"Bytelaunch\\\\ElysiumCore\\\\Models\\\\ElysiumClient\\\\LitigationClient\"]', 'Time-based', NULL, NULL, '[\"days\"]', '[[\"first_filing_pleading_date\", 20, \"now\"]]', '{ \"client\": { method: \"getRecordsByDate\", model: \"ElysiumClient\", params: [ { \"first_filing_pleading_date\", 20 ] } }', '0 8 * * *', NULL, '✅', 1, '2020-03-04 19:42:05', '2020-09-14 12:29:40'),
('4db6c540-5e4d-11ea-85da-33c9c3d3da34', 'Trial Retainer – Trial Is In 100 Days; Time To Requested Trial Retainer (Lit)', '[\"Bytelaunch\\\\ElysiumCore\\\\Models\\\\ElysiumClient\", \"Bytelaunch\\\\ElysiumCore\\\\Models\\\\ElysiumClient\\\\PotentialClient\",\"Bytelaunch\\\\ElysiumCore\\\\Models\\\\ElysiumClient\\\\PreLitigationClient\", \"Bytelaunch\\\\ElysiumCore\\\\Models\\\\ElysiumClient\\\\LitigationClient\"]', 'Time-based', NULL, NULL, '[\"days\"]', '[[\"now\",100,\"trial_date\"]]', '{ \n    \"key\": \"client\", \n    \"method\": \"getRecordsByDate\", \n    \"model\": \"ElysiumClient\", \n    \"params\": [  \n      \"trial_date\", -100 \n      ]\n}', '0 8 * * *', NULL, '✅', 1, '2020-03-04 19:21:09', '2020-10-07 13:37:01'),
('52050eb0-5e51-11ea-b566-ed1bb8b8c062', 'Client Was Deactivated (All)', '[\"Bytelaunch\\\\ElysiumCore\\\\Models\\\\ElysiumClient\", \"Bytelaunch\\\\ElysiumCore\\\\Models\\\\ElysiumClient\\\\PotentialClient\",\"Bytelaunch\\\\ElysiumCore\\\\Models\\\\ElysiumClient\\\\PreLitigationClient\", \"Bytelaunch\\\\ElysiumCore\\\\Models\\\\ElysiumClient\\\\LitigationClient\"]', 'Record Updated', 'deactivated_at', NULL, NULL, NULL, NULL, NULL, NULL, '✅', 1, '2020-03-04 19:49:54', '2020-08-17 16:31:42'),
('52723370-0a59-11eb-b671-43bd332d07b8', 'Did Not Receive Requested Documents Within 90 Days Of Trial (Lit)', '[\"Bytelaunch\\\\ElysiumCore\\\\Models\\\\ElysiumClient\",\"Bytelaunch\\\\ElysiumCore\\\\Models\\\\ElysiumClient\\\\PotentialClient\",\"Bytelaunch\\\\ElysiumCore\\\\Models\\\\ElysiumClient\\\\PreLitigationClient\",\"Bytelaunch\\\\ElysiumCore\\\\Models\\\\ElysiumClient\\\\LitigationClient\"]', 'Time-based', NULL, NULL, '[\"days\",\"testConditionNull\"]', '[[\"now\",90,\"trial_date\"],[\"discovery_nonparty_depositions_documents_obtained\",\"!=\",1]]', NULL, '0 8 * * *', NULL, NULL, 1, '2020-10-09 11:00:31', '2020-10-19 10:40:33'),
('548f9da0-5e53-11ea-8cba-7d719c03621a', '“Prelim Analysis Update Sent To Client” Button Clicked (Pre-Lit)', '[\"Bytelaunch\\\\ElysiumCore\\\\Models\\\\ElysiumClient\", \"Bytelaunch\\\\ElysiumCore\\\\Models\\\\ElysiumClient\\\\PotentialClient\",\"Bytelaunch\\\\ElysiumCore\\\\Models\\\\ElysiumClient\\\\PreLitigationClient\", \"Bytelaunch\\\\ElysiumCore\\\\Models\\\\ElysiumClient\\\\LitigationClient\"]', 'Record Updated', 'prelim_client_update_sent_date', '[\"Mon Jan 01 1900 00:00:00 GMT+0000\",null]', NULL, NULL, NULL, NULL, NULL, '✅', 1, '2020-03-04 20:04:18', '2020-09-15 10:00:56'),
('57d00c00-0fe4-11eb-a9a4-b337bbdf35a7', 'Reminder to Complete Exhibit List (Lit)', '[\"Bytelaunch\\\\ElysiumCore\\\\Models\\\\ElysiumClient\",\"Bytelaunch\\\\ElysiumCore\\\\Models\\\\ElysiumClient\\\\PotentialClient\",\"Bytelaunch\\\\ElysiumCore\\\\Models\\\\ElysiumClient\\\\PreLitigationClient\",\"Bytelaunch\\\\ElysiumCore\\\\Models\\\\ElysiumClient\\\\LitigationClient\"]', 'Time-based', NULL, NULL, '[\"days\"]', '[[\"now\",14,\"trial_date\"]]', NULL, '0 8 * * *', NULL, NULL, 1, '2020-10-16 12:18:16', '2020-10-16 12:18:16'),
('5c80c210-f6a8-11ea-9540-7753cb5c0640', 'Potential Client Offboarded (All)', '[\"Bytelaunch\\\\ElysiumCore\\\\Models\\\\ElysiumClient\",\"Bytelaunch\\\\ElysiumCore\\\\Models\\\\ElysiumClient\\\\PotentialClient\",\"Bytelaunch\\\\ElysiumCore\\\\Models\\\\ElysiumClient\\\\PreLitigationClient\",\"Bytelaunch\\\\ElysiumCore\\\\Models\\\\ElysiumClient\\\\LitigationClient\"]', 'Record Updated', 'offboarded_at', NULL, NULL, NULL, NULL, NULL, NULL, NULL, 1, '2020-09-14 16:35:55', '2020-09-17 10:13:36'),
('5d2801d0-5e50-11ea-a2af-894ca7f8018f', 'Client Being Transferred (All)', '[\"Bytelaunch\\\\ElysiumCore\\\\Models\\\\ElysiumClient\", \"Bytelaunch\\\\ElysiumCore\\\\Models\\\\ElysiumClient\\\\PotentialClient\",\"Bytelaunch\\\\ElysiumCore\\\\Models\\\\ElysiumClient\\\\PreLitigationClient\", \"Bytelaunch\\\\ElysiumCore\\\\Models\\\\ElysiumClient\\\\LitigationClient\"]', 'Record Updating', 'team_id', NULL, NULL, NULL, NULL, NULL, NULL, '✅', 1, '2020-03-04 19:43:04', '2020-08-26 17:55:13'),
('63451900-0a50-11eb-992d-c7ac4203be0e', 'Reminder To Decide Whether To Designate Expert—100 (Lit)', '[\"Bytelaunch\\\\ElysiumCore\\\\Models\\\\ElysiumClient\",\"Bytelaunch\\\\ElysiumCore\\\\Models\\\\ElysiumClient\\\\PotentialClient\",\"Bytelaunch\\\\ElysiumCore\\\\Models\\\\ElysiumClient\\\\PreLitigationClient\",\"Bytelaunch\\\\ElysiumCore\\\\Models\\\\ElysiumClient\\\\LitigationClient\"]', 'Time-based', NULL, NULL, '[\"days\",\"testConditionNull\"]', '[[\"now\",100,\"trial_date\"],[\"discovery_expert_designations_completed\",\"!=\",1]]', NULL, '0 8 * * *', NULL, NULL, 1, '2020-10-09 09:56:34', '2020-10-09 10:22:12'),
('66e7c270-5e54-11ea-b9f7-f78a328932ae', 'Client’s Billing Status Has Changed (All)', '[\"Bytelaunch\\\\ElysiumCore\\\\Models\\\\Hammer\\\\ClientAuthorization\"]', 'Record Updated', 'authorization', NULL, NULL, NULL, NULL, NULL, NULL, '', 1, '2020-03-04 20:11:58', '2020-09-02 17:45:16'),
('6d118960-ee1a-11ea-a030-a7e8f59e118f', 'Failure To Click “Prelim Analysis Update Sent To Client” Button Within 3 Business Days Of Clicking “Prelim Analysis Completed” Button (Pre-Lit)', '[\"Bytelaunch\\\\ElysiumCore\\\\Models\\\\ElysiumClient\",\"Bytelaunch\\\\ElysiumCore\\\\Models\\\\ElysiumClient\\\\PotentialClient\",\"Bytelaunch\\\\ElysiumCore\\\\Models\\\\ElysiumClient\\\\PreLitigationClient\",\"Bytelaunch\\\\ElysiumCore\\\\Models\\\\ElysiumClient\\\\LitigationClient\"]', 'Time-based', NULL, NULL, '[\"businessDays\",\"notAcknowledged\"]', '[[\"prelim_analysis_completed_date\",\"=\",4],[\"prelim_client_update_sent_date\"]]', NULL, '0 8 * * *', NULL, NULL, 1, '2020-09-03 19:19:45', '2020-09-08 18:46:24'),
('7dd51040-5e4f-11ea-a920-c57dc91aa519', 'Failure To Click “Client Intro Letter Sent” Button Within 2 Business Days Of Retention (All)', '[\"Bytelaunch\\\\ElysiumCore\\\\Models\\\\ElysiumClient\", \"Bytelaunch\\\\ElysiumCore\\\\Models\\\\ElysiumClient\\\\PotentialClient\",\"Bytelaunch\\\\ElysiumCore\\\\Models\\\\ElysiumClient\\\\PreLitigationClient\", \"Bytelaunch\\\\ElysiumCore\\\\Models\\\\ElysiumClient\\\\LitigationClient\"]', 'Time-based', NULL, NULL, '[\"businessDays\", \"notAcknowledged\"]', '[[\"date_retained\",\"=\",3],[\"client_intro_letter_sent_date\"]]', '{ \"client\": { method: \"getRecordsByDate\", model: \"ElysiumClient\", params: [ { \"date_retained\", 2, \"client_intro_letter_sent_date\" ] } }', '0 8 * * *', NULL, '✅', 1, '2020-03-04 19:36:49', '2020-09-02 16:18:05'),
('80be9b80-5e53-11ea-8bda-c51e1b7be460', 'Failure To Click “Draft Demand Letter Sent To Client” Button Within 14 Business Days Of Retention (Pre-Lit)', '[\"Bytelaunch\\\\ElysiumCore\\\\Models\\\\ElysiumClient\", \"Bytelaunch\\\\ElysiumCore\\\\Models\\\\ElysiumClient\\\\PotentialClient\",\"Bytelaunch\\\\ElysiumCore\\\\Models\\\\ElysiumClient\\\\PreLitigationClient\", \"Bytelaunch\\\\ElysiumCore\\\\Models\\\\ElysiumClient\\\\LitigationClient\"]', 'Time-based', NULL, NULL, '[\"businessDays\", \"notAcknowledged\"]', '[[\"date_retained\",\"=\",15],[\"adr_draft_demand_sent_to_client_date\"]]', NULL, '0 8 * * *', NULL, '✅', 1, '2020-03-04 20:05:32', '2020-09-09 19:58:32'),
('85b89260-0a54-11eb-bde7-07fdb5fe6f99', 'Reminder To Decide Whether To Demand An Expert Exchange—100 (Lit)', '[\"Bytelaunch\\\\ElysiumCore\\\\Models\\\\ElysiumClient\",\"Bytelaunch\\\\ElysiumCore\\\\Models\\\\ElysiumClient\\\\PotentialClient\",\"Bytelaunch\\\\ElysiumCore\\\\Models\\\\ElysiumClient\\\\PreLitigationClient\",\"Bytelaunch\\\\ElysiumCore\\\\Models\\\\ElysiumClient\\\\LitigationClient\"]', 'Time-based', NULL, NULL, '[\"days\",\"testConditionNull\"]', '[[\"now\",100,\"trial_date\"],[\"discovery_expert_demand_exchange\",\"!=\",1]]', NULL, '0 8 * * *', NULL, NULL, 1, '2020-10-09 10:26:10', '2020-10-09 10:26:10'),
('983ee910-1554-11eb-ad23-ff9a87377d68', 'SOI Deadline In 30 Days (Trans)', '[\"Bytelaunch\\\\ElysiumCore\\\\Models\\\\ElysiumClient\",\"Bytelaunch\\\\ElysiumCore\\\\Models\\\\ElysiumClient\\\\PotentialClient\",\"Bytelaunch\\\\ElysiumCore\\\\Models\\\\ElysiumClient\\\\PreLitigationClient\",\"Bytelaunch\\\\ElysiumCore\\\\Models\\\\ElysiumClient\\\\LitigationClient\",\"Bytelaunch\\\\ElysiumCore\\\\Models\\\\ElysiumClient\\\\TransactionalClient\"]', 'Time-based', NULL, NULL, '[\"days\"]', '[[\"now\",30,\"trans_soi_deadline\"]]', NULL, '0 8 * * *', NULL, NULL, 1, '2020-10-23 10:24:24', '2020-10-23 11:51:39'),
('98a10bb0-5e4d-11ea-b079-91ab825a2afc', '90 Days Until Trial-Time For Final Round of Discovery (Lit)', '[\"Bytelaunch\\\\ElysiumCore\\\\Models\\\\ElysiumClient\", \"Bytelaunch\\\\ElysiumCore\\\\Models\\\\ElysiumClient\\\\PotentialClient\",\"Bytelaunch\\\\ElysiumCore\\\\Models\\\\ElysiumClient\\\\PreLitigationClient\", \"Bytelaunch\\\\ElysiumCore\\\\Models\\\\ElysiumClient\\\\LitigationClient\"]', 'Time-based', NULL, NULL, '[\"days\"]', '[[\"now\", 90, \"trial_date\"]]', '', '0 8 * * *', NULL, '✅', 1, '2020-03-04 19:23:15', '2020-09-09 16:45:53'),
('9f897670-5e53-11ea-becb-cb50afa9c385', 'Badger Clicks “Final Letter(s) Sent to Client” (ADR) (Pre-Lit)', '[\"Bytelaunch\\\\ElysiumCore\\\\Models\\\\ElysiumClient\", \"Bytelaunch\\\\ElysiumCore\\\\Models\\\\ElysiumClient\\\\PotentialClient\",\"Bytelaunch\\\\ElysiumCore\\\\Models\\\\ElysiumClient\\\\PreLitigationClient\", \"Bytelaunch\\\\ElysiumCore\\\\Models\\\\ElysiumClient\\\\LitigationClient\"]', 'Record Updated', 'adr_final_letters_sent_to_client_date', '[\"Mon Jan 01 1900 00:00:00 GMT+0000\",null]', NULL, NULL, NULL, NULL, NULL, '✅', 1, '2020-03-04 20:06:24', '2020-09-15 10:10:41'),
('a82f8c40-5e4f-11ea-901d-a79fc5c63ba3', 'Failure To Click “Prelim Analysis Commenced” Button Within 3 Business Days of Retention (Pre-Lit)', '[\"Bytelaunch\\\\ElysiumCore\\\\Models\\\\ElysiumClient\", \"Bytelaunch\\\\ElysiumCore\\\\Models\\\\ElysiumClient\\\\PotentialClient\",\"Bytelaunch\\\\ElysiumCore\\\\Models\\\\ElysiumClient\\\\PreLitigationClient\", \"Bytelaunch\\\\ElysiumCore\\\\Models\\\\ElysiumClient\\\\LitigationClient\"]', 'Time-based', NULL, NULL, '[\"businessDays\", \"notAcknowledged\"]', '[[\"date_retained\",\"=\",4],[\"prelim_analysis_commenced_date\"]]', NULL, '0 8 * * *', NULL, '✅', 1, '2020-03-04 19:38:00', '2020-09-08 19:42:01'),
('adda7f30-5e52-11ea-bcf5-21f446801f32', 'Failure To Click “Notice Of Representation” Button Within 2 Business Days Of Retention (Pre-Lit)', '[\"Bytelaunch\\\\ElysiumCore\\\\Models\\\\ElysiumClient\", \"Bytelaunch\\\\ElysiumCore\\\\Models\\\\ElysiumClient\\\\PotentialClient\",\"Bytelaunch\\\\ElysiumCore\\\\Models\\\\ElysiumClient\\\\PreLitigationClient\", \"Bytelaunch\\\\ElysiumCore\\\\Models\\\\ElysiumClient\\\\LitigationClient\"]', 'Time-based', NULL, NULL, '[\"businessDays\", \"notAcknowledged\"]', '[[\"date_retained\",\"=\",3],[\"client_intro_notice_of_representation_sent_date\"]]', NULL, '0 8 * * *', NULL, '✅', 1, '2020-03-04 19:59:38', '2020-09-02 16:04:58'),
('ae1b4010-f2db-11ea-be89-ad5c7561f430', '\"LADD Sent To Client\" Button Clicked (Lit)', '[\"Bytelaunch\\\\ElysiumCore\\\\Models\\\\ElysiumClient\",\"Bytelaunch\\\\ElysiumCore\\\\Models\\\\ElysiumClient\\\\PotentialClient\",\"Bytelaunch\\\\ElysiumCore\\\\Models\\\\ElysiumClient\\\\PreLitigationClient\",\"Bytelaunch\\\\ElysiumCore\\\\Models\\\\ElysiumClient\\\\LitigationClient\"]', 'Record Updated', 'dd_ladd_sent_to_client_date', NULL, NULL, NULL, NULL, NULL, NULL, NULL, 1, '2020-09-09 20:33:12', '2020-09-09 20:36:44'),
('b183d4f0-5e53-11ea-9e31-97928afc6543', '“Confidential Mediation Brief Completed” Button Is Clicked (Pre-Lit)', '[\"Bytelaunch\\\\ElysiumCore\\\\Models\\\\ElysiumClient\", \"Bytelaunch\\\\ElysiumCore\\\\Models\\\\ElysiumClient\\\\PotentialClient\",\"Bytelaunch\\\\ElysiumCore\\\\Models\\\\ElysiumClient\\\\PreLitigationClient\", \"Bytelaunch\\\\ElysiumCore\\\\Models\\\\ElysiumClient\\\\LitigationClient\"]', 'Record Updated', 'med_confidential_brief_completed', '[\"Mon Jan 01 1900 00:00:00 GMT+0000\",null]', NULL, NULL, NULL, NULL, NULL, '✅', 1, '2020-03-04 20:06:54', '2020-09-15 10:04:34'),
('b24f3560-e7d5-11ea-bc52-7d03f276bd1e', 'Trial Retainer Follow-Up - 30 Day Reminder (Lit)', NULL, 'Time-based', NULL, NULL, '[\"days\"]', '[[\"now\",70,\"trial_date\"]]', NULL, '0 7 * * *', NULL, NULL, 1, '2020-08-26 19:52:39', '2020-09-09 17:19:09'),
('b37a4290-5e54-11ea-9222-3769fd9855ce', 'Trial Retainer Follow-Up - 14 Day Reminder (Lit)', NULL, 'Time-based', NULL, NULL, '[\"days\"]', '[[\"now\",86,\"trial_date\"]]', NULL, '0 7 * * *', NULL, NULL, 1, '2020-03-04 20:14:06', '2020-09-09 17:18:18'),
('b4450e70-5e51-11ea-999a-41eb6c80c0ff', 'Change of Lead Attorney (All)', '[\"Bytelaunch\\\\ElysiumCore\\\\Models\\\\ElysiumClient\", \"Bytelaunch\\\\ElysiumCore\\\\Models\\\\ElysiumClient\\\\PotentialClient\",\"Bytelaunch\\\\ElysiumCore\\\\Models\\\\ElysiumClient\\\\PreLitigationClient\", \"Bytelaunch\\\\ElysiumCore\\\\Models\\\\ElysiumClient\\\\LitigationClient\"]', 'Record Updated', 'lead_attorney_id', NULL, NULL, NULL, NULL, NULL, NULL, '✅', 1, '2020-03-04 19:52:39', '2020-09-02 18:27:09'),
('b46b2350-ed3d-11ea-93ca-2f751e411d3b', '“Completed Confidential Mediation Brief Sent To Client” Button Is Clicked (Pre-Lit)', '[\"Bytelaunch\\\\ElysiumCore\\\\Models\\\\ElysiumClient\",\"Bytelaunch\\\\ElysiumCore\\\\Models\\\\ElysiumClient\\\\PotentialClient\",\"Bytelaunch\\\\ElysiumCore\\\\Models\\\\ElysiumClient\\\\PreLitigationClient\",\"Bytelaunch\\\\ElysiumCore\\\\Models\\\\ElysiumClient\\\\LitigationClient\"]', 'Record Updated', 'med_confidential_brief_sent_to_client', '[\"Mon Jan 01 1900 00:00:00 GMT+0000\",null]', NULL, NULL, NULL, NULL, NULL, NULL, 1, '2020-09-02 16:59:46', '2020-09-15 10:06:14'),
('b48c5300-130e-11eb-a861-55cf3760f0b3', 'Conflict Waiver Follow Up Date Is Reached (All)', '[\"Bytelaunch\\\\ElysiumCore\\\\Models\\\\ElysiumClient\",\"Bytelaunch\\\\ElysiumCore\\\\Models\\\\ElysiumClient\\\\PotentialClient\",\"Bytelaunch\\\\ElysiumCore\\\\Models\\\\ElysiumClient\\\\PreLitigationClient\",\"Bytelaunch\\\\ElysiumCore\\\\Models\\\\ElysiumClient\\\\LitigationClient\"]', 'Time-based', NULL, NULL, '[\"today\"]', '[[\"conflict_waiver_follow_up_date\"]]', NULL, '9 9 * * *', NULL, NULL, 1, '2020-10-20 12:59:04', '2020-11-05 12:10:56'),
('b549baf0-1243-11eb-a5b4-cdeb9555cae7', 'Task Assigned (All)', '[\"Bytelaunch\\\\TaskLog\\\\Models\\\\TaskLog\"]', 'Record Created', NULL, NULL, NULL, NULL, NULL, NULL, NULL, NULL, 1, '2020-10-19 12:45:57', '2020-10-20 11:00:08'),
('c469d330-5e4d-11ea-8596-4b1f08bfa73f', '\"Settled\" Button Was Clicked (All)', '[\"Bytelaunch\\\\ElysiumCore\\\\Models\\\\ElysiumClient\", \"Bytelaunch\\\\ElysiumCore\\\\Models\\\\ElysiumClient\\\\PotentialClient\",\"Bytelaunch\\\\ElysiumCore\\\\Models\\\\ElysiumClient\\\\PreLitigationClient\", \"Bytelaunch\\\\ElysiumCore\\\\Models\\\\ElysiumClient\\\\LitigationClient\"]', 'Record Updated', 'settled_at', NULL, NULL, NULL, NULL, NULL, NULL, '✅', 1, '2020-03-04 19:24:28', '2020-08-14 11:24:10'),
('c5977a60-5e4e-11ea-884c-43a7fbe8f61b', 'Fire Was \"Resolved\" and Fire Log Was Updated (All)', '[\"Bytelaunch\\\\FireLog\\\\Models\\\\FireLog\"]', 'Record Updated', 'status', '[\"Active\"]', NULL, NULL, NULL, NULL, '', '✅', 1, '2020-03-04 19:31:40', '2020-08-14 11:15:43'),
('cddf8830-5e4f-11ea-ad1b-4fa39fc79633', 'Failure To Click “LADD Completed” Button Within 10 Business Of Retention (Lit)', '[\"Bytelaunch\\\\ElysiumCore\\\\Models\\\\ElysiumClient\", \"Bytelaunch\\\\ElysiumCore\\\\Models\\\\ElysiumClient\\\\PotentialClient\",\"Bytelaunch\\\\ElysiumCore\\\\Models\\\\ElysiumClient\\\\PreLitigationClient\", \"Bytelaunch\\\\ElysiumCore\\\\Models\\\\ElysiumClient\\\\LitigationClient\"]', 'Time-based', NULL, NULL, '[\"businessDays\", \"notAcknowledged\"]', '[[\"date_retained\",\"=\",11],[\"dd_ladd_completed_date\"]]', NULL, '0 8 * * *', NULL, '✅', 1, '2020-03-04 19:39:03', '2020-09-02 16:07:20'),
('d3d8c260-5e4c-11ea-bf73-73c95b78fd67', 'Failure To Click “Last Written Client Contact” Button Within Prior 10 Business Days (All)', '[\"Bytelaunch\\\\ElysiumCore\\\\Models\\\\ElysiumClient\", \"Bytelaunch\\\\ElysiumCore\\\\Models\\\\ElysiumClient\\\\PotentialClient\",\"Bytelaunch\\\\ElysiumCore\\\\Models\\\\ElysiumClient\\\\PreLitigationClient\", \"Bytelaunch\\\\ElysiumCore\\\\Models\\\\ElysiumClient\\\\LitigationClient\"]', 'Time-based', NULL, NULL, '[\"businessDays\"]', '[[\"client_last_contacted_date\",\">\",10]]', NULL, '0 8 * * *', NULL, '✅', 1, '2020-03-04 19:17:45', '2020-09-30 13:08:03'),
('d40ec3a0-0fe0-11eb-9f6d-cdefa81371e1', 'Reminder to Complete Page Line Depo Summaries (Lit)', '[\"Bytelaunch\\\\ElysiumCore\\\\Models\\\\ElysiumClient\",\"Bytelaunch\\\\ElysiumCore\\\\Models\\\\ElysiumClient\\\\PotentialClient\",\"Bytelaunch\\\\ElysiumCore\\\\Models\\\\ElysiumClient\\\\PreLitigationClient\",\"Bytelaunch\\\\ElysiumCore\\\\Models\\\\ElysiumClient\\\\LitigationClient\"]', 'Time-based', NULL, NULL, '[\"days\"]', '[[\"now\",30,\"trial_date\"]]', NULL, '0 8 * * *', NULL, NULL, 1, '2020-10-16 11:53:06', '2020-10-16 11:53:06'),
('d51644d0-f2d7-11ea-aa82-3d56fbf594fd', 'Failure To Click “LADD Sent To Client” Within 30 Business Days Of Retention (Lit)', '[\"Bytelaunch\\\\ElysiumCore\\\\Models\\\\ElysiumClient\",\"Bytelaunch\\\\ElysiumCore\\\\Models\\\\ElysiumClient\\\\PotentialClient\",\"Bytelaunch\\\\ElysiumCore\\\\Models\\\\ElysiumClient\\\\PreLitigationClient\",\"Bytelaunch\\\\ElysiumCore\\\\Models\\\\ElysiumClient\\\\LitigationClient\"]', 'Time-based', NULL, NULL, '[\"businessDays\",\"notAcknowledged\"]', '[[\"date_retained\",\"=\",31],[\"dd_ladd_sent_to_client_date\"]]', NULL, '0 8 * * *', NULL, NULL, 1, '2020-09-09 20:05:39', '2020-09-09 20:22:18'),
('d56b5b70-5e53-11ea-9a65-e7fb9bfac5f2', '“Mediation Attended” Button Clicked (Pre-Lit)', '[\"Bytelaunch\\\\ElysiumCore\\\\Models\\\\ElysiumClient\", \"Bytelaunch\\\\ElysiumCore\\\\Models\\\\ElysiumClient\\\\PotentialClient\",\"Bytelaunch\\\\ElysiumCore\\\\Models\\\\ElysiumClient\\\\PreLitigationClient\", \"Bytelaunch\\\\ElysiumCore\\\\Models\\\\ElysiumClient\\\\LitigationClient\"]', 'Record Updated', 'med_attended_date', '[\"Mon Jan 01 1900 00:00:00 GMT+0000\",null]', NULL, NULL, NULL, NULL, NULL, '✅', 1, '2020-03-04 20:07:54', '2020-09-15 10:04:05'),
('d8cdada0-0fe1-11eb-917a-b17032870354', 'Reminder to Complete Witness Examination Outlines (Lit)', '[\"Bytelaunch\\\\ElysiumCore\\\\Models\\\\ElysiumClient\",\"Bytelaunch\\\\ElysiumCore\\\\Models\\\\ElysiumClient\\\\PotentialClient\",\"Bytelaunch\\\\ElysiumCore\\\\Models\\\\ElysiumClient\\\\PreLitigationClient\",\"Bytelaunch\\\\ElysiumCore\\\\Models\\\\ElysiumClient\\\\LitigationClient\"]', 'Time-based', NULL, NULL, '[\"days\"]', '[[\"now\",30,\"trial_date\"]]', NULL, '0 8 * * *', NULL, NULL, 1, '2020-10-16 12:00:24', '2020-10-16 12:00:24'),
('de5d6d10-5e52-11ea-8cda-af5d4bce50af', 'Failure To Click “LADD Commenced” Button Within 3 Business Days of Retention (Lit)', '[\"Bytelaunch\\\\ElysiumCore\\\\Models\\\\ElysiumClient\", \"Bytelaunch\\\\ElysiumCore\\\\Models\\\\ElysiumClient\\\\PotentialClient\",\"Bytelaunch\\\\ElysiumCore\\\\Models\\\\ElysiumClient\\\\PreLitigationClient\", \"Bytelaunch\\\\ElysiumCore\\\\Models\\\\ElysiumClient\\\\LitigationClient\"]', 'Time-based', NULL, NULL, '[\"businessDays\", \"notAcknowledged\"]', '[[\"date_retained\",\"=\",4],[\"dd_ladd_commenced_date\"]]', NULL, '0 8 * * *', NULL, '✅', 1, '2020-03-04 20:00:59', '2020-09-02 16:02:15'),
('e9a5ad30-5e4f-11ea-ac18-dd12afd47cca', 'Failure To Click “LADD Sent To Client” Button Within 15 Business Days Of Retention (Lit)', '[\"Bytelaunch\\\\ElysiumCore\\\\Models\\\\ElysiumClient\", \"Bytelaunch\\\\ElysiumCore\\\\Models\\\\ElysiumClient\\\\PotentialClient\",\"Bytelaunch\\\\ElysiumCore\\\\Models\\\\ElysiumClient\\\\PreLitigationClient\", \"Bytelaunch\\\\ElysiumCore\\\\Models\\\\ElysiumClient\\\\LitigationClient\"]', 'Time-based', NULL, NULL, '[\"businessDays\", \"notAcknowledged\"]', '[[\"date_retained\",\"=\",16],[\"dd_ladd_sent_to_client_date\"]]', NULL, '0 8 * * *', NULL, '✅', 1, '2020-03-04 19:39:50', '2020-09-09 19:59:31'),
('eb44ca10-5e53-11ea-a91e-57a89751a0c6', '“Client Meeting Completed” Date Was Entered (Pre-Lit)', '[\"Bytelaunch\\\\ElysiumCore\\\\Models\\\\ElysiumClient\", \"Bytelaunch\\\\ElysiumCore\\\\Models\\\\ElysiumClient\\\\PotentialClient\",\"Bytelaunch\\\\ElysiumCore\\\\Models\\\\ElysiumClient\\\\PreLitigationClient\", \"Bytelaunch\\\\ElysiumCore\\\\Models\\\\ElysiumClient\\\\LitigationClient\"]', 'Record Updated', 'litigation_meeting_completed_date', '[\"Mon Jan 01 1900 00:00:00 GMT+0000\",null]', NULL, NULL, NULL, NULL, NULL, '✅', 1, '2020-03-04 20:08:31', '2020-09-15 10:06:45'),
('f1bae8e0-5e48-11ea-bc42-03ce5299cf15', 'Fee Agreement Follow Up Date Is Reached (All)', '[\"Bytelaunch\\\\ElysiumCore\\\\Models\\\\ElysiumClient\", \"Bytelaunch\\\\ElysiumCore\\\\Models\\\\ElysiumClient\\\\PotentialClient\",\"Bytelaunch\\\\ElysiumCore\\\\Models\\\\ElysiumClient\\\\PreLitigationClient\", \"Bytelaunch\\\\ElysiumCore\\\\Models\\\\ElysiumClient\\\\LitigationClient\"]', 'Time-based', NULL, NULL, '[\"today\"]', '[[\"fee_agreement_follow_up_date\"]]', NULL, '9 9  * * *', NULL, '✅', 1, '2020-03-04 18:49:57', '2020-08-21 19:01:54'),
('f45a16a0-0fe4-11eb-9a54-4155fc042710', 'Reminder to Complete Witness List (Lit)', '[\"Bytelaunch\\\\ElysiumCore\\\\Models\\\\ElysiumClient\",\"Bytelaunch\\\\ElysiumCore\\\\Models\\\\ElysiumClient\\\\PotentialClient\",\"Bytelaunch\\\\ElysiumCore\\\\Models\\\\ElysiumClient\\\\PreLitigationClient\",\"Bytelaunch\\\\ElysiumCore\\\\Models\\\\ElysiumClient\\\\LitigationClient\"]', 'Time-based', NULL, NULL, '[\"days\"]', '[[\"now\",14,\"trial_date\"]]', NULL, '0 8 * * *', NULL, NULL, 1, '2020-10-16 12:22:39', '2020-10-16 12:22:39'),
('f948e360-1234-11eb-a9ad-f1185a8c808e', 'Failure to Take All Planned Nonparty Depositions Within 60 Days Of Trial (Lit)', '[\"Bytelaunch\\\\ElysiumCore\\\\Models\\\\ElysiumClient\",\"Bytelaunch\\\\ElysiumCore\\\\Models\\\\ElysiumClient\\\\PotentialClient\",\"Bytelaunch\\\\ElysiumCore\\\\Models\\\\ElysiumClient\\\\PreLitigationClient\",\"Bytelaunch\\\\ElysiumCore\\\\Models\\\\ElysiumClient\\\\LitigationClient\"]', 'Time-based', NULL, NULL, '[\"days\",\"testConditionNull\"]', '[[\"now\",60,\"trial_date\"],[\"discovery_nonparty_depositions_completed\",\"!=\",1]]', NULL, '0 8 * * *', NULL, NULL, 1, '2020-10-19 11:00:29', '2020-10-19 11:00:45'),
('ffcadb60-f907-11ea-82a4-a958e4fa84c3', 'Reminder To Complete Checklist In \"Trial Prep\" Tab As Trial Is In 14 Days (Lit)', '[\"Bytelaunch\\\\ElysiumCore\\\\Models\\\\ElysiumClient\",\"Bytelaunch\\\\ElysiumCore\\\\Models\\\\ElysiumClient\\\\PotentialClient\",\"Bytelaunch\\\\ElysiumCore\\\\Models\\\\ElysiumClient\\\\PreLitigationClient\",\"Bytelaunch\\\\ElysiumCore\\\\Models\\\\ElysiumClient\\\\LitigationClient\"]', 'Time-based', NULL, NULL, '[\"days\"]', '[[\"now\",14,\"trial_date\"]]', NULL, '0 8 * * *', NULL, NULL, 1, '2020-09-17 10:05:33', '2020-09-17 10:11:13');

-- --------------------------------------------------------

--
-- Table structure for table `roles`
--

CREATE TABLE `roles` (
  `id` bigint(20) UNSIGNED NOT NULL,
  `slug` varchar(255) COLLATE utf8mb4_unicode_ci NOT NULL,
  `name` varchar(255) COLLATE utf8mb4_unicode_ci DEFAULT NULL,
  `priority` tinyint(4) DEFAULT NULL,
  `created_at` timestamp NULL DEFAULT NULL,
  `updated_at` timestamp NULL DEFAULT NULL
) ENGINE=InnoDB DEFAULT CHARSET=utf8mb4 COLLATE=utf8mb4_unicode_ci;

--
-- Dumping data for table `roles`
--

INSERT INTO `roles` (`id`, `slug`, `name`, `priority`, `created_at`, `updated_at`) VALUES
(1, 'super-admin', 'Super Admin', 11, '2020-02-04 18:53:55', '2020-02-04 18:54:04'),
(2, 'valkyrie', 'Valkyrie', 1, '2020-02-04 18:54:26', '2020-02-04 18:54:26'),
(3, 'lit', 'Lit', 2, '2020-02-04 18:55:33', '2020-02-04 18:55:33'),
(4, 'pre-lit', 'Pre-lit', 2, '2020-02-04 18:56:32', '2020-02-04 18:56:32'),
(5, 'reception', 'Reception', 10, '2020-03-04 19:00:27', '2020-03-04 19:00:27'),
(6, 'fee-agreement-preparation-department', 'Fee Agreement Preparation Department', 10, '2020-03-04 19:00:49', '2020-03-04 19:00:49'),
(7, 'hammer', 'HAMMER', 1, '2020-03-04 19:01:00', '2020-03-04 19:01:00'),
(8, 'jb', 'JB', 10, '2020-03-04 19:01:13', '2020-03-04 19:01:13'),
(9, 'team', 'Team', 1, '2020-03-04 19:09:30', '2020-03-04 19:09:30'),
(10, 'e', 'E', NULL, '2020-03-04 19:32:03', '2020-03-04 19:32:03');

-- --------------------------------------------------------

--
-- Table structure for table `role_permission`
--

CREATE TABLE `role_permission` (
  `role_id` bigint(20) UNSIGNED NOT NULL,
  `permission_slug` varchar(255) COLLATE utf8mb4_unicode_ci NOT NULL,
  `created_at` timestamp NULL DEFAULT NULL,
  `updated_at` timestamp NULL DEFAULT NULL
) ENGINE=InnoDB DEFAULT CHARSET=utf8mb4 COLLATE=utf8mb4_unicode_ci;

--
-- Dumping data for table `role_permission`
--

INSERT INTO `role_permission` (`role_id`, `permission_slug`, `created_at`, `updated_at`) VALUES
(1, 'create roles', '2020-02-04 18:54:04', '2020-02-04 18:54:04'),
(1, 'create users', '2020-02-04 18:54:04', '2020-02-04 18:54:04'),
(1, 'delete roles', '2020-02-04 18:54:04', '2020-02-04 18:54:04'),
(1, 'delete users', '2020-02-04 18:54:04', '2020-02-04 18:54:04'),
(1, 'edit roles', '2020-02-04 18:54:04', '2020-02-04 18:54:04'),
(1, 'edit users', '2020-02-04 18:54:04', '2020-02-04 18:54:04'),
(1, 'view converted', '2020-02-04 18:54:04', '2020-02-04 18:54:04'),
(1, 'view lit', '2020-02-04 18:54:04', '2020-02-04 18:54:04'),
(1, 'view potential clients', '2020-02-04 18:54:04', '2020-02-04 18:54:04'),
(1, 'view pre-lit', '2020-02-04 18:54:04', '2020-02-04 18:54:04'),
(1, 'view roles', '2020-02-04 18:54:04', '2020-02-04 18:54:04'),
(1, 'view teams', '2020-02-04 18:54:04', '2020-02-04 18:54:04'),
(1, 'view users', '2020-02-04 18:54:04', '2020-02-04 18:54:04'),
(2, 'view converted', '2020-02-04 18:54:26', '2020-02-04 18:54:26'),
(2, 'view potential clients', '2020-02-04 18:54:26', '2020-02-04 18:54:26'),
(2, 'view teams', '2020-02-04 18:54:26', '2020-02-04 18:54:26'),
(3, 'view lit', '2020-02-04 18:55:33', '2020-02-04 18:55:33'),
(3, 'view teams', '2020-02-04 18:55:33', '2020-02-04 18:55:33'),
(4, 'view pre-lit', '2020-02-04 18:56:32', '2020-02-04 18:56:32'),
(4, 'view teams', '2020-02-04 18:56:32', '2020-02-04 18:56:32');

-- --------------------------------------------------------

--
-- Table structure for table `role_user`
--

CREATE TABLE `role_user` (
  `role_id` bigint(20) UNSIGNED NOT NULL,
  `user_id` varchar(36) COLLATE utf8mb4_unicode_ci NOT NULL,
  `created_at` timestamp NULL DEFAULT NULL,
  `updated_at` timestamp NULL DEFAULT NULL
) ENGINE=InnoDB DEFAULT CHARSET=utf8mb4 COLLATE=utf8mb4_unicode_ci;

-- --------------------------------------------------------

--
-- Table structure for table `teams`
--

CREATE TABLE `teams` (
  `id` varchar(36) COLLATE utf8mb4_unicode_ci NOT NULL DEFAULT '',
  `team_lead_id` varchar(36) COLLATE utf8mb4_unicode_ci DEFAULT NULL,
  `name` varchar(191) COLLATE utf8mb4_unicode_ci DEFAULT NULL,
  `team_type` varchar(191) COLLATE utf8mb4_unicode_ci DEFAULT NULL,
  `profile_image` varchar(191) COLLATE utf8mb4_unicode_ci DEFAULT NULL,
  `about` longtext COLLATE utf8mb4_unicode_ci,
  `created_at` timestamp NULL DEFAULT NULL,
  `updated_at` timestamp NULL DEFAULT NULL
) ENGINE=InnoDB DEFAULT CHARSET=utf8mb4 COLLATE=utf8mb4_unicode_ci;

--
-- Dumping data for table `teams`
--

INSERT INTO `teams` (`id`, `team_lead_id`, `name`, `team_type`, `profile_image`, `about`, `created_at`, `updated_at`) VALUES
('07120d90-1c4c-11ea-b48f-fdb6471faf39', '68abcff0-413e-11ea-85fb-5781b29b9597', 'BADGER', 'Pre-Lit', '4Cwsnl6z5Eys8Cqdrf7f94RtDDkFxzMLwBfN1Ryi.png', '<div>California\'s pre-litigation team.</div>', '2019-12-11 19:25:44', '2020-07-31 12:55:26'),
('0d3be480-1c4c-11ea-aa03-a120a2cb7873', '68abdea0-413e-11ea-a5e6-3b1bbba2e0a5', 'SHIELD', 'Lit', '6ZJ7fNdY4vDSTcAmSln2XJ1b7CBFXyyIYhMDxyk8.png', '<div>California litigation team.</div>', '2019-12-11 19:25:55', '2020-08-25 15:54:52'),
('0f876620-1c4c-11ea-b5ba-ff9db169ec3b', '68abdbb0-413e-11ea-935a-596bbfe66c28', 'FURY', 'Lit', 'rW1oTsSo6nCBFk0zTGcly3XGnaIHYvWONa7IuBuU.png', '<div>California litigation team.</div>', '2019-12-11 19:25:59', '2020-08-25 20:12:49'),
('13705860-1c4c-11ea-a4b5-0fee8bf64713', '68abd990-413e-11ea-a32e-d1d5362e3b7d', 'JUGGERNAUT', 'Lit', 'gbPefRziOD9BwMtGuwBhWI5RVDkrzUB3sDe4EAiJ.png', '<div>California\'s briefs/appeals team.</div>', '2019-12-11 19:26:05', '2020-08-04 10:50:08'),
('22fa8820-d368-11ea-a881-1b09638c8955', '993e5360-d674-11ea-9f58-773694061717', 'BEAST', 'Lit', NULL, '<div>California litigation team.</div>', '2020-07-31 12:58:00', '2020-08-04 10:05:09'),
('2642b3e0-d36c-11ea-a203-b31804bf802b', '68abd990-413e-11ea-a32e-d1d5362e3b7d', 'GROOT', 'Summer Associates', NULL, '<div>California summer associates</div>', '2020-07-31 13:26:44', '2020-08-05 10:14:09'),
('4cc7fae0-1c4c-11ea-9cbe-83e10de41985', '334fe380-4773-11ea-a9c0-cbd990dba89b', 'VALKYRIE', 'Admin', '9mUxtX4sMTxpuaPHtMVIfVgmYY5Y1vYAcra9zQbv.png', NULL, '2019-12-11 19:27:41', '2020-07-31 13:00:03'),
('5091b4e0-1c4c-11ea-8926-6524c4eb162b', 'd6554b80-4773-11ea-a967-b9f1d6db6373', 'HAMMER', 'Billing', 'JnFKdusrZhW5FYbcvLjbXMBXc9fLCJ3QClRDRxQ0.png', NULL, '2019-12-11 19:27:48', '2020-07-31 11:29:38'),
('63ef6800-d367-11ea-b04d-c9bc509709c8', NULL, 'WAR MACHINE', 'Pre-Lit', NULL, '<div>Florida\'s pre-litigation Team.</div>', '2020-07-31 12:52:39', '2020-07-31 12:55:42'),
('67d48f00-8402-11ea-8ecf-9768206307a8', NULL, 'OVERWATCH', 'Mgmt', NULL, NULL, '2020-04-21 12:00:45', '2020-08-05 10:10:58'),
('8b9424b0-d368-11ea-b0e0-81b1ee649cd0', '6fa365d0-4773-11ea-b816-19e0bd60baac', 'MARVEL', 'Admin', NULL, '<div>California\'s client services team.</div>', '2020-07-31 13:00:56', '2020-07-31 13:00:56'),
('94aea750-d36c-11ea-b19f-511b0a3b5b77', '68abdea0-413e-11ea-a5e6-3b1bbba2e0a5', 'GUARDIANS', NULL, NULL, '<div>California ethics team.</div>', '2020-07-31 13:29:49', '2020-07-31 13:29:49'),
('a5e8b1b0-d36b-11ea-83dd-37fdd3b8cdb2', '68abd990-413e-11ea-a32e-d1d5362e3b7d', 'JARVIS', 'Transactional', NULL, NULL, '2020-07-31 13:23:08', '2020-09-23 09:59:08');

-- --------------------------------------------------------

--
-- Table structure for table `team_user`
--

CREATE TABLE `team_user` (
  `user_id` varchar(36) NOT NULL DEFAULT '',
  `team_id` varchar(36) NOT NULL
) ENGINE=InnoDB DEFAULT CHARSET=utf8;

--
-- Dumping data for table `team_user`
--

INSERT INTO `team_user` (`user_id`, `team_id`) VALUES
('0ca74190-3e38-11ea-90c8-9973184d37ee', '67d48f00-8402-11ea-8ecf-9768206307a8'),
('29e46c80-4773-11ea-b687-d17e986af82e', '4cc7fae0-1c4c-11ea-9cbe-83e10de41985'),
('334fe380-4773-11ea-a9c0-cbd990dba89b', '4cc7fae0-1c4c-11ea-9cbe-83e10de41985'),
('528800e0-4773-11ea-b7fd-a77a2851ea95', '4cc7fae0-1c4c-11ea-9cbe-83e10de41985'),
('5c5cf540-4773-11ea-a96c-273adfc0fccf', '4cc7fae0-1c4c-11ea-9cbe-83e10de41985'),
('64383d00-d1c8-11ea-9d42-256e08398f17', '67d48f00-8402-11ea-8ecf-9768206307a8'),
('68713cf0-dcd3-11ea-a2ab-5beeca16dc2a', '4cc7fae0-1c4c-11ea-9cbe-83e10de41985'),
('68abcff0-413e-11ea-85fb-5781b29b9597', '07120d90-1c4c-11ea-b48f-fdb6471faf39'),
('68abd5a0-413e-11ea-9326-7b3c689c909b', '07120d90-1c4c-11ea-b48f-fdb6471faf39'),
('68abd630-413e-11ea-a004-530999362658', '07120d90-1c4c-11ea-b48f-fdb6471faf39'),
('68abd6a0-413e-11ea-bc4e-818c36d37590', '07120d90-1c4c-11ea-b48f-fdb6471faf39'),
('68abd780-413e-11ea-9c59-a1d0df74dec6', '07120d90-1c4c-11ea-b48f-fdb6471faf39'),
('68abd7f0-413e-11ea-bbe3-692f45a27448', '07120d90-1c4c-11ea-b48f-fdb6471faf39'),
('68abd890-413e-11ea-90a8-c9f766a6f5b9', '07120d90-1c4c-11ea-b48f-fdb6471faf39'),
('68abd990-413e-11ea-a32e-d1d5362e3b7d', '13705860-1c4c-11ea-a4b5-0fee8bf64713'),
('68abd990-413e-11ea-a32e-d1d5362e3b7d', 'a5e8b1b0-d36b-11ea-83dd-37fdd3b8cdb2'),
('68abda60-413e-11ea-8fcb-d940f1b7ffa6', '13705860-1c4c-11ea-a4b5-0fee8bf64713'),
('68abdbb0-413e-11ea-935a-596bbfe66c28', '0f876620-1c4c-11ea-b5ba-ff9db169ec3b'),
('68abdd00-413e-11ea-9bf1-a95997ed4e53', '0f876620-1c4c-11ea-b5ba-ff9db169ec3b'),
('68abdd60-413e-11ea-8495-73db033b73bc', '0f876620-1c4c-11ea-b5ba-ff9db169ec3b'),
('68abdea0-413e-11ea-a5e6-3b1bbba2e0a5', '0d3be480-1c4c-11ea-aa03-a120a2cb7873'),
('68abdea0-413e-11ea-a5e6-3b1bbba2e0a5', '4cc7fae0-1c4c-11ea-9cbe-83e10de41985'),
('68abdf10-413e-11ea-bf89-819337ccb3c6', '0d3be480-1c4c-11ea-aa03-a120a2cb7873'),
('68abdf10-413e-11ea-bf89-819337ccb3c6', 'a5e8b1b0-d36b-11ea-83dd-37fdd3b8cdb2'),
('68abdf80-413e-11ea-875b-89055d3f4719', '0d3be480-1c4c-11ea-aa03-a120a2cb7873'),
('68abdff0-413e-11ea-b7f9-13134fe8934e', '0d3be480-1c4c-11ea-aa03-a120a2cb7873'),
('68abe0d0-413e-11ea-aeea-41c8ad41d36f', '0d3be480-1c4c-11ea-aa03-a120a2cb7873'),
('68abe140-413e-11ea-959c-930fffc08958', '0d3be480-1c4c-11ea-aa03-a120a2cb7873'),
('68abe140-413e-11ea-959c-930fffc08958', '22fa8820-d368-11ea-a881-1b09638c8955'),
('6fa365d0-4773-11ea-b816-19e0bd60baac', '4cc7fae0-1c4c-11ea-9cbe-83e10de41985'),
('6fa365d0-4773-11ea-b816-19e0bd60baac', '8b9424b0-d368-11ea-b0e0-81b1ee649cd0'),
('756a9cf0-d1c8-11ea-8bcd-5978552eafd2', '67d48f00-8402-11ea-8ecf-9768206307a8'),
('7c9c0d40-4773-11ea-b4a5-49bd337f3ba0', '4cc7fae0-1c4c-11ea-9cbe-83e10de41985'),
('840ff1b0-e0a9-11ea-9414-21eb8a0a2088', '4cc7fae0-1c4c-11ea-9cbe-83e10de41985'),
('8776e990-4773-11ea-a8bd-639c8b5a7131', '4cc7fae0-1c4c-11ea-9cbe-83e10de41985'),
('9030b520-4773-11ea-916d-cd7d5ef8c0c8', '4cc7fae0-1c4c-11ea-9cbe-83e10de41985'),
('96ac5a00-dcb4-11ea-98e8-a587ffeb9d80', '67d48f00-8402-11ea-8ecf-9768206307a8'),
('993e5360-d674-11ea-9f58-773694061717', '22fa8820-d368-11ea-a881-1b09638c8955'),
('cb4bf220-4773-11ea-9dd2-5d153c4a60e7', '5091b4e0-1c4c-11ea-8926-6524c4eb162b'),
('d6554b80-4773-11ea-a967-b9f1d6db6373', '5091b4e0-1c4c-11ea-8926-6524c4eb162b');

-- --------------------------------------------------------

--
-- Table structure for table `transfers`
--

CREATE TABLE `transfers` (
  `id` int(11) UNSIGNED NOT NULL,
  `client_name` varchar(191) DEFAULT NULL,
  `user_id` varchar(36) DEFAULT NULL,
  `original_team_id` varchar(36) DEFAULT NULL,
  `team_id` varchar(36) DEFAULT NULL,
  `reason` mediumtext,
  `created_at` timestamp NULL DEFAULT NULL,
  `updated_at` timestamp NULL DEFAULT NULL
) ENGINE=InnoDB DEFAULT CHARSET=utf8;

--
-- Dumping data for table `transfers`
--

INSERT INTO `transfers` (`id`, `client_name`, `user_id`, `original_team_id`, `team_id`, `reason`, `created_at`, `updated_at`) VALUES
(3, 'Diana Prince', '756a9cf0-d1c8-11ea-8bcd-5978552eafd2', '07120d90-1c4c-11ea-b48f-fdb6471faf39', '22fa8820-d368-11ea-a881-1b09638c8955', 'Client wants to proceed with litigation', '2020-08-19 17:04:15', '2020-08-19 17:04:15'),
(4, 'Peter Parkinson', '756a9cf0-d1c8-11ea-8bcd-5978552eafd2', '0d3be480-1c4c-11ea-aa03-a120a2cb7873', '0f876620-1c4c-11ea-b5ba-ff9db169ec3b', 'Case proceeded from pre-litigation to litigation', '2020-08-19 20:17:44', '2020-08-19 20:17:44'),
(5, 'Diana Prince', '756a9cf0-d1c8-11ea-8bcd-5978552eafd2', '22fa8820-d368-11ea-a881-1b09638c8955', '22fa8820-d368-11ea-a881-1b09638c8955', 'Moving to Litigation', '2020-08-24 19:16:50', '2020-08-24 19:16:50'),
(6, 'Hal Jordan', '756a9cf0-d1c8-11ea-8bcd-5978552eafd2', '07120d90-1c4c-11ea-b48f-fdb6471faf39', '22fa8820-d368-11ea-a881-1b09638c8955', 'Moving forward with litigation.', '2020-08-25 19:40:34', '2020-08-25 19:40:34'),
(7, 'Diana Prince', '756a9cf0-d1c8-11ea-8bcd-5978552eafd2', '22fa8820-d368-11ea-a881-1b09638c8955', '0d3be480-1c4c-11ea-aa03-a120a2cb7873', 'Moving forward with litigation.', '2020-08-25 19:43:30', '2020-08-25 19:43:30'),
(8, 'Diana Prince', '756a9cf0-d1c8-11ea-8bcd-5978552eafd2', '0d3be480-1c4c-11ea-aa03-a120a2cb7873', '22fa8820-d368-11ea-a881-1b09638c8955', 'Doesn\'t like He Who Must Not Be Named.', '2020-08-25 19:49:20', '2020-08-25 19:49:20'),
(9, 'Peter Parkinson', '756a9cf0-d1c8-11ea-8bcd-5978552eafd2', '0f876620-1c4c-11ea-b5ba-ff9db169ec3b', '22fa8820-d368-11ea-a881-1b09638c8955', 'He Hates ML', '2020-08-25 19:57:39', '2020-08-25 19:57:39'),
(10, 'Peter Parkinson', '756a9cf0-d1c8-11ea-8bcd-5978552eafd2', '22fa8820-d368-11ea-a881-1b09638c8955', '0f876620-1c4c-11ea-b5ba-ff9db169ec3b', 'Just because.', '2020-08-25 20:06:02', '2020-08-25 20:06:02'),
(11, 'Peter Parkinson', '756a9cf0-d1c8-11ea-8bcd-5978552eafd2', '0f876620-1c4c-11ea-b5ba-ff9db169ec3b', '0d3be480-1c4c-11ea-aa03-a120a2cb7873', 'No reason. Change of pace.', '2020-08-25 20:15:44', '2020-08-25 20:15:44'),
(12, 'Samuel Zyzyx', '756a9cf0-d1c8-11ea-8bcd-5978552eafd2', '22fa8820-d368-11ea-a881-1b09638c8955', '0f876620-1c4c-11ea-b5ba-ff9db169ec3b', 'Wants a change.', '2020-08-26 17:46:12', '2020-08-26 17:46:12'),
(13, 'Peter Parkinson', '756a9cf0-d1c8-11ea-8bcd-5978552eafd2', '0d3be480-1c4c-11ea-aa03-a120a2cb7873', '22fa8820-d368-11ea-a881-1b09638c8955', 'No reason.', '2020-09-02 18:29:56', '2020-09-02 18:29:56'),
(14, 'Jean Luc Picard', '68abcff0-413e-11ea-85fb-5781b29b9597', '07120d90-1c4c-11ea-b48f-fdb6471faf39', '0d3be480-1c4c-11ea-aa03-a120a2cb7873', 'Will proceed with litigation.', '2020-10-07 08:32:16', '2020-10-07 08:32:16'),
(15, 'Jean Luc Picard', '68abcff0-413e-11ea-85fb-5781b29b9597', '0d3be480-1c4c-11ea-aa03-a120a2cb7873', '0d3be480-1c4c-11ea-aa03-a120a2cb7873', 'Will proceed with litigation.', '2020-10-07 08:34:14', '2020-10-07 08:34:14'),
(16, 'Jean Luc Picard', '68abcff0-413e-11ea-85fb-5781b29b9597', '0d3be480-1c4c-11ea-aa03-a120a2cb7873', '0d3be480-1c4c-11ea-aa03-a120a2cb7873', 'Will proceed with litigation.', '2020-10-07 08:34:44', '2020-10-07 08:34:44'),
(17, 'Jean Luc Picard', '756a9cf0-d1c8-11ea-8bcd-5978552eafd2', '0d3be480-1c4c-11ea-aa03-a120a2cb7873', '07120d90-1c4c-11ea-b48f-fdb6471faf39', 'Testing purposes.', '2020-10-07 08:48:29', '2020-10-07 08:48:29'),
(18, 'Jean Luc Picard', '756a9cf0-d1c8-11ea-8bcd-5978552eafd2', '07120d90-1c4c-11ea-b48f-fdb6471faf39', '0d3be480-1c4c-11ea-aa03-a120a2cb7873', 'Because Client wants to sue.', '2020-10-07 09:34:51', '2020-10-07 09:34:51'),
(19, 'Jean Luc Picard', '756a9cf0-d1c8-11ea-8bcd-5978552eafd2', '0d3be480-1c4c-11ea-aa03-a120a2cb7873', '07120d90-1c4c-11ea-b48f-fdb6471faf39', 'Whatever', '2020-10-07 09:35:10', '2020-10-07 09:35:10'),
(20, 'Jean Luc Picard', '68abcff0-413e-11ea-85fb-5781b29b9597', '07120d90-1c4c-11ea-b48f-fdb6471faf39', '0d3be480-1c4c-11ea-aa03-a120a2cb7873', 'Because', '2020-10-07 09:35:39', '2020-10-07 09:35:39'),
(21, 'John Denver', '68abcff0-413e-11ea-85fb-5781b29b9597', '07120d90-1c4c-11ea-b48f-fdb6471faf39', '0d3be480-1c4c-11ea-aa03-a120a2cb7873', 'Wants to proceed with litigation.', '2020-10-07 12:54:13', '2020-10-07 12:54:13'),
(22, 'John Denver', '756a9cf0-d1c8-11ea-8bcd-5978552eafd2', '0d3be480-1c4c-11ea-aa03-a120a2cb7873', '07120d90-1c4c-11ea-b48f-fdb6471faf39', 'blah', '2020-10-07 12:55:47', '2020-10-07 12:55:47');

-- --------------------------------------------------------

--
-- Table structure for table `users`
--

CREATE TABLE `users` (
  `id` varchar(36) COLLATE utf8mb4_unicode_ci NOT NULL,
  `name` varchar(255) COLLATE utf8mb4_unicode_ci NOT NULL,
  `email` varchar(255) COLLATE utf8mb4_unicode_ci NOT NULL,
  `email_verified_at` timestamp NULL DEFAULT NULL,
  `password` varchar(255) COLLATE utf8mb4_unicode_ci NOT NULL,
  `remember_token` varchar(100) COLLATE utf8mb4_unicode_ci DEFAULT NULL,
  `last_login_at` timestamp NULL DEFAULT NULL,
  `last_login_ip` varchar(255) COLLATE utf8mb4_unicode_ci DEFAULT NULL,
  `created_at` timestamp NULL DEFAULT NULL,
  `updated_at` timestamp NULL DEFAULT NULL,
  `deleted_at` timestamp NULL DEFAULT NULL,
  `team_id` varchar(36) COLLATE utf8mb4_unicode_ci DEFAULT NULL,
  `nickname` varchar(191) COLLATE utf8mb4_unicode_ci DEFAULT NULL,
  `hobbies` varchar(191) COLLATE utf8mb4_unicode_ci DEFAULT NULL,
  `work_anniversary` date DEFAULT NULL,
  `school` varchar(191) COLLATE utf8mb4_unicode_ci DEFAULT NULL,
  `city` varchar(191) COLLATE utf8mb4_unicode_ci DEFAULT NULL,
  `mobile` varchar(191) COLLATE utf8mb4_unicode_ci DEFAULT NULL,
  `about` longtext COLLATE utf8mb4_unicode_ci,
  `avatar` varchar(191) COLLATE utf8mb4_unicode_ci DEFAULT NULL
) ENGINE=InnoDB DEFAULT CHARSET=utf8mb4 COLLATE=utf8mb4_unicode_ci;

--
-- Dumping data for table `users`
--

INSERT INTO `users` (`id`, `name`, `email`, `email_verified_at`, `password`, `remember_token`, `last_login_at`, `last_login_ip`, `created_at`, `updated_at`, `deleted_at`, `team_id`, `nickname`, `hobbies`, `work_anniversary`, `school`, `city`, `mobile`, `about`, `avatar`) VALUES
('0ca74190-3e38-11ea-90c8-9973184d37ee', 'Developer Account', 'developer@bytelaunch.com', NULL, '$2y$10$30hNn4GZEYdqVTw9B6LwQO.miO.8Ng8ZxNUJ.6M4HxFudPnxIi.u2', NULL, '2022-04-07 12:55:32', '98.184.211.41', '2020-01-23 23:28:23', '2022-04-07 12:55:32', NULL, '67d48f00-8402-11ea-8ecf-9768206307a8', NULL, NULL, NULL, NULL, NULL, NULL, NULL, NULL),
('29e46c80-4773-11ea-b687-d17e986af82e', 'Diane Acuna', 'mcraig+DA@bytelaunch.com', NULL, '$2y$10$bwV8dKRhSHXLekzd.WOl4.DHPwlVyEnQKkU0RdtgnvW05ekeQSV6C', NULL, NULL, NULL, '2020-02-04 17:24:13', '2020-02-04 17:24:13', NULL, '4cc7fae0-1c4c-11ea-9cbe-83e10de41985', NULL, NULL, NULL, NULL, NULL, NULL, NULL, NULL),
('334fe380-4773-11ea-a9c0-cbd990dba89b', 'Jacquelyn Bosco', 'mbkelysiumtesterjb@mailinator.com', NULL, '$2y$10$bwV8dKRhSHXLekzd.WOl4.DHPwlVyEnQKkU0RdtgnvW05ekeQSV6C', NULL, '2020-06-11 00:00:00', NULL, '2020-02-04 17:24:29', '2020-08-19 19:47:41', NULL, '4cc7fae0-1c4c-11ea-9cbe-83e10de41985', NULL, NULL, NULL, NULL, NULL, NULL, NULL, NULL),
('528800e0-4773-11ea-b7fd-a77a2851ea95', 'Julia Melnick', 'mbkelysiumtesterjm@mailinator.com', NULL, '$2y$10$bwV8dKRhSHXLekzd.WOl4.DHPwlVyEnQKkU0RdtgnvW05ekeQSV6C', NULL, NULL, NULL, '2020-02-04 17:25:21', '2020-08-19 17:39:12', NULL, '4cc7fae0-1c4c-11ea-9cbe-83e10de41985', NULL, NULL, NULL, NULL, NULL, NULL, NULL, NULL),
('5c5cf540-4773-11ea-a96c-273adfc0fccf', 'Karla Salazar', 'mcraig+KS@bytelaunch.com', NULL, '$2y$10$bwV8dKRhSHXLekzd.WOl4.DHPwlVyEnQKkU0RdtgnvW05ekeQSV6C', NULL, NULL, NULL, '2020-02-04 17:25:38', '2020-02-04 17:25:38', NULL, '4cc7fae0-1c4c-11ea-9cbe-83e10de41985', NULL, NULL, NULL, NULL, NULL, NULL, NULL, NULL),
('64383d00-d1c8-11ea-9d42-256e08398f17', 'Luke Carlson', 'mbkelysiumtesterlc@xxx.com', NULL, '$2y$10$pINqqHMM4e2iHD.sYKdd4.WJNeySBx2kgcFAv48xoR5otUUfigF9G', NULL, '2020-07-30 09:01:08', '70.184.67.142', '2020-07-29 11:21:59', '2022-04-07 12:58:09', NULL, '67d48f00-8402-11ea-8ecf-9768206307a8', NULL, NULL, NULL, NULL, NULL, NULL, NULL, NULL),
('68713cf0-dcd3-11ea-a2ab-5beeca16dc2a', 'Intake Attorney', 'mcraig+IA@bytelaunch.com', NULL, '$2y$10$Mt51ovpUK71pO6gN2MRgUeN7LnUhJPzIPuI8YDo4N0brbS90Jc0FK', NULL, NULL, NULL, '2020-08-12 12:38:33', '2020-08-12 12:38:33', NULL, '4cc7fae0-1c4c-11ea-9cbe-83e10de41985', NULL, NULL, NULL, NULL, NULL, NULL, NULL, NULL),
('68abcff0-413e-11ea-85fb-5781b29b9597', 'Dominic Carucci', 'mbkelysiumtesterdc@mailinator.com', NULL, '$2y$10$bwV8dKRhSHXLekzd.WOl4.DHPwlVyEnQKkU0RdtgnvW05ekeQSV6C', NULL, NULL, NULL, NULL, '2020-08-12 12:17:00', NULL, '07120d90-1c4c-11ea-b48f-fdb6471faf39', NULL, NULL, NULL, NULL, NULL, NULL, NULL, NULL),
('68abd5a0-413e-11ea-9326-7b3c689c909b', 'Divya Bhavsar', 'mcraig+DB@bytelaunch.com', NULL, '$2y$10$bwV8dKRhSHXLekzd.WOl4.DHPwlVyEnQKkU0RdtgnvW05ekeQSV6C', NULL, '2020-03-24 00:00:00', NULL, NULL, NULL, NULL, '07120d90-1c4c-11ea-b48f-fdb6471faf39', NULL, NULL, NULL, NULL, NULL, NULL, NULL, NULL),
('68abd630-413e-11ea-a004-530999362658', 'Sara Etemadi', 'mbkelysiumtesterse@mailinator.com', NULL, '$2y$10$bwV8dKRhSHXLekzd.WOl4.DHPwlVyEnQKkU0RdtgnvW05ekeQSV6C', NULL, NULL, NULL, NULL, '2020-09-02 17:36:24', NULL, '07120d90-1c4c-11ea-b48f-fdb6471faf39', NULL, NULL, NULL, NULL, NULL, NULL, NULL, NULL),
('68abd6a0-413e-11ea-bc4e-818c36d37590', 'Chris Xouleis', 'mcraig+CX@bytelaunch.com', NULL, '$2y$10$bwV8dKRhSHXLekzd.WOl4.DHPwlVyEnQKkU0RdtgnvW05ekeQSV6C', NULL, NULL, NULL, NULL, NULL, NULL, '07120d90-1c4c-11ea-b48f-fdb6471faf39', NULL, NULL, NULL, NULL, NULL, NULL, NULL, NULL),
('68abd780-413e-11ea-9c59-a1d0df74dec6', 'Jim Calkins', 'mcraig+JC@bytelaunch.com', NULL, '$2y$10$bwV8dKRhSHXLekzd.WOl4.DHPwlVyEnQKkU0RdtgnvW05ekeQSV6C', NULL, NULL, NULL, NULL, NULL, NULL, '07120d90-1c4c-11ea-b48f-fdb6471faf39', NULL, NULL, NULL, NULL, NULL, NULL, NULL, NULL),
('68abd7f0-413e-11ea-bbe3-692f45a27448', 'Adam Brutocao', 'mcraig+AB@bytelaunch.com', NULL, '$2y$10$bwV8dKRhSHXLekzd.WOl4.DHPwlVyEnQKkU0RdtgnvW05ekeQSV6C', NULL, NULL, NULL, NULL, NULL, NULL, '07120d90-1c4c-11ea-b48f-fdb6471faf39', NULL, NULL, NULL, NULL, NULL, NULL, NULL, NULL),
('68abd890-413e-11ea-90a8-c9f766a6f5b9', 'Ramy Galal', 'mcraig+RG@bytelaunch.com', NULL, '$2y$10$bwV8dKRhSHXLekzd.WOl4.DHPwlVyEnQKkU0RdtgnvW05ekeQSV6C', NULL, '2020-06-23 00:00:00', NULL, NULL, NULL, NULL, '07120d90-1c4c-11ea-b48f-fdb6471faf39', NULL, NULL, NULL, NULL, NULL, NULL, NULL, NULL),
('68abd990-413e-11ea-a32e-d1d5362e3b7d', 'James Decker', 'mbkelysiumtesterjd@mailinator.com', NULL, '$2y$10$bwV8dKRhSHXLekzd.WOl4.DHPwlVyEnQKkU0RdtgnvW05ekeQSV6C', NULL, NULL, NULL, NULL, '2020-10-28 12:58:13', NULL, '13705860-1c4c-11ea-a4b5-0fee8bf64713', NULL, NULL, NULL, NULL, NULL, NULL, NULL, NULL),
('68abda60-413e-11ea-8fcb-d940f1b7ffa6', 'Ryan Davies', 'mcraig+RD@bytelaunch.com', NULL, '$2y$10$bwV8dKRhSHXLekzd.WOl4.DHPwlVyEnQKkU0RdtgnvW05ekeQSV6C', NULL, NULL, NULL, NULL, NULL, NULL, '13705860-1c4c-11ea-a4b5-0fee8bf64713', NULL, NULL, NULL, NULL, NULL, NULL, NULL, NULL),
('68abdbb0-413e-11ea-935a-596bbfe66c28', 'William (Brook) Bergeron', 'mbkelysiumtesterwb@mailinator.com', NULL, '$2y$10$bwV8dKRhSHXLekzd.WOl4.DHPwlVyEnQKkU0RdtgnvW05ekeQSV6C', NULL, NULL, NULL, NULL, '2020-08-25 20:13:18', NULL, '0f876620-1c4c-11ea-b5ba-ff9db169ec3b', NULL, NULL, NULL, NULL, NULL, NULL, NULL, NULL),
('68abdd00-413e-11ea-9bf1-a95997ed4e53', 'Phong Tram', 'mbkelysiumtesterpt@mailinator.com', NULL, '$2y$10$bwV8dKRhSHXLekzd.WOl4.DHPwlVyEnQKkU0RdtgnvW05ekeQSV6C', NULL, NULL, NULL, NULL, '2020-08-25 15:51:35', NULL, '0f876620-1c4c-11ea-b5ba-ff9db169ec3b', NULL, NULL, NULL, NULL, NULL, NULL, NULL, NULL),
('68abdd60-413e-11ea-8495-73db033b73bc', 'Alexandria Zuccolotto', 'mcraig+AM@bytelaunch.com', NULL, '$2y$10$bwV8dKRhSHXLekzd.WOl4.DHPwlVyEnQKkU0RdtgnvW05ekeQSV6C', NULL, NULL, NULL, NULL, NULL, NULL, '0f876620-1c4c-11ea-b5ba-ff9db169ec3b', NULL, NULL, NULL, NULL, NULL, NULL, NULL, NULL),
('68abdea0-413e-11ea-a5e6-3b1bbba2e0a5', 'Paul Deese', 'mbkelysiumtesterpd@mailinator.com', NULL, '$2y$10$bwV8dKRhSHXLekzd.WOl4.DHPwlVyEnQKkU0RdtgnvW05ekeQSV6C', NULL, NULL, NULL, NULL, '2020-08-12 12:15:31', NULL, '0d3be480-1c4c-11ea-aa03-a120a2cb7873', NULL, NULL, NULL, NULL, NULL, NULL, NULL, NULL),
('68abdf10-413e-11ea-bf89-819337ccb3c6', 'Griffin Schindler', 'mbkelysiumtestergs@mailinator.com', NULL, '$2y$10$bwV8dKRhSHXLekzd.WOl4.DHPwlVyEnQKkU0RdtgnvW05ekeQSV6C', NULL, NULL, NULL, NULL, '2020-08-13 09:01:27', NULL, '0d3be480-1c4c-11ea-aa03-a120a2cb7873', NULL, NULL, NULL, NULL, NULL, NULL, NULL, NULL),
('68abdf80-413e-11ea-875b-89055d3f4719', 'Justin Walley', 'mcraig+JW@bytelaunch.com', NULL, '$2y$10$bwV8dKRhSHXLekzd.WOl4.DHPwlVyEnQKkU0RdtgnvW05ekeQSV6C', NULL, NULL, NULL, NULL, NULL, NULL, '0d3be480-1c4c-11ea-aa03-a120a2cb7873', NULL, NULL, NULL, NULL, NULL, NULL, NULL, NULL),
('68abdff0-413e-11ea-b7f9-13134fe8934e', 'Kyle Kasparek', 'mbkelysiumtesterkk@mailinator.com', NULL, '$2y$10$bwV8dKRhSHXLekzd.WOl4.DHPwlVyEnQKkU0RdtgnvW05ekeQSV6C', NULL, NULL, NULL, NULL, '2020-08-13 09:46:00', NULL, '0d3be480-1c4c-11ea-aa03-a120a2cb7873', NULL, NULL, NULL, NULL, NULL, NULL, NULL, NULL),
('68abe0d0-413e-11ea-aeea-41c8ad41d36f', 'Shelby Daws', 'mcraig+SD@bytelaunch.com', NULL, '$2y$10$bwV8dKRhSHXLekzd.WOl4.DHPwlVyEnQKkU0RdtgnvW05ekeQSV6C', NULL, NULL, NULL, NULL, NULL, NULL, '0d3be480-1c4c-11ea-aa03-a120a2cb7873', NULL, NULL, NULL, NULL, NULL, NULL, NULL, NULL),
('68abe140-413e-11ea-959c-930fffc08958', 'Jessica Cha', 'mbkelysiumtesterjc@mailinator.com', NULL, '$2y$10$bwV8dKRhSHXLekzd.WOl4.DHPwlVyEnQKkU0RdtgnvW05ekeQSV6C', NULL, NULL, NULL, NULL, '2020-08-25 15:52:55', NULL, '0d3be480-1c4c-11ea-aa03-a120a2cb7873', NULL, NULL, NULL, NULL, NULL, NULL, NULL, NULL),
('6fa365d0-4773-11ea-b816-19e0bd60baac', 'Renee Lawsin', 'mbkelysiumtesterrl@mailinator.com', NULL, '$2y$10$bwV8dKRhSHXLekzd.WOl4.DHPwlVyEnQKkU0RdtgnvW05ekeQSV6C', NULL, NULL, NULL, '2020-02-04 17:26:10', '2020-08-12 12:18:29', NULL, '4cc7fae0-1c4c-11ea-9cbe-83e10de41985', NULL, NULL, NULL, NULL, NULL, NULL, NULL, NULL),
('756a9cf0-d1c8-11ea-8bcd-5978552eafd2', 'Michael Kushner', 'mkushner@xxx.com', NULL, '$2y$10$zsQxb/CWcAR/Nqi1r/AxPOblB82zTw/FWrNM1i62Y1G9Mq6ChcZYS', '3mmypNvvyLL0MuGUN9koT1Ywr1eG82ydMPT0HUj8JePOyphnZAEh53fZeLUu', '2020-12-17 11:52:16', '104.62.95.73', '2020-07-29 11:22:28', '2022-04-07 12:56:43', NULL, '67d48f00-8402-11ea-8ecf-9768206307a8', NULL, NULL, NULL, NULL, NULL, NULL, NULL, NULL),
('7c9c0d40-4773-11ea-b4a5-49bd337f3ba0', 'Taunya Henley', 'mcraig+TH@bytelaunch.com', NULL, '$2y$10$bwV8dKRhSHXLekzd.WOl4.DHPwlVyEnQKkU0RdtgnvW05ekeQSV6C', NULL, NULL, NULL, '2020-02-04 17:26:32', '2020-02-04 17:26:32', NULL, '4cc7fae0-1c4c-11ea-9cbe-83e10de41985', NULL, NULL, NULL, NULL, NULL, NULL, NULL, NULL),
('840ff1b0-e0a9-11ea-9414-21eb8a0a2088', 'Kelci Shokoufi', 'mbkelysiumtesterks@mailinator.com', NULL, '$2y$10$2IDKcRJRMhAaaL.fTqLUsu5F.OD/d4AO4248ChRdMD0x7hhghukkS', NULL, NULL, NULL, '2020-08-17 16:48:45', '2020-08-19 17:40:10', NULL, NULL, NULL, NULL, NULL, NULL, NULL, NULL, NULL, NULL),
('8776e990-4773-11ea-a8bd-639c8b5a7131', 'Vickie Dressler', 'mcraig+VD@bytelaunch.com', NULL, '$2y$10$bwV8dKRhSHXLekzd.WOl4.DHPwlVyEnQKkU0RdtgnvW05ekeQSV6C', NULL, NULL, NULL, '2020-02-04 17:26:50', '2020-02-04 17:26:50', NULL, '4cc7fae0-1c4c-11ea-9cbe-83e10de41985', NULL, NULL, NULL, NULL, NULL, NULL, NULL, NULL),
('9030b520-4773-11ea-916d-cd7d5ef8c0c8', 'Sarah Rogers', 'mcraig+SR@bytelaunch.com', NULL, '$2y$10$bwV8dKRhSHXLekzd.WOl4.DHPwlVyEnQKkU0RdtgnvW05ekeQSV6C', NULL, NULL, NULL, '2020-02-04 17:27:05', '2020-02-04 17:27:05', NULL, '4cc7fae0-1c4c-11ea-9cbe-83e10de41985', NULL, NULL, NULL, NULL, NULL, NULL, NULL, NULL),
('96ac5a00-dcb4-11ea-98e8-a587ffeb9d80', 'Sarah Lee', 'mcraig+SL@bytelaunch.com', NULL, '$2y$10$JyKF3btyUaZhrYWvMtUPtO.tHcRCnPt2I1FcMlcsi7/kjPQttoC4G', NULL, NULL, NULL, '2020-08-12 08:57:56', '2020-08-12 08:57:56', NULL, '67d48f00-8402-11ea-8ecf-9768206307a8', NULL, NULL, NULL, NULL, NULL, NULL, NULL, NULL),
('993e5360-d674-11ea-9f58-773694061717', 'Kirk Pearson', 'mbkelysiumtesterkp@mailinator.com', NULL, '$2y$10$qtjyj59a3bjD7xrovg/N5O/xcJz.6WGtHlof2Y3KgDx.6cJopPnFO', NULL, NULL, NULL, '2020-08-04 10:04:46', '2020-08-25 15:49:42', NULL, '22fa8820-d368-11ea-a881-1b09638c8955', NULL, NULL, NULL, NULL, NULL, NULL, NULL, NULL),
('cb4bf220-4773-11ea-9dd2-5d153c4a60e7', 'Makayla Thomas', 'mcraig+MT@bytelaunch.com', NULL, '$2y$10$bwV8dKRhSHXLekzd.WOl4.DHPwlVyEnQKkU0RdtgnvW05ekeQSV6C', NULL, NULL, NULL, '2020-02-04 17:28:44', '2020-02-04 17:28:44', NULL, '5091b4e0-1c4c-11ea-8926-6524c4eb162b', NULL, NULL, NULL, NULL, NULL, NULL, NULL, NULL),
('d6554b80-4773-11ea-a967-b9f1d6db6373', 'Phil Garcia', 'mbkelysiumtesterpg@mailinator.com', NULL, '$2y$10$bwV8dKRhSHXLekzd.WOl4.DHPwlVyEnQKkU0RdtgnvW05ekeQSV6C', NULL, NULL, NULL, '2020-02-04 17:29:03', '2020-08-12 12:17:21', NULL, '5091b4e0-1c4c-11ea-8926-6524c4eb162b', NULL, NULL, NULL, NULL, NULL, NULL, NULL, 'yuIfI8qP6RuiySnQi8pQ7gIiUN5ZhgK2n4n7yXyz.jpeg');

--
-- Indexes for dumped tables
--

--
-- Indexes for table `action_events`
--
ALTER TABLE `action_events`
  ADD PRIMARY KEY (`id`),
  ADD KEY `action_events_actionable_type_actionable_id_index` (`actionable_type`,`actionable_id`),
  ADD KEY `action_events_batch_id_model_type_model_id_index` (`batch_id`,`model_type`,`model_id`),
  ADD KEY `action_events_user_id_index` (`user_id`);

--
-- Indexes for table `calls`
--
ALTER TABLE `calls`
  ADD PRIMARY KEY (`id`),
  ADD KEY `sid` (`sid`);

--
-- Indexes for table `elysium_attorney_billing`
--
ALTER TABLE `elysium_attorney_billing`
  ADD PRIMARY KEY (`id`),
  ADD KEY `user_id` (`user_id`,`year`,`month`);

--
-- Indexes for table `elysium_clients`
--
ALTER TABLE `elysium_clients`
  ADD PRIMARY KEY (`id`);

--
-- Indexes for table `elysium_court_orders`
--
ALTER TABLE `elysium_court_orders`
  ADD PRIMARY KEY (`id`);

--
-- Indexes for table `elysium_court_transcripts`
--
ALTER TABLE `elysium_court_transcripts`
  ADD PRIMARY KEY (`id`);

--
-- Indexes for table `elysium_credit_cards`
--
ALTER TABLE `elysium_credit_cards`
  ADD PRIMARY KEY (`id`);

--
-- Indexes for table `elysium_deposition_transcripts`
--
ALTER TABLE `elysium_deposition_transcripts`
  ADD PRIMARY KEY (`id`);

--
-- Indexes for table `elysium_fire_logs`
--
ALTER TABLE `elysium_fire_logs`
  ADD PRIMARY KEY (`id`);

--
-- Indexes for table `elysium_fire_log_reads`
--
ALTER TABLE `elysium_fire_log_reads`
  ADD PRIMARY KEY (`id`);

--
-- Indexes for table `elysium_invoices`
--
ALTER TABLE `elysium_invoices`
  ADD PRIMARY KEY (`id`);

--
-- Indexes for table `elysium_invoice_daily_report`
--
ALTER TABLE `elysium_invoice_daily_report`
  ADD PRIMARY KEY (`id`);

--
-- Indexes for table `elysium_note_logs`
--
ALTER TABLE `elysium_note_logs`
  ADD PRIMARY KEY (`id`);

--
-- Indexes for table `elysium_note_log_reads`
--
ALTER TABLE `elysium_note_log_reads`
  ADD PRIMARY KEY (`id`);

--
-- Indexes for table `elysium_reports_one_hour`
--
ALTER TABLE `elysium_reports_one_hour`
  ADD PRIMARY KEY (`id`),
  ADD UNIQUE KEY `date` (`date`);

--
-- Indexes for table `elysium_reports_retention`
--
ALTER TABLE `elysium_reports_retention`
  ADD PRIMARY KEY (`id`),
  ADD UNIQUE KEY `date` (`date`);

--
-- Indexes for table `elysium_task_logs`
--
ALTER TABLE `elysium_task_logs`
  ADD PRIMARY KEY (`id`);

--
-- Indexes for table `elysium_task_log_reads`
--
ALTER TABLE `elysium_task_log_reads`
  ADD PRIMARY KEY (`id`);

--
-- Indexes for table `elysium_telephone_logs`
--
ALTER TABLE `elysium_telephone_logs`
  ADD PRIMARY KEY (`id`);

--
-- Indexes for table `elysium_telephone_log_reads`
--
ALTER TABLE `elysium_telephone_log_reads`
  ADD PRIMARY KEY (`id`);

--
-- Indexes for table `elysium_trial_retainers`
--
ALTER TABLE `elysium_trial_retainers`
  ADD PRIMARY KEY (`id`);

--
-- Indexes for table `failed_jobs`
--
ALTER TABLE `failed_jobs`
  ADD PRIMARY KEY (`id`);

--
-- Indexes for table `jobs`
--
ALTER TABLE `jobs`
  ADD PRIMARY KEY (`id`),
  ADD KEY `jobs_queue_index` (`queue`);

--
-- Indexes for table `mail_templates`
--
ALTER TABLE `mail_templates`
  ADD PRIMARY KEY (`id`);

--
-- Indexes for table `migrations`
--
ALTER TABLE `migrations`
  ADD PRIMARY KEY (`id`);

--
-- Indexes for table `nova_settings`
--
ALTER TABLE `nova_settings`
  ADD PRIMARY KEY (`key`);

--
-- Indexes for table `password_resets`
--
ALTER TABLE `password_resets`
  ADD KEY `password_resets_email_index` (`email`);

--
-- Indexes for table `processes`
--
ALTER TABLE `processes`
  ADD PRIMARY KEY (`id`);

--
-- Indexes for table `roles`
--
ALTER TABLE `roles`
  ADD PRIMARY KEY (`id`);

--
-- Indexes for table `role_permission`
--
ALTER TABLE `role_permission`
  ADD PRIMARY KEY (`role_id`,`permission_slug`);

--
-- Indexes for table `role_user`
--
ALTER TABLE `role_user`
  ADD PRIMARY KEY (`role_id`,`user_id`),
  ADD KEY `role_user_user_id_foreign` (`user_id`);

--
-- Indexes for table `teams`
--
ALTER TABLE `teams`
  ADD PRIMARY KEY (`id`);

--
-- Indexes for table `team_user`
--
ALTER TABLE `team_user`
  ADD PRIMARY KEY (`user_id`,`team_id`);

--
-- Indexes for table `transfers`
--
ALTER TABLE `transfers`
  ADD PRIMARY KEY (`id`);

--
-- Indexes for table `users`
--
ALTER TABLE `users`
  ADD PRIMARY KEY (`id`),
  ADD UNIQUE KEY `users_email_unique` (`email`);

--
-- AUTO_INCREMENT for dumped tables
--

--
-- AUTO_INCREMENT for table `action_events`
--
ALTER TABLE `action_events`
  MODIFY `id` bigint(20) UNSIGNED NOT NULL AUTO_INCREMENT, AUTO_INCREMENT=2086;

--
-- AUTO_INCREMENT for table `elysium_invoice_daily_report`
--
ALTER TABLE `elysium_invoice_daily_report`
  MODIFY `id` int(11) UNSIGNED NOT NULL AUTO_INCREMENT;

--
-- AUTO_INCREMENT for table `failed_jobs`
--
ALTER TABLE `failed_jobs`
  MODIFY `id` bigint(20) UNSIGNED NOT NULL AUTO_INCREMENT;

--
-- AUTO_INCREMENT for table `jobs`
--
ALTER TABLE `jobs`
  MODIFY `id` bigint(20) UNSIGNED NOT NULL AUTO_INCREMENT;

--
-- AUTO_INCREMENT for table `migrations`
--
ALTER TABLE `migrations`
  MODIFY `id` int(10) UNSIGNED NOT NULL AUTO_INCREMENT, AUTO_INCREMENT=30;

--
-- AUTO_INCREMENT for table `roles`
--
ALTER TABLE `roles`
  MODIFY `id` bigint(20) UNSIGNED NOT NULL AUTO_INCREMENT, AUTO_INCREMENT=11;

--
-- AUTO_INCREMENT for table `transfers`
--
ALTER TABLE `transfers`
  MODIFY `id` int(11) UNSIGNED NOT NULL AUTO_INCREMENT, AUTO_INCREMENT=23;

--
-- Constraints for dumped tables
--

--
-- Constraints for table `role_permission`
--
ALTER TABLE `role_permission`
  ADD CONSTRAINT `role_permission_role_id_foreign` FOREIGN KEY (`role_id`) REFERENCES `roles` (`id`) ON DELETE CASCADE;

--
-- Constraints for table `role_user`
--
ALTER TABLE `role_user`
  ADD CONSTRAINT `role_user_role_id_foreign` FOREIGN KEY (`role_id`) REFERENCES `roles` (`id`) ON DELETE CASCADE,
  ADD CONSTRAINT `role_user_user_id_foreign` FOREIGN KEY (`user_id`) REFERENCES `users` (`id`) ON DELETE CASCADE;
COMMIT;

